{"id":13161,"date":"2024-02-27T16:39:11","date_gmt":"2024-02-27T15:39:11","guid":{"rendered":"https:\/\/fatbike-de.com\/?post_type=product&#038;p=13161"},"modified":"2024-02-27T16:39:25","modified_gmt":"2024-02-27T15:39:25","slug":"gravel-bike-bh-gravelx-alu-2-0-shimano-grun-2022","status":"publish","type":"product","link":"https:\/\/fatbike-de.com\/index.php\/product\/gravel-bike-bh-gravelx-alu-2-0-shimano-grun-2022\/","title":{"rendered":"GRAVEL BIKE BH GRAVELX ALU 2.0 SHIMANO GR\u00dcN 2022"},"content":{"rendered":"<div id=\"product-header-order-name\" class=\"col-lg-20 col-md-20 col-sm-20 col-xs-20\">\n<h2 class=\"heading-title-text\">GRAVEL BIKE BH GRAVELX ALU 2.0 SHIMANO GRX 11V 700 MM GR\u00dcN 2022<\/h2>\n<\/p><\/div>\n<div id=\"product-header-order-form\" class=\"js-reload-on-event col-lg-20 col-md-20 col-sm-20 col-xs-20\" data-to-watch=\"body\" data-event=\"alltricks:cartChanged\" data-url=\"\/ajax\/product\/ajouter\/F-41505-velos-route-_-cyclocross-_-triathlon\/P-2256371-gravel_bike_bh_gravelx_alu_2_0_shimano_grx_11v_700_mm_grun_2022\">\n<div class=\"col col-sm-12 col-md-12 col-lg-12\">\n<p>Das\u00a0<strong>GravelX Alu 2.0\u00a0<\/strong>ist das ideale\u00a0<strong>Gravelrad\u00a0<\/strong>, wenn Sie ein leichtes Rad mit einer komfortablen Geometrie suchen, mit dem Sie lange Strecken auf unterschiedlichem Terrain zur\u00fccklegen k\u00f6nnen. Geeignet f\u00fcr verschiedene Bodenarten: Kies, Asphalt, Erde, Trails und breite Pisten. Erm\u00f6glicht die Montage von Gittertr\u00e4gern, an denen Gep\u00e4cktr\u00e4ger montiert werden k\u00f6nnen.<\/p>\n<p>Der Rahmen erm\u00f6glicht einen Raddurchlass f\u00fcr 42 mm Reifen, die ideale Gr\u00f6\u00dfe f\u00fcr mehr Steifigkeit und Sicherheit, wobei die Position der Bremse optimiert wird. Mit den 12-mm-Durchsteckachsen, die die Steifigkeit und Sicherheit des\u00a0<strong>Ganzen<\/strong>\u00a0verst\u00e4rken, sind die Scheibenbremsen, die das\u00a0<strong>GravelX<\/strong>\u00a0montiert, die perfekte Begleitung f\u00fcr die beiden R\u00e4der.<\/p>\n<\/p><\/div>\n<div class=\"prodsheet_bullets col col-sm-8 col-md-8 col-lg-8\">\n<h4>DIE + PRODUKTE:<\/h4>\n<ul>\n<li>Gravel X-Rahmen aus Aluminium.<\/li>\n<li>Shimano 1&#215;11-Gang Schaltung.<\/li>\n<li>Hydraulische Scheibenbremsen von Shimano.<\/li>\n<\/ul><\/div>\n<div class=\"prodsheet_specs1 col col-sm-12 col-md-12 col-lg-12\">\n<h4>DETAILS:<\/h4>\n<table class=\"table table-striped\">\n<tbody>\n<tr>\n<td>Rahmen<\/td>\n<td>Aluminium: Gravel X Alloy 7005 Hydroforming<\/td>\n<\/tr>\n<tr>\n<td>Gabel<\/td>\n<td>Carbon: Gravel X Carbon 1.5<\/td>\n<\/tr>\n<tr>\n<td>Schalthebel<\/td>\n<td>Shimano 105 Hydra 1&#215;11 G\u00e4nge<\/td>\n<\/tr>\n<tr>\n<td>Umwerfer Hinten<\/td>\n<td>Shimano GRX 810 11-Gang<\/td>\n<\/tr>\n<tr>\n<td>Kassette<\/td>\n<td>Shimano SLX 11\/42 Z\u00e4hne<\/td>\n<\/tr>\n<tr>\n<td>Kette<\/td>\n<td>FSA TH-CN1102<\/td>\n<\/tr>\n<tr>\n<td>Tretlager<\/td>\n<td>FSA Vero Pro Mono 40 Z\u00e4hne<\/td>\n<\/tr>\n<tr>\n<td>Bremsen<\/td>\n<td>Shimano Disc Hydra<\/td>\n<\/tr>\n<tr>\n<td>Laufr\u00e4der<\/td>\n<td>Shimano RS171 Disc<\/td>\n<\/tr>\n<tr>\n<td>Reifen<\/td>\n<td>Hutchinson Overide 700&#215;38<\/td>\n<\/tr>\n<tr>\n<td>Lenker<\/td>\n<td>BH Lite Gravel<\/td>\n<\/tr>\n<tr>\n<td>Vorbau<\/td>\n<td>BH SL<\/td>\n<\/tr>\n<tr>\n<td>Steuersatz<\/td>\n<td>BH SL Integrated Sealed Bearing<\/td>\n<\/tr>\n<tr>\n<td>Sattelklemme<\/td>\n<td>BH Gravel X<\/td>\n<\/tr>\n<tr>\n<td>Sattel<\/td>\n<td>San Marco Monza Start<\/td>\n<\/tr>\n<tr>\n<td>Sattelst\u00fctze<\/td>\n<td>BH Lite 27,2<\/td>\n<\/tr>\n<tr>\n<td>Gewicht<\/td>\n<td>8.7 kg<\/td>\n<\/tr>\n<tr>\n<td>Farben<\/td>\n<td>Gr\u00fcn<\/td>\n<\/tr>\n<\/tbody>\n<\/table><\/div>\n<div class=\"prodsheet_specs2 col col-sm-8 col-md-8 col-lg-8\">\n<h4>GEOMETRIEN:<\/h4>\n<p><img decoding=\"async\" src=\"http:\/\/media1.alltricks.fr\/ckfinder\/images\/cube_route_geo_en.jpg\" \/><\/p>\n<table class=\"table table-striped\">\n<tbody>\n<tr>\n<td>Rahmengr\u00f6\u00dfe<\/td>\n<td>S<\/td>\n<td>M<\/td>\n<td>L<\/td>\n<td>XL<\/td>\n<\/tr>\n<tr>\n<td>Sattelrohr (mm)<\/td>\n<td>460<\/td>\n<td>490<\/td>\n<td>520<\/td>\n<td>550<\/td>\n<\/tr>\n<tr>\n<td>Oberrohr (mm)<\/td>\n<td>529<\/td>\n<td>550<\/td>\n<td>571<\/td>\n<td>592<\/td>\n<\/tr>\n<tr>\n<td>L\u00e4nge Basis (mm)<\/td>\n<td>425<\/td>\n<td>425<\/td>\n<td>425<\/td>\n<td>425<\/td>\n<\/tr>\n<tr>\n<td>Lenkh\u00fclse (mm)<\/td>\n<td>100<\/td>\n<td>125<\/td>\n<td>150<\/td>\n<td>180<\/td>\n<\/tr>\n<tr>\n<td>Lenkwinkel (\u00b0)<\/td>\n<td>69.5<\/td>\n<td>71.1<\/td>\n<td>72.5<\/td>\n<td>72.5<\/td>\n<\/tr>\n<tr>\n<td>Winkel Sattelrohr (\u00b0)<\/td>\n<td>72.5<\/td>\n<td>72.5<\/td>\n<td>72.5<\/td>\n<td>72.5<\/td>\n<\/tr>\n<tr>\n<td>Stack (mm)<\/td>\n<td>517.5<\/td>\n<td>546.7<\/td>\n<td>575.7<\/td>\n<td>604.1<\/td>\n<\/tr>\n<tr>\n<td>Reach (mm)<\/td>\n<td>366<\/td>\n<td>377.9<\/td>\n<td>390<\/td>\n<td>402.1<\/td>\n<\/tr>\n<\/tbody>\n<\/table>\n<h4>WELCHE GR\u00d6SSE BRAUCHEN SIE?<\/h4>\n<p>Die Wahl der richtigen Fahrradgr\u00f6\u00dfe h\u00e4ngt von der Art des Fahrrads, Ihrer K\u00f6rpergr\u00f6\u00dfe, Ihrem Fahrstil und Ihren Vorlieben ab. Ein richtig passendes Fahrrad ist komfortabler, effizienter und macht mehr Spa\u00df zu fahren<\/p>\n<p>Messen Sie sich genau<\/p>\n<p>Messen Sie zun\u00e4chst Ihre K\u00f6rpergr\u00f6\u00dfe und verwenden Sie die Gr\u00f6\u00dfentabelle, die in jeder Produktbeschreibung verf\u00fcgbar ist.<\/p>\n<p>Was tun, wenn Sie zwischen zwei Fahrradgr\u00f6\u00dfen liegen?<\/p>\n<p>Wenn Sie an der Grenze zwischen zwei verschiedenen Fahrradgr\u00f6\u00dfen stehen, machen Sie sich keine Sorgen, Sie werden wahrscheinlich mit beiden Gr\u00f6\u00dfen in Ordnung sein (anstatt zu denken, dass eine Gr\u00f6\u00dfe schrecklich sein wird und die andere passen wird). Tats\u00e4chlich sind Fahrr\u00e4der verstellbar: Die Sattelst\u00fctze kann nach oben und unten gleiten, der Sattel kann sich vor und zur\u00fcck bewegen und Sie k\u00f6nnen sogar Teile wie den Vorbau gegen andere Gr\u00f6\u00dfen austauschen, damit das Fahrrad besser passt.<\/p>\n<p>Herauszufinden, ob Sie einen gr\u00f6\u00dferen oder kleineren Rahmen w\u00e4hlen sollten oder nicht, ist manchmal so einfach wie Ihre pers\u00f6nlichen Vorlieben, aber es gibt ein paar einfache M\u00f6glichkeiten, um herauszufinden, welcher am besten geeignet ist:<br \/> Wenn Sie flexibel sind, bevorzugen Sie m\u00f6glicherweise ein k\u00fcrzeres Steuerrohr, sodass die kleinere Gr\u00f6\u00dfe m\u00f6glicherweise besser f\u00fcr Sie geeignet ist. Sie k\u00f6nnen einen l\u00e4ngeren Vorbau verwenden, um die Reichweite angenehmer zu gestalten.<br \/> Bei einem gr\u00f6\u00dferen Fahrrad ist die Reichweite zum Lenker l\u00e4nger. Das bedeutet, dass Sie sich mit einem gr\u00f6\u00dferen Rahmen wohler f\u00fchlen, wenn Sie proportional l\u00e4ngere Arme haben.<\/p>\n<\/p><\/div>\n<\/p><\/div>\n","protected":false},"excerpt":{"rendered":"<p>GRAVEL BIKE BH GRAVELX ALU 2.0 SHIMANO GRX 11V 700 MM GR\u00dcN 2022 Das\u00a0GravelX Alu 2.0\u00a0ist das ideale\u00a0Gravelrad\u00a0, wenn Sie ein leichtes Rad mit einer komfortablen Geometrie suchen, mit dem Sie lange Strecken auf unterschiedlichem Terrain zur\u00fccklegen k\u00f6nnen. Geeignet f\u00fcr verschiedene Bodenarten: Kies, Asphalt, Erde, Trails und breite Pisten. Erm\u00f6glicht die Montage von Gittertr\u00e4gern, an denen Gep\u00e4cktr\u00e4ger montiert werden k\u00f6nnen.\u2026<\/p>\n","protected":false},"featured_media":13184,"comment_status":"closed","ping_status":"closed","template":"","meta":[],"product_brand":[],"product_cat":[130],"product_tag":[],"class_list":{"0":"post-13161","1":"product","2":"type-product","3":"status-publish","4":"has-post-thumbnail","6":"product_cat-rennrad","8":"first","9":"instock","10":"sale","11":"shipping-taxable","12":"purchasable","13":"product-type-variable"},"_links":{"self":[{"href":"https:\/\/fatbike-de.com\/index.php\/wp-json\/wp\/v2\/product\/13161","targetHints":{"allow":["GET"]}}],"collection":[{"href":"https:\/\/fatbike-de.com\/index.php\/wp-json\/wp\/v2\/product"}],"about":[{"href":"https:\/\/fatbike-de.com\/index.php\/wp-json\/wp\/v2\/types\/product"}],"replies":[{"embeddable":true,"href":"https:\/\/fatbike-de.com\/index.php\/wp-json\/wp\/v2\/comments?post=13161"}],"wp:featuredmedia":[{"embeddable":true,"href":"https:\/\/fatbike-de.com\/index.php\/wp-json\/wp\/v2\/media\/13184"}],"wp:attachment":[{"href":"https:\/\/fatbike-de.com\/index.php\/wp-json\/wp\/v2\/media?parent=13161"}],"wp:term":[{"taxonomy":"product_brand","embeddable":true,"href":"https:\/\/fatbike-de.com\/index.php\/wp-json\/wp\/v2\/product_brand?post=13161"},{"taxonomy":"product_cat","embeddable":true,"href":"https:\/\/fatbike-de.com\/index.php\/wp-json\/wp\/v2\/product_cat?post=13161"},{"taxonomy":"product_tag","embeddable":true,"href":"https:\/\/fatbike-de.com\/index.php\/wp-json\/wp\/v2\/product_tag?post=13161"}],"curies":[{"name":"wp","href":"https:\/\/api.w.org\/{rel}","templated":true}]}}