{"id":13356,"date":"2024-02-27T16:40:35","date_gmt":"2024-02-27T15:40:35","guid":{"rendered":"https:\/\/fatbike-de.com\/?post_type=product&#038;p=13356"},"modified":"2024-02-27T16:41:21","modified_gmt":"2024-02-27T15:41:21","slug":"wilier-triestina-jena-gravelbike-sram-rival-xplr-etap-glossy-2022","status":"publish","type":"product","link":"https:\/\/fatbike-de.com\/index.php\/product\/wilier-triestina-jena-gravelbike-sram-rival-xplr-etap-glossy-2022\/","title":{"rendered":"WILIER TRIESTINA JENA GRAVELBIKE SRAM RIVAL XPLR ETAP GLOSSY 2022"},"content":{"rendered":"<div id=\"product-header-order-name\" class=\"col-lg-20 col-md-20 col-sm-20 col-xs-20\">\n<h2 class=\"heading-title-text\">WILIER TRIESTINA JENA GRAVELBIKE SRAM RIVAL XPLR ETAP AXS 12S 700 MM PATTERNED BRONZE GLOSSY 2022<\/h2>\n<div class=\"col col-sm-12 col-md-12 col-lg-12\">\n<p>Das\u00a0<strong>Wilier Triestina Jena<\/strong>\u00a0ist ein Carbon-Schotterrad, das Ihnen mehr Wahlfreiheit beim Radfahren bietet. Jena wurde entwickelt, um alle Ihre Anforderungen zu erf\u00fcllen, egal ob es sich um Leistung auf unbefestigten Stra\u00dfen und Singletrails oder um Abenteuer, Erkundung und Bikepacking handelt. Jena ist ein leichtes, reaktives und einfach zu handhabendes Fahrrad mit rennkomfortablen Geometrien, das sich an die vielf\u00e4ltigen Einsatzm\u00f6glichkeiten anpassen kann, die ein Schotterrad erfordert.<\/p>\n<p>Der 60TON Monocoque-Carbonrahmen von Jena ist in 5 Gr\u00f6\u00dfen (von XS bis XL) mit Geometrien erh\u00e4ltlich, die ein hohes Ma\u00df an Komfort erm\u00f6glichen, ohne auf Reaktivit\u00e4t und Leistung zu verzichten, was dem der Rennr\u00e4der von Wilier sehr nahe kommt. Das Steuerrohr mit offenerem Winkel sorgt f\u00fcr Fahrqualit\u00e4t und Stabilit\u00e4t auch auf den schwierigsten Strecken. Andererseits wurde der Hinterbau so konstruiert, dass er deutlicher auf vertikale Belastungen reagiert und so einen gro\u00dfen Teil der durch Bodenunebenheiten erzeugten Vibrationen absorbiert.<\/p>\n<p>Der Jena-Usability und den verf\u00fcgbaren Konfigurationen sind keine Grenzen gesetzt. Die Spannweite zwischen Rahmen\/Gabel und Laufr\u00e4dern erlaubt dir gro\u00dfz\u00fcgige Reifen auf 700 mm (28?) Laufr\u00e4dern oder MTB-Laufr\u00e4dern mit 650B Durchmesser zu montieren. Bei 700 mm (28&#8243;)-Laufr\u00e4dern k\u00f6nnen Sie bis zu 44 mm breite Reifen montieren, bei 650B MTB-Laufr\u00e4dern sogar 48 mm breite Reifen, was 1,95&#8243; entspricht (getestet auf Vittoria-Reifen). Es stehen zahlreiche Halterungen zur Verf\u00fcgung, die die Montage von Flaschenhaltern, Taschen, Gep\u00e4cktr\u00e4gern oder Schutzblechen erm\u00f6glichen. An der Vorderradgabel k\u00f6nnen Sie beispielsweise zwei Flaschenhalter oder einen Lowrider-Tr\u00e4ger f\u00fcr Taschen montieren.<\/p>\n<\/p><\/div>\n<div class=\"prodsheet_bullets col col-sm-8 col-md-8 col-lg-8\">\n<h4>HAUPTEIGENSCHAFTEN:<\/h4>\n<ul>\n<li>60TON Monocoque-Carbonrahmen und -gabel.<\/li>\n<li>Sram Rival XPLR eTap AXS 1&#215;12-fach Antrieb.<\/li>\n<li>Sram Rival eTap AXS hydraulische Scheibenbremsen, 160\/160 mm.<\/li>\n<\/ul><\/div>\n<div class=\"prodsheet_specs1 col col-sm-12 col-md-12 col-lg-12\">\n<h4>MERKMALE:<\/h4>\n<table class=\"table table-striped\">\n<tbody>\n<tr>\n<td>Rahmen<\/td>\n<td>Carbon: Jena &#8211; Carbon Monocoque 60TON, Steckachse 12&#215;142 mm<\/td>\n<\/tr>\n<tr>\n<td>Gabel<\/td>\n<td>Carbon: Jena &#8211; Carbon Monocoque 60TON, Steckachse 12&#215;100 mm<\/td>\n<\/tr>\n<tr>\n<td>Schalthebel<\/td>\n<td>Sram Rival eTap AXS, 1&#215;12-fach<\/td>\n<\/tr>\n<tr>\n<td>Schaltwerk<\/td>\n<td>Sram Rival XPLR eTap AXS, D1, Max 44T, 12-Gang<\/td>\n<\/tr>\n<tr>\n<td>Kassette<\/td>\n<td>Sram XG-1251 D1 XPLR, 10-44Z<\/td>\n<\/tr>\n<tr>\n<td>Kette<\/td>\n<td>Sram Rival D1, 114L<\/td>\n<\/tr>\n<tr>\n<td>Kurbelgarnitur<\/td>\n<td>Sram Rival 1 D1 DUB Breit, 40Z<\/td>\n<\/tr>\n<tr>\n<td>Untere Halterung<\/td>\n<td>Sram DUB PressFit 86,5 mm Rennrad<\/td>\n<\/tr>\n<tr>\n<td>Bremsen<\/td>\n<td>Sram Rival eTap AXS, hydr. Scheibenbremse, Sram Centerlock Paceline Rounded (160\/160)<\/td>\n<\/tr>\n<tr>\n<td>Laufradsatz<\/td>\n<td>Miche Graff Alu, 12&#215;100\/12&#215;142 mm<\/td>\n<\/tr>\n<tr>\n<td>Reifen<\/td>\n<td>Vittoria Terreno Trocken, Starr, 700x40C<\/td>\n<\/tr>\n<tr>\n<td>Lenker<\/td>\n<td>Ritchey Ergomax Rennrad Comp<\/td>\n<\/tr>\n<tr>\n<td>Stengel<\/td>\n<td>Ritchey Comp<\/td>\n<\/tr>\n<tr>\n<td>Headset<\/td>\n<td>FSA Custom Lager MR137<\/td>\n<\/tr>\n<tr>\n<td>Sattel<\/td>\n<td>Selle Italia Modell X<\/td>\n<\/tr>\n<tr>\n<td>Sattelst\u00fctze<\/td>\n<td>Ritchey Comp 2-Loch V2 Alu<\/td>\n<\/tr>\n<tr>\n<td>Gewicht<\/td>\n<td>Rahmen: 995 g \/ Gabel: 450 g<\/td>\n<\/tr>\n<tr>\n<td>Farbe<\/td>\n<td>J18 &#8211; Gemusterte Bronze; Gl\u00e4nzend<\/td>\n<\/tr>\n<tr>\n<td>Referenz<\/td>\n<td>E216VXD<\/td>\n<\/tr>\n<\/tbody>\n<\/table><\/div>\n<div class=\"prodsheet_specs2 col col-sm-8 col-md-8 col-lg-8\">\n<h4>GEOMETRIEN:<\/h4>\n<p><img decoding=\"async\" src=\"http:\/\/media1.alltricks.fr\/ckfinder\/images\/cube_route_geo_en.jpg\" \/><\/p>\n<table class=\"table table-striped\">\n<tbody>\n<tr>\n<td>Rahmengr\u00f6\u00dfe<\/td>\n<td>XS<\/td>\n<td>S<\/td>\n<td>M<\/td>\n<td>L<\/td>\n<td>XL<\/td>\n<\/tr>\n<tr>\n<td>Sitzrohr (mm)<\/td>\n<td>440<\/td>\n<td>470<\/td>\n<td>500<\/td>\n<td>530<\/td>\n<td>570<\/td>\n<\/tr>\n<tr>\n<td>Oberrohr (mm)<\/td>\n<td>508<\/td>\n<td>531<\/td>\n<td>554<\/td>\n<td>577<\/td>\n<td>600<\/td>\n<\/tr>\n<tr>\n<td>Kettenstreben (mm)<\/td>\n<td>423<\/td>\n<td>423<\/td>\n<td>423<\/td>\n<td>423<\/td>\n<td>423<\/td>\n<\/tr>\n<tr>\n<td>Steuerrohrl\u00e4nge (mm)<\/td>\n<td>100<\/td>\n<td>125<\/td>\n<td>150<\/td>\n<td>175<\/td>\n<td>200<\/td>\n<\/tr>\n<tr>\n<td>Steuerrohrwinkel (\u00b0)<\/td>\n<td>70<\/td>\n<td>70.5<\/td>\n<td>71<\/td>\n<td>71.5<\/td>\n<td>72<\/td>\n<\/tr>\n<tr>\n<td>Sitzrohrwinkel (\u00b0)<\/td>\n<td>75<\/td>\n<td>74.3<\/td>\n<td>73.7<\/td>\n<td>73.1<\/td>\n<td>72.6<\/td>\n<\/tr>\n<tr>\n<td>Stapel (mm)<\/td>\n<td>531<\/td>\n<td>556<\/td>\n<td>582<\/td>\n<td>608<\/td>\n<td>633<\/td>\n<\/tr>\n<tr>\n<td>Reichweite (mm)<\/td>\n<td>363<\/td>\n<td>372<\/td>\n<td>382<\/td>\n<td>391<\/td>\n<td>401<\/td>\n<\/tr>\n<\/tbody>\n<\/table><\/div>\n<\/p><\/div>\n<div id=\"product-header-order-form\" class=\"js-reload-on-event col-lg-20 col-md-20 col-sm-20 col-xs-20\" data-to-watch=\"body\" data-event=\"alltricks:cartChanged\" data-url=\"\/ajax\/product\/ajouter\/F-41505-velos-route-_-cyclocross-_-triathlon\/P-2138356-wilier_triestina_jena_gravelbike_sram_rival_xplr_etap_axs_12s_700_mm_patterned_bronze_glossy_2022\"><\/div>\n","protected":false},"excerpt":{"rendered":"<div class=\"col-lg-14 col-md-14 col-sm-14 col-xs-20\"><\/div>\n<div id=\"product-specifications-table\" class=\"col-lg-20 col-md-20 col-sm-20 col-xs-20\">\n<table class=\"table table-striped\">\n<tbody>\n<tr>\n<td class=\"spec-name\">Geschlecht<\/td>\n<td class=\"spec-value\">Herren<\/td>\n<\/tr>\n<tr>\n<td class=\"spec-name\">Gruppe<\/td>\n<td class=\"spec-value\">Sram Rival eTap AXS 12V<\/td>\n<\/tr>\n<tr>\n<td class=\"spec-name\">collection<\/td>\n<td class=\"spec-value\">2022<\/td>\n<\/tr>\n<\/tbody>\n<\/table><\/div>\n","protected":false},"featured_media":13366,"comment_status":"closed","ping_status":"closed","template":"","meta":[],"product_brand":[],"product_cat":[130],"product_tag":[],"class_list":{"0":"post-13356","1":"product","2":"type-product","3":"status-publish","4":"has-post-thumbnail","6":"product_cat-rennrad","8":"first","9":"instock","10":"sale","11":"shipping-taxable","12":"purchasable","13":"product-type-variable"},"_links":{"self":[{"href":"https:\/\/fatbike-de.com\/index.php\/wp-json\/wp\/v2\/product\/13356","targetHints":{"allow":["GET"]}}],"collection":[{"href":"https:\/\/fatbike-de.com\/index.php\/wp-json\/wp\/v2\/product"}],"about":[{"href":"https:\/\/fatbike-de.com\/index.php\/wp-json\/wp\/v2\/types\/product"}],"replies":[{"embeddable":true,"href":"https:\/\/fatbike-de.com\/index.php\/wp-json\/wp\/v2\/comments?post=13356"}],"wp:featuredmedia":[{"embeddable":true,"href":"https:\/\/fatbike-de.com\/index.php\/wp-json\/wp\/v2\/media\/13366"}],"wp:attachment":[{"href":"https:\/\/fatbike-de.com\/index.php\/wp-json\/wp\/v2\/media?parent=13356"}],"wp:term":[{"taxonomy":"product_brand","embeddable":true,"href":"https:\/\/fatbike-de.com\/index.php\/wp-json\/wp\/v2\/product_brand?post=13356"},{"taxonomy":"product_cat","embeddable":true,"href":"https:\/\/fatbike-de.com\/index.php\/wp-json\/wp\/v2\/product_cat?post=13356"},{"taxonomy":"product_tag","embeddable":true,"href":"https:\/\/fatbike-de.com\/index.php\/wp-json\/wp\/v2\/product_tag?post=13356"}],"curies":[{"name":"wp","href":"https:\/\/api.w.org\/{rel}","templated":true}]}}