{"id":13465,"date":"2024-02-27T16:41:45","date_gmt":"2024-02-27T15:41:45","guid":{"rendered":"https:\/\/fatbike-de.com\/?post_type=product&#038;p=13465"},"modified":"2024-02-27T16:42:09","modified_gmt":"2024-02-27T15:42:09","slug":"cervelo-r-series-disc-sram-force-axs-12v-schwarz","status":"publish","type":"product","link":"https:\/\/fatbike-de.com\/index.php\/product\/cervelo-r-series-disc-sram-force-axs-12v-schwarz\/","title":{"rendered":"CERV\u00c9LO R-SERIES DISC SRAM FORCE AXS 12V SCHWARZ"},"content":{"rendered":"<h2 class=\"heading-title-text\">CERV\u00c9LO R-SERIES DISC SRAM FORCE AXS 12V SCHWARZ<\/h2>\n<div class=\"col col-sm-12 col-md-12 col-lg-12\">\n<p>Das\u00a0<strong>Cerv\u00e9lo R-Series Disc<\/strong>\u00a0Rennrad ist ein vielseitiges Hochleistungsrad, das f\u00fcr alles bereit ist; von kurzen Abendausfl\u00fcgen bis hin zu epischen Wochenendausfl\u00fcgen mit Freunden. Leicht, steif und zur Steigerung des Selbstvertrauens konzipiert, ist es ein Stra\u00dfenfahrrad, das ein professionelles Fahrerlebnis bieten kann. Das R ist eine Waffe, die f\u00fcr den Aufstieg gemacht ist. Durch den Einsatz spezieller Verlegetechniken und Carbonkonstruktionen ist es den Ingenieuren von Cerv\u00e9lo gelungen, das Gewicht des Rahmens zu reduzieren und ihn gleichzeitig an den entscheidenden Stellen steifer zu machen. Das Ergebnis dieses beeindruckenden Steifigkeits-\/Gewichtsverh\u00e4ltnisses ist ein lebhaftes und inspirierendes Fahrrad.<\/p>\n<p>Steif und leicht, mit einer Geometrie, die ein stabiles und vorhersehbares Handling f\u00f6rdert, verleitet das R dazu, bergauf anzugreifen und bergab das Tempo zu erh\u00f6hen. Der Freiraum f\u00fcr Reifen mit einer maximalen Breite von 28 mm und die Rahmenkonstruktion erm\u00f6glichen ein sanfteres Fahrverhalten.<\/p>\n<\/p><\/div>\n<div class=\"prodsheet_bullets col col-sm-8 col-md-8 col-lg-8\">\n<h4>DIE + PRODUKT :<\/h4>\n<ul>\n<li>Leichter und steifer als die vorherige R5-Generation.<\/li>\n<li>Die ultimative Rennmaschine im Stra\u00dfensegment &#8222;R-Series&#8220; von Cerv\u00e9lo.<\/li>\n<li>Sram Force AXS 12-Gang-Getriebe.<\/li>\n<li>Laufradsatz 1AER D3 38mm Disc Carbon.<\/li>\n<\/ul><\/div>\n<div class=\"prodsheet_specs1 col col-sm-12 col-md-12 col-lg-12\">\n<h4>DETAILS :<\/h4>\n<table class=\"table table-striped\">\n<tbody>\n<tr>\n<td>Gabel<\/td>\n<td>Cerv\u00e9lo All-Carbon, Tapered R5 Fork for Disc<\/td>\n<\/tr>\n<tr>\n<td>Schalthebel<\/td>\n<td>SRAM Force eTap AXS HRD 12 spd<\/td>\n<\/tr>\n<tr>\n<td>Umwerfer Vorne<\/td>\n<td>SRAM Force eTap AXS 12 spd<\/td>\n<\/tr>\n<tr>\n<td>Hinterer Umwerfer<\/td>\n<td>SRAM Force eTap AXS 12 spd<\/td>\n<\/tr>\n<tr>\n<td>Kassette<\/td>\n<td>SRAM Force XG-1270, 10-28<\/td>\n<\/tr>\n<tr>\n<td>Kette<\/td>\n<td>SRAM Force 12 spd<\/td>\n<\/tr>\n<tr>\n<td>Tretlager<\/td>\n<td>SRAM Force DUB 48\/35<\/td>\n<\/tr>\n<tr>\n<td>Tretlagergeh\u00e4use<\/td>\n<td>SRAM DUB BBright<\/td>\n<\/tr>\n<tr>\n<td>Bremsen<\/td>\n<td>Sram Force HRD \/ SRAM CenterLine XR 160mm<\/td>\n<\/tr>\n<tr>\n<td>Laufr\u00e4der<\/td>\n<td>1AER D3 38mm Disc<\/td>\n<\/tr>\n<tr>\n<td>Reifen<\/td>\n<td>Vittoria Rubino Pro TLR G 25c<\/td>\n<\/tr>\n<tr>\n<td>Lenker<\/td>\n<td>Cerv\u00e9lo AB07 Ultra Light Alloy Bar<\/td>\n<\/tr>\n<tr>\n<td>Vorbau<\/td>\n<td>Cerv\u00e9lo Ultra Light Alloy Stem<\/td>\n<\/tr>\n<tr>\n<td>Steuersatz<\/td>\n<td>FSA IS2 1-1\/8 x 1-1\/2<\/td>\n<\/tr>\n<tr>\n<td>Sattel<\/td>\n<td>Prologo Zero II STN<\/td>\n<\/tr>\n<tr>\n<td>Sattelst\u00fctze<\/td>\n<td>Cerv\u00e9lo Carbon SP18<\/td>\n<\/tr>\n<tr>\n<td>Gewicht Gesamt<\/td>\n<td><span data-sheets-formula=\"=SOMME(R[0]C[-5]:R[0]C[-1])\" data-sheets-userformat=\"{\" data-sheets-value=\"{\">7456g<\/span><\/td>\n<\/tr>\n<tr>\n<td>Farben<\/td>\n<td>Schwarz \/ Black \/ Graphite<\/td>\n<\/tr>\n<\/tbody>\n<\/table><\/div>\n<div class=\"prodsheet_specs2 col col-sm-8 col-md-8 col-lg-8\">\n<h4>GEOMETRIEN:<\/h4>\n<p><img decoding=\"async\" src=\"http:\/\/media1.alltricks.fr\/ckfinder\/images\/Cervelo-geometries-road_FR.jpg\" \/><\/p>\n<table class=\"table table-striped\">\n<tbody>\n<tr>\n<td>Rahmengr\u00f6\u00dfe<\/td>\n<td>48 cm<\/td>\n<td>51 cm<\/td>\n<td>54 cm<\/td>\n<td>56 cm<\/td>\n<td>58 cm<\/td>\n<td>61 cm<\/td>\n<\/tr>\n<tr>\n<td>Stack<\/td>\n<td>505<\/td>\n<td>530<\/td>\n<td>555<\/td>\n<td>580<\/td>\n<td>605<\/td>\n<td>630<\/td>\n<\/tr>\n<tr>\n<td>Oberes Rohr<\/td>\n<td>515<\/td>\n<td>531<\/td>\n<td>548<\/td>\n<td>564<\/td>\n<td>581<\/td>\n<td>598<\/td>\n<\/tr>\n<tr>\n<td>L\u00e4nge Basis<\/td>\n<td>410<\/td>\n<td>410<\/td>\n<td>410<\/td>\n<td>410<\/td>\n<td>410<\/td>\n<td>410<\/td>\n<\/tr>\n<tr>\n<td>Buchse f\u00fcr die Lenkung<\/td>\n<td>89<\/td>\n<td>110<\/td>\n<td>133<\/td>\n<td>159<\/td>\n<td>188<\/td>\n<td>214<\/td>\n<\/tr>\n<tr>\n<td>Lenkwinkel<\/td>\n<td>71\u00b0<\/td>\n<td>72\u00b0<\/td>\n<td>73\u00b0<\/td>\n<td>73\u00b0<\/td>\n<td>73\u00b0<\/td>\n<td>73\u00b0<\/td>\n<\/tr>\n<tr>\n<td>Winkel Sattelrohr<\/td>\n<td>73\u00b0<\/td>\n<td>73\u00b0<\/td>\n<td>73\u00b0<\/td>\n<td>73\u00b0<\/td>\n<td>73\u00b0<\/td>\n<td>73\u00b0<\/td>\n<\/tr>\n<tr>\n<td>Radstand<\/td>\n<td>971<\/td>\n<td>974<\/td>\n<td>973<\/td>\n<td>993<\/td>\n<td>1011<\/td>\n<td>1027<\/td>\n<\/tr>\n<\/tbody>\n<\/table><\/div>\n","protected":false},"excerpt":{"rendered":"<table class=\"table table-striped\">\n<tbody>\n<tr>\n<td class=\"spec-name\">Poids v\u00e9rifi\u00e9 (en g)<\/td>\n<td class=\"spec-value\">7456<\/td>\n<\/tr>\n<tr>\n<td class=\"spec-name\">Geschlecht<\/td>\n<td class=\"spec-value\">Herren<\/td>\n<\/tr>\n<tr>\n<td class=\"spec-name\">Gruppe<\/td>\n<td class=\"spec-value\">Sram Force eTap AXS 12V<\/td>\n<\/tr>\n<tr>\n<td class=\"spec-name\">collection<\/td>\n<td class=\"spec-value\">2020<\/td>\n<\/tr>\n<\/tbody>\n<\/table>\n","protected":false},"featured_media":13491,"comment_status":"closed","ping_status":"closed","template":"","meta":[],"product_brand":[],"product_cat":[130],"product_tag":[],"class_list":{"0":"post-13465","1":"product","2":"type-product","3":"status-publish","4":"has-post-thumbnail","6":"product_cat-rennrad","8":"first","9":"instock","10":"shipping-taxable","11":"purchasable","12":"product-type-variable"},"_links":{"self":[{"href":"https:\/\/fatbike-de.com\/index.php\/wp-json\/wp\/v2\/product\/13465","targetHints":{"allow":["GET"]}}],"collection":[{"href":"https:\/\/fatbike-de.com\/index.php\/wp-json\/wp\/v2\/product"}],"about":[{"href":"https:\/\/fatbike-de.com\/index.php\/wp-json\/wp\/v2\/types\/product"}],"replies":[{"embeddable":true,"href":"https:\/\/fatbike-de.com\/index.php\/wp-json\/wp\/v2\/comments?post=13465"}],"wp:featuredmedia":[{"embeddable":true,"href":"https:\/\/fatbike-de.com\/index.php\/wp-json\/wp\/v2\/media\/13491"}],"wp:attachment":[{"href":"https:\/\/fatbike-de.com\/index.php\/wp-json\/wp\/v2\/media?parent=13465"}],"wp:term":[{"taxonomy":"product_brand","embeddable":true,"href":"https:\/\/fatbike-de.com\/index.php\/wp-json\/wp\/v2\/product_brand?post=13465"},{"taxonomy":"product_cat","embeddable":true,"href":"https:\/\/fatbike-de.com\/index.php\/wp-json\/wp\/v2\/product_cat?post=13465"},{"taxonomy":"product_tag","embeddable":true,"href":"https:\/\/fatbike-de.com\/index.php\/wp-json\/wp\/v2\/product_tag?post=13465"}],"curies":[{"name":"wp","href":"https:\/\/api.w.org\/{rel}","templated":true}]}}