{"id":13477,"date":"2024-02-27T16:41:47","date_gmt":"2024-02-27T15:41:47","guid":{"rendered":"https:\/\/fatbike-de.com\/?post_type=product&#038;p=13477"},"modified":"2024-02-27T16:42:09","modified_gmt":"2024-02-27T15:42:09","slug":"gravel-bike-cannondale-topstone-1-shimano-grx-11v-700-mm-grau-mercury-2023","status":"publish","type":"product","link":"https:\/\/fatbike-de.com\/index.php\/product\/gravel-bike-cannondale-topstone-1-shimano-grx-11v-700-mm-grau-mercury-2023\/","title":{"rendered":"GRAVEL BIKE CANNONDALE TOPSTONE 1 SHIMANO GRX 11V 700 MM GRAU MERCURY 2023"},"content":{"rendered":"<div id=\"product-header-order-name\" class=\"col-lg-20 col-md-20 col-sm-20 col-xs-20\">\n<h2 class=\"heading-title-text\">GRAVEL BIKE CANNONDALE TOPSTONE 1 SHIMANO GRX 11V 700 MM GRAU MERCURY 2023<\/h2>\n<\/p><\/div>\n<div id=\"product-header-order-form\" class=\"js-reload-on-event col-lg-20 col-md-20 col-sm-20 col-xs-20\" data-to-watch=\"body\" data-event=\"alltricks:cartChanged\" data-url=\"\/ajax\/product\/ajouter\/F-41505-velos-route-_-cyclocross-_-triathlon\/P-2304365-gravel_bike_cannondale_topstone_1_shimano_grx_11v_700_mm_grau_mercury_2023\">\n<p class=\"col col-sm-12 col-md-12 col-lg-12\">Das <strong>CANNONDALE TOPSTONE 1\u00a0<\/strong>oder\u00a0<strong>Topstone Alloy\u00a0<\/strong><strong>1<\/strong>\u00a0ist ein begabtes und vielseitiges Gravel-Bike. Es wurde entwickelt, um weit zu kommen, weniger befahrene Stra\u00dfen zu erkunden oder Ihre t\u00e4glichen Fahrten zu beschleunigen. Die SmartForm C2 Aluminiumkonstruktion des Topstone-Rahmens ist das Ergebnis der jahrzehntelangen Erfahrung von Cannondale in der Aluminiumverarbeitung. Sie sorgt f\u00fcr eine ausgewogene Sitzposition: hoch genug f\u00fcr Langstreckenkomfort und Kontrolle in schwierigem Gel\u00e4nde und weit genug nach vorne geneigt f\u00fcr Geschwindigkeit.<\/p>\n<p>Mit Halterungen f\u00fcr drei Trinkflaschen und f\u00fcr eine Aufbewahrung am Oberrohr ist das Topstone bereit f\u00fcr lange Abenteuer. Dank der vielen Positionen f\u00fcr Flaschenhalter am Unterrohr k\u00f6nnen Sie die Montage von gro\u00dfen Rahmentaschen organisieren. Sein Rahmen bietet gen\u00fcgend Freiraum f\u00fcr gro\u00dfe, 42 mm breite Reifen, die f\u00fcr Komfort, Grip und Abenteuer sorgen. Die Gabel ist komplett aus Carbon gefertigt und verf\u00fcgt \u00fcber einen konischen Steuerkopf und 12 mm Steckachsen f\u00fcr ein leichtes, komfortables vorderes Dreieck und ein pr\u00e4zises Fahrverhalten.<\/p>\n<p>Die OutFront-Technologie sorgt f\u00fcr eine leichte und gleichzeitig wendige Lenkung, bei der das Rad weiter vorne positioniert ist, um die Stabilit\u00e4t und Kontrolle auf unebenem Gel\u00e4nde zu verbessern. Mit dem zus\u00e4tzlichen Vorteil, dass bei den kleineren Rahmengr\u00f6\u00dfen das Risiko einer \u00dcberlappung zwischen Fu\u00dfspitze und Vorderrad verringert wird. Der Rahmen des Topstone ist so konstruiert, dass eine 27,2 mm Teleskopsattelst\u00fctze mit interner Kabelf\u00fchrung montiert werden kann, was bei einem Fahrrad mit solchen Offroad-F\u00e4higkeiten keine gro\u00dfe \u00dcberraschung sein sollte. Schlie\u00dflich gibt es noch einen abnehmbaren Schutzblechb\u00fcgel, der angeschraubt wird, wenn Sie ein Schutzblech ben\u00f6tigen, und abgenommen wird, wenn Sie es nicht mehr brauchen.<\/p>\n<div class=\"prodsheet_bullets col col-sm-8 col-md-8 col-lg-8\">\n<h4>DIE + PRODUKTE :<\/h4>\n<ul>\n<li>Ein vielseitiges und leistungsstarkes Gravel-Bike.<\/li>\n<li>Shimano GRX 2&#215;11-Gang-Schaltung.<\/li>\n<li>Hydraulische Scheibenbremsen Shimano GRX 400, 160\/160 mm.<\/li>\n<\/ul><\/div>\n<div class=\"prodsheet_specs1 col col-sm-12 col-md-12 col-lg-12\">\n<h4>DETAILS:<\/h4>\n<table class=\"table table-striped\">\n<tbody>\n<tr>\n<td>Rahmen<\/td>\n<td>Aluminium: Lightweight SmartForm C2 Alloy, 12&#215;142 thru-axle, tapered headtube, BSA threaded BBm flat mount disc, StraightShot internal cable routing, multiple gear\/bottle mounts<\/td>\n<\/tr>\n<tr>\n<td>Gabel<\/td>\n<td>Carbon: Topstone Carbon, 1-1\/8&#8243; to 1.5&#8243; steerer, 55mm OutFront offset, flat mount disc, internal routing, 12&#215;100 thru-axle, fender\/gear mounts<\/td>\n<\/tr>\n<tr>\n<td>Schalthebel f\u00fcr das Schaltwerk<\/td>\n<td>Shimano GRX 600, 2&#215;11 G\u00e4nge<\/td>\n<\/tr>\n<tr>\n<td>Vorderer Umwerfer<\/td>\n<td>Shimano GRX 800, braze-on<\/td>\n<\/tr>\n<tr>\n<td>Schaltwerk hinten<\/td>\n<td>Shimano GRX 810, Shadow RD+, 11-fach<\/td>\n<\/tr>\n<tr>\n<td>Kassette<\/td>\n<td>Shimano 105, 11-34 Z\u00e4hne<\/td>\n<\/tr>\n<tr>\n<td>Kette<\/td>\n<td>KMC X11<\/td>\n<\/tr>\n<tr>\n<td>Tretlager<\/td>\n<td>Shimano GRX 600, 46\/30 Z\u00e4hne<\/td>\n<\/tr>\n<tr>\n<td>Tretlagergeh\u00e4use<\/td>\n<td>Shimano BBRS500<\/td>\n<\/tr>\n<tr>\n<td>Bremsen<\/td>\n<td>Shimano GRX 400 hydraulic disc, 160\/160mm RT54 Rotoren<\/td>\n<\/tr>\n<tr>\n<td>Laufr\u00e4der<\/td>\n<td>WTB ST i23 TCS, 28h, tubeless ready<\/td>\n<\/tr>\n<tr>\n<td>Naben<\/td>\n<td>(F) Formula cartridge bearing, 12x100mm centerlock \/ (R) Formula cartridge bearing, 12x142mm centerlock<\/td>\n<\/tr>\n<tr>\n<td>Reifen<\/td>\n<td>WTB Riddler TCS Light, 700 x 37c, tubeless ready<\/td>\n<\/tr>\n<tr>\n<td>Lenker<\/td>\n<td>Cannondale 3, butted 6061 Alloy, 16 deg flare drop<\/td>\n<\/tr>\n<tr>\n<td>Lenkerband<\/td>\n<td>Cannondale Bar Tape, 3.5mm<\/td>\n<\/tr>\n<tr>\n<td>Vorbau<\/td>\n<td>Cannondale 3, 6061 Alloy, 31.8, 7\u00b0<\/td>\n<\/tr>\n<tr>\n<td>Steuersatz<\/td>\n<td>Integrated, 1-1\/8&#8243; &#8211; 1-1\/2&#8243;<\/td>\n<\/tr>\n<tr>\n<td>Sattel<\/td>\n<td>Fizik Aliante Delta, S-Alloy Schienen<\/td>\n<\/tr>\n<tr>\n<td>Sattelst\u00fctze<\/td>\n<td>Cannondale 3, 6061 Alloy, 27.2 x 350mm<\/td>\n<\/tr>\n<tr>\n<td>Gewicht<\/td>\n<td>&#8212;<\/td>\n<\/tr>\n<tr>\n<td>Farben<\/td>\n<td>Mercury<\/td>\n<\/tr>\n<\/tbody>\n<\/table><\/div>\n<div class=\"prodsheet_specs2 col col-sm-8 col-md-8 col-lg-8\">\n<h4>GEOMETRIEN :<\/h4>\n<p><img decoding=\"async\" src=\"http:\/\/media1.alltricks.fr\/ckfinder\/images\/cube_route_geo_en.jpg\" \/><\/p>\n<table class=\"table table-striped\">\n<tbody>\n<tr>\n<td>Rahmengr\u00f6\u00dfe<\/td>\n<td>XS<\/td>\n<td>S<\/td>\n<td>M<\/td>\n<td>L<\/td>\n<td>XL<\/td>\n<\/tr>\n<tr>\n<td>Sattelrohr (mm)<\/td>\n<td>410<\/td>\n<td>458<\/td>\n<td>505<\/td>\n<td>553<\/td>\n<td>600<\/td>\n<\/tr>\n<tr>\n<td>Oberes Rohr (mm)<\/td>\n<td>533<\/td>\n<td>544<\/td>\n<td>557<\/td>\n<td>572<\/td>\n<td>587<\/td>\n<\/tr>\n<tr>\n<td>L\u00e4nge der Basis (mm)<\/td>\n<td>430<\/td>\n<td>430<\/td>\n<td>430<\/td>\n<td>430<\/td>\n<td>430<\/td>\n<\/tr>\n<tr>\n<td>Lenkh\u00fclse (mm)<\/td>\n<td>89<\/td>\n<td>118<\/td>\n<td>149<\/td>\n<td>182<\/td>\n<td>214<\/td>\n<\/tr>\n<tr>\n<td>Lenkwinkel (\u00b0)<\/td>\n<td>70<\/td>\n<td>71<\/td>\n<td>71<\/td>\n<td>71<\/td>\n<td>71<\/td>\n<\/tr>\n<tr>\n<td>Winkel Sattelrohr (\u00b0)<\/td>\n<td>73.1<\/td>\n<td>73.1<\/td>\n<td>73.1<\/td>\n<td>73.1<\/td>\n<td>73.1<\/td>\n<\/tr>\n<tr>\n<td>Radstand (mm)<\/td>\n<td>1016<\/td>\n<td>1027<\/td>\n<td>1045<\/td>\n<td>1065<\/td>\n<td>1083<\/td>\n<\/tr>\n<tr>\n<td>Stack (mm)<\/td>\n<td>518<\/td>\n<td>549<\/td>\n<td>579<\/td>\n<td>610<\/td>\n<td>640<\/td>\n<\/tr>\n<tr>\n<td>Reach (mm)<\/td>\n<td>368<\/td>\n<td>377<\/td>\n<td>385<\/td>\n<td>394<\/td>\n<td>402<\/td>\n<\/tr>\n<\/tbody>\n<\/table><\/div>\n<\/p><\/div>\n","protected":false},"excerpt":{"rendered":"<div class=\"col-lg-14 col-md-14 col-sm-14 col-xs-20\"><\/div>\n<div id=\"product-specifications-table\" class=\"col-lg-20 col-md-20 col-sm-20 col-xs-20\">\n<table class=\"table table-striped\">\n<tbody>\n<tr>\n<td class=\"spec-name\">Geschlecht<\/td>\n<td class=\"spec-value\">Herren<\/td>\n<\/tr>\n<tr>\n<td class=\"spec-name\">Gruppe<\/td>\n<td class=\"spec-value\">Shimano GRX 11V<\/td>\n<\/tr>\n<tr>\n<td class=\"spec-name\">collection<\/td>\n<td class=\"spec-value\">Restst\u00fccke<\/td>\n<\/tr>\n<\/tbody>\n<\/table><\/div>\n","protected":false},"featured_media":13499,"comment_status":"closed","ping_status":"closed","template":"","meta":[],"product_brand":[],"product_cat":[130],"product_tag":[],"class_list":{"0":"post-13477","1":"product","2":"type-product","3":"status-publish","4":"has-post-thumbnail","6":"product_cat-rennrad","8":"first","9":"instock","10":"sale","11":"shipping-taxable","12":"purchasable","13":"product-type-variable"},"_links":{"self":[{"href":"https:\/\/fatbike-de.com\/index.php\/wp-json\/wp\/v2\/product\/13477","targetHints":{"allow":["GET"]}}],"collection":[{"href":"https:\/\/fatbike-de.com\/index.php\/wp-json\/wp\/v2\/product"}],"about":[{"href":"https:\/\/fatbike-de.com\/index.php\/wp-json\/wp\/v2\/types\/product"}],"replies":[{"embeddable":true,"href":"https:\/\/fatbike-de.com\/index.php\/wp-json\/wp\/v2\/comments?post=13477"}],"wp:featuredmedia":[{"embeddable":true,"href":"https:\/\/fatbike-de.com\/index.php\/wp-json\/wp\/v2\/media\/13499"}],"wp:attachment":[{"href":"https:\/\/fatbike-de.com\/index.php\/wp-json\/wp\/v2\/media?parent=13477"}],"wp:term":[{"taxonomy":"product_brand","embeddable":true,"href":"https:\/\/fatbike-de.com\/index.php\/wp-json\/wp\/v2\/product_brand?post=13477"},{"taxonomy":"product_cat","embeddable":true,"href":"https:\/\/fatbike-de.com\/index.php\/wp-json\/wp\/v2\/product_cat?post=13477"},{"taxonomy":"product_tag","embeddable":true,"href":"https:\/\/fatbike-de.com\/index.php\/wp-json\/wp\/v2\/product_tag?post=13477"}],"curies":[{"name":"wp","href":"https:\/\/api.w.org\/{rel}","templated":true}]}}