{"id":4190,"date":"2024-02-27T11:28:56","date_gmt":"2024-02-27T10:28:56","guid":{"rendered":"https:\/\/fatbike-de.com\/?post_type=product&#038;p=4190"},"modified":"2024-02-27T11:30:14","modified_gmt":"2024-02-27T10:30:14","slug":"ghost-e-square-trekking-essential-y-al-u-500-wh-2021","status":"publish","type":"product","link":"https:\/\/fatbike-de.com\/index.php\/product\/ghost-e-square-trekking-essential-y-al-u-500-wh-2021\/","title":{"rendered":"Ghost E-Square Trekking Essential Y AL U &#8211; 500 Wh &#8211; 2021"},"content":{"rendered":"<div class=\"col product-detail-name-container\">\n<div class=\"col product-detail-name-container\">\n<div class=\"col product-detail-name-container\">\n<h2 class=\"product-detail-name\">Ghost E-Square Trekking Essential Y AL U &#8211; 500 Wh &#8211; 2021 &#8211; 27,5 Zoll &#8211; Diamant<\/h2>\n<div class=\"caracteristics\" data-gtm-vis-recent-on-screen-6772131_154=\"5975\" data-gtm-vis-first-on-screen-6772131_154=\"5975\" data-gtm-vis-total-visible-time-6772131_154=\"100\" data-gtm-vis-has-fired-6772131_154=\"1\">\n<p>Das E-SQUARE TREKKING ist das perfekte E-Bike f\u00fcr alle, die gern Strecke machen: Mit der SuperFit Geometrie sitzt man auf diesem E-Trekkingbike in einer komfortablen Position, in der man auch lange Ausfahrten entspannt bew\u00e4ltigen kann. Dank des kraftvollen Bosch-Antriebs h\u00e4uft man m\u00fchelos Kilometer an. Die Ausstattung ist mit Schutzblechen, Gep\u00e4cktr\u00e4ger, Kickstand und Beleuchtung voll und ganz alltagstauglich. Und wenn die Route einmal abseits von Teer und Asphalt verl\u00e4uft, dann macht die Federgabel auch aus einem vermeintlich wilden Ritt eine sanfte Spazierfahrt.<\/p>\n<\/p><\/div>\n<div class=\"features\">\n<h4 class=\"h3 product-detail-description-title\">Produktinformationen &#8222;Ghost E-Square Trekking Essential Y AL U &#8211; 500 Wh &#8211; 2021 &#8211; 27,5 Zoll &#8211; Diamant&#8220;<\/h4>\n<div class=\"product-detail-description-text\">\n<hr \/>\n<h3>Details<\/h3>\n<div>\n<table>\n<tbody>\n<tr>\n<td>Zul\u00e4ssiges Gewicht inkl. Fahrer und Zuladung<\/td>\n<td>140 kg<\/td>\n<\/tr>\n<tr>\n<td>Drehmoment in Nm<\/td>\n<td>60 Nm<\/td>\n<\/tr>\n<tr>\n<td>Motor<\/td>\n<td>Yamaha PW-TE Mittelmotor 250W<\/td>\n<\/tr>\n<tr>\n<td>Display<\/td>\n<td>Yamaha Display A<\/td>\n<\/tr>\n<tr>\n<td>Motorposition<\/td>\n<td>Mittelmotor<\/td>\n<\/tr>\n<tr>\n<td>Kassette<\/td>\n<td>Shimano CS-HG-200-9, 9-fach, 11-36 Z\u00e4hne<\/td>\n<\/tr>\n<tr>\n<td>Kurbelgarnitur<\/td>\n<td>Miranda Virage, 38 Z\u00e4hne<\/td>\n<\/tr>\n<tr>\n<td>Schaltwerk<\/td>\n<td>Shimano Altus RD-M2000, 9-fach<\/td>\n<\/tr>\n<tr>\n<td>Schalthebel<\/td>\n<td>Shimano Alivio SL-M3100, 9-fach<\/td>\n<\/tr>\n<tr>\n<td>Kette<\/td>\n<td>KMC X9, 9-fach<\/td>\n<\/tr>\n<tr>\n<td>Schaltung<\/td>\n<td>9-Gang Kettenschaltung<\/td>\n<\/tr>\n<tr>\n<td>Schaltungscode<\/td>\n<td>09-Gang Kette<\/td>\n<\/tr>\n<tr>\n<td>Bremsen hinten<\/td>\n<td>Tektro HD-T275, hydraulische Scheibenbremse<\/td>\n<\/tr>\n<tr>\n<td>Bremsscheibe<\/td>\n<td>180mm \/ 180mm;Tektro Light Wave Style Rotor;180mm \/ 180mm<\/td>\n<\/tr>\n<tr>\n<td>Bremsen vorne<\/td>\n<td>Tektro HD-T275, hydraulische Scheibenbremse<\/td>\n<\/tr>\n<tr>\n<td>Bremshebel<\/td>\n<td>Tektro HD-T275<\/td>\n<\/tr>\n<tr>\n<td>Sattelklemme<\/td>\n<td>Ghost XC 68, 34.9mm<\/td>\n<\/tr>\n<tr>\n<td>Gabel<\/td>\n<td>SR Suntour XCM ATB DS, 80mm Federweg<\/td>\n<\/tr>\n<tr>\n<td>Rahmen<\/td>\n<td>E-Square Trekking, Aluminium<\/td>\n<\/tr>\n<tr>\n<td>Federweg vorne in mm<\/td>\n<td>80 mm<\/td>\n<\/tr>\n<tr>\n<td>Rahmenform<\/td>\n<td>Diamant<\/td>\n<\/tr>\n<tr>\n<td>Nabe vorne<\/td>\n<td>Fastace DN619, 9x100mm Schnellspanner<\/td>\n<\/tr>\n<tr>\n<td>Reifen (vorne)<\/td>\n<td>WTB Groov-E, 27.5&#215;2.40&#8243; (62-584)<\/td>\n<\/tr>\n<tr>\n<td>Speichen<\/td>\n<td>Sapim 2.0<\/td>\n<\/tr>\n<tr>\n<td>Nabe hinten<\/td>\n<td>Fastace DA201-R, 12x148mm Boost Steckachse<\/td>\n<\/tr>\n<tr>\n<td>Felgen<\/td>\n<td>Sch\u00fcrman YAK Disc, 584-25mm, 32 Speichenloch;Sch\u00fcrman YAK Disc, 584-25mm, 32 Speichenloch<\/td>\n<\/tr>\n<tr>\n<td>Reifen (hinten)<\/td>\n<td>WTB Groov-E, 27.5&#215;2.40&#8243; (62-584)<\/td>\n<\/tr>\n<tr>\n<td>Sattel<\/td>\n<td>Justek 3050 HRN<\/td>\n<\/tr>\n<tr>\n<td>Griffe<\/td>\n<td>XLC Ergo<\/td>\n<\/tr>\n<tr>\n<td>Lenker<\/td>\n<td>XLC, Breite: 720mm, Rise: 15mm, Durchmesser: 31.8mm<\/td>\n<\/tr>\n<tr>\n<td>Vorbau<\/td>\n<td>Ghost Square, Klemmung: 31.8mm<\/td>\n<\/tr>\n<tr>\n<td>Sattelst\u00fctze<\/td>\n<td>XLC, Durchmesser: 31.6mm<\/td>\n<\/tr>\n<tr>\n<td>Beleuchtung hinten<\/td>\n<td>Axa Juno<\/td>\n<\/tr>\n<tr>\n<td>Felge hinten<\/td>\n<td>Sch\u00fcrman YAK Disc, 584-25mm, 32 Speichenloch<\/td>\n<\/tr>\n<tr>\n<td>Schutzbleche<\/td>\n<td>Eurofender 65 mm<\/td>\n<\/tr>\n<tr>\n<td>Pedale<\/td>\n<td>VPE-461<\/td>\n<\/tr>\n<tr>\n<td>Beleuchtung vorn<\/td>\n<td>Trelock LS230<\/td>\n<\/tr>\n<tr>\n<td>Ladeger\u00e4t<\/td>\n<td>Yamaha Charger<\/td>\n<\/tr>\n<tr>\n<td>Gep\u00e4cktr\u00e4ger<\/td>\n<td>Ghost Square Trekking Carrier<\/td>\n<\/tr>\n<tr>\n<td>Akku<\/td>\n<td>Yamaha 500 Wh integriert<\/td>\n<\/tr>\n<tr>\n<td>St\u00e4nder<\/td>\n<td>Ursus Mooi<\/td>\n<\/tr>\n<tr>\n<td>H\u00f6chstgeschwindigkeit<\/td>\n<td>25<\/td>\n<\/tr>\n<tr>\n<td>Ma\u00dfeinheit<\/td>\n<td>km\/h<\/td>\n<\/tr>\n<tr>\n<td>Beleuchtung<\/td>\n<td>mit Beleuchtung<\/td>\n<\/tr>\n<tr>\n<td>E-Bike Motor Hersteller<\/td>\n<td>Yamaha<\/td>\n<\/tr>\n<tr>\n<td>E-Bike Zulassungspflichtig<\/td>\n<td>Nein<\/td>\n<\/tr>\n<tr>\n<td>Farbe<\/td>\n<td>Beige<\/td>\n<\/tr>\n<tr>\n<td>Federung<\/td>\n<td>Mit Federung<\/td>\n<\/tr>\n<tr>\n<td>G\u00e4nge<\/td>\n<td>09 &#8211; G\u00e4nge<\/td>\n<\/tr>\n<tr>\n<td>Geschlecht<\/td>\n<td>Herren<\/td>\n<\/tr>\n<tr>\n<td>Marke<\/td>\n<td>Ghost<\/td>\n<\/tr>\n<tr>\n<td>Radgr\u00f6\u00dfe<\/td>\n<td>27,5 Zoll<\/td>\n<\/tr>\n<tr>\n<td>Rahmenmaterial<\/td>\n<td>Aluminium<\/td>\n<\/tr>\n<tr>\n<td>Saison<\/td>\n<td>2021<\/td>\n<\/tr>\n<tr>\n<td>Schaltart<\/td>\n<td>Kettenschaltung<\/td>\n<\/tr>\n<\/tbody>\n<\/table><\/div>\n<\/p><\/div>\n<\/p><\/div>\n<div class=\"product-detail-description-text\"><\/div>\n<\/p><\/div>\n<\/p><\/div>\n<\/p><\/div>\n","protected":false},"excerpt":{"rendered":"<p>Ghost E-Square Trekking Essential Y AL U &#8211; 500 Wh &#8211; 2021 &#8211; 27,5 Zoll &#8211; Diamant Das E-SQUARE TREKKING ist das perfekte E-Bike f\u00fcr alle, die gern Strecke machen: Mit der SuperFit Geometrie sitzt man auf diesem E-Trekkingbike in einer komfortablen Position, in der man auch lange Ausfahrten entspannt bew\u00e4ltigen kann. Dank des kraftvollen Bosch-Antriebs h\u00e4uft man m\u00fchelos Kilometer\u2026<\/p>\n","protected":false},"featured_media":4233,"comment_status":"closed","ping_status":"closed","template":"","meta":[],"product_brand":[],"product_cat":[93,97,109],"product_tag":[],"class_list":{"0":"post-4190","1":"product","2":"type-product","3":"status-publish","4":"has-post-thumbnail","6":"product_cat-e-bike","7":"product_cat-e-bike-trekking","8":"product_cat-e-bikes-2021","10":"first","11":"instock","12":"shipping-taxable","13":"purchasable","14":"product-type-variable"},"_links":{"self":[{"href":"https:\/\/fatbike-de.com\/index.php\/wp-json\/wp\/v2\/product\/4190","targetHints":{"allow":["GET"]}}],"collection":[{"href":"https:\/\/fatbike-de.com\/index.php\/wp-json\/wp\/v2\/product"}],"about":[{"href":"https:\/\/fatbike-de.com\/index.php\/wp-json\/wp\/v2\/types\/product"}],"replies":[{"embeddable":true,"href":"https:\/\/fatbike-de.com\/index.php\/wp-json\/wp\/v2\/comments?post=4190"}],"wp:featuredmedia":[{"embeddable":true,"href":"https:\/\/fatbike-de.com\/index.php\/wp-json\/wp\/v2\/media\/4233"}],"wp:attachment":[{"href":"https:\/\/fatbike-de.com\/index.php\/wp-json\/wp\/v2\/media?parent=4190"}],"wp:term":[{"taxonomy":"product_brand","embeddable":true,"href":"https:\/\/fatbike-de.com\/index.php\/wp-json\/wp\/v2\/product_brand?post=4190"},{"taxonomy":"product_cat","embeddable":true,"href":"https:\/\/fatbike-de.com\/index.php\/wp-json\/wp\/v2\/product_cat?post=4190"},{"taxonomy":"product_tag","embeddable":true,"href":"https:\/\/fatbike-de.com\/index.php\/wp-json\/wp\/v2\/product_tag?post=4190"}],"curies":[{"name":"wp","href":"https:\/\/api.w.org\/{rel}","templated":true}]}}