{"id":4278,"date":"2024-02-27T11:31:11","date_gmt":"2024-02-27T10:31:11","guid":{"rendered":"https:\/\/fatbike-de.com\/?post_type=product&#038;p=4278"},"modified":"2024-02-27T11:31:58","modified_gmt":"2024-02-27T10:31:58","slug":"flyer-upstreet5-3-12-630-wh-2022-29-zoll-damen-sport","status":"publish","type":"product","link":"https:\/\/fatbike-de.com\/index.php\/product\/flyer-upstreet5-3-12-630-wh-2022-29-zoll-damen-sport\/","title":{"rendered":"Flyer Upstreet5 3.12 &#8211; 630 Wh &#8211; 2022 &#8211; 29 Zoll &#8211; Damen Sport"},"content":{"rendered":"<h2>Flyer Upstreet5 3.12 &#8211; 630 Wh &#8211; 2022 &#8211; 29 Zoll &#8211; Damen Sport<\/h2>\n<p>Die mehrfach preisgekr\u00f6nte (siehe unten) Bestseller-Serie \u00fcberzeugt, ob auf rasantem Stadtweg oder Abstecher auf Landstra\u00dfen: Das leistungsstarke Flyer Upstreet5 l\u00e4sst sich mit seinen vielf\u00e4ltigen Konfigurationsm\u00f6glichkeiten seine eigenen E-Bike-Abenteuer gestalten.<\/p>\n<div class=\"h3 product-detail-description-title\">Produktinformationen &#8222;Flyer Upstreet5 3.12 &#8211; 630 Wh &#8211; 2022 &#8211; 29 Zoll &#8211; Damen Sport&#8220;<\/div>\n<div class=\"product-detail-description-text\">\n<hr \/>\n<h3>Details<\/h3>\n<div>\n<table>\n<tbody>\n<tr>\n<td>Zul\u00e4ssiges Gewicht inkl. Fahrer und Zuladung<\/td>\n<td>150 kg<\/td>\n<\/tr>\n<tr>\n<td>Gewicht in kg<\/td>\n<td>29<\/td>\n<\/tr>\n<tr>\n<td>Motor<\/td>\n<td>Panasonic GX Power Plus Mittelmotor 36V 250 Watt<\/td>\n<\/tr>\n<tr>\n<td>Drehmoment in Nm<\/td>\n<td>75 Nm<\/td>\n<\/tr>\n<tr>\n<td>Display<\/td>\n<td>FIT D0 (2&#8243; Color Display)<\/td>\n<\/tr>\n<tr>\n<td>Motorposition<\/td>\n<td>Mittelmotor<\/td>\n<\/tr>\n<tr>\n<td>Kette<\/td>\n<td>Shimano CN-E6070<\/td>\n<\/tr>\n<tr>\n<td>Kassette<\/td>\n<td>Shimano Alivio CS-HG400, 9-fach, 11-36 Z\u00e4hne<\/td>\n<\/tr>\n<tr>\n<td>Schaltwerk<\/td>\n<td>Shimano Alivio RD-M3100-SGS, 10 speed<\/td>\n<\/tr>\n<tr>\n<td>Schalthebel<\/td>\n<td>Shimano Alivio SL-M3100, 9-fach<\/td>\n<\/tr>\n<tr>\n<td>Kurbelgarnitur<\/td>\n<td>Samox EC40, 165mm Kurbelarml\u00e4nge<\/td>\n<\/tr>\n<tr>\n<td>Schaltung<\/td>\n<td>09-Gang Kettenschaltung<\/td>\n<\/tr>\n<tr>\n<td>Schaltungscode<\/td>\n<td>09-Gang Kette<\/td>\n<\/tr>\n<tr>\n<td>Bremsen vorne<\/td>\n<td>Shimano BR-MT200, hydraulische Scheibenbremse<\/td>\n<\/tr>\n<tr>\n<td>Bremsen hinten<\/td>\n<td>Shimano BR-MT200, hydraulische Scheibenbremse<\/td>\n<\/tr>\n<tr>\n<td>Gabel<\/td>\n<td>SR Suntour Mobie-A32 Coil, 75mm Federweg, 15x100mm axle<\/td>\n<\/tr>\n<tr>\n<td>Sattelklemme<\/td>\n<td>Castello SPF3 bk 35.0\/30.9 mm<\/td>\n<\/tr>\n<tr>\n<td>Rahmen<\/td>\n<td>Aluminium<\/td>\n<\/tr>\n<tr>\n<td>Rahmenform<\/td>\n<td>Damen Sport<\/td>\n<\/tr>\n<tr>\n<td>Griffe<\/td>\n<td>Flyer Comfort<\/td>\n<\/tr>\n<tr>\n<td>Lenker<\/td>\n<td>Kalloy HB-TR2, 25\u00b0, 640mm Lenkerbreite<\/td>\n<\/tr>\n<tr>\n<td>Sattel<\/td>\n<td>Selle Royal Nuvola<\/td>\n<\/tr>\n<tr>\n<td>Vorbau<\/td>\n<td>Satori Up2+, 31.8 x 90 mm, adjustable angle<\/td>\n<\/tr>\n<tr>\n<td>Sattelst\u00fctze<\/td>\n<td>Flyer Alloy, 30.9 x 300 mm<\/td>\n<\/tr>\n<tr>\n<td>Speichen<\/td>\n<td>DT Swiss Champion 2.0 x 296\/294 mm<\/td>\n<\/tr>\n<tr>\n<td>Nabe vorne<\/td>\n<td>Shimano Alivio HB-MT400, 32h<\/td>\n<\/tr>\n<tr>\n<td>Felgen<\/td>\n<td>Flyer Disc ;Flyer Disc<\/td>\n<\/tr>\n<tr>\n<td>Nabe hinten<\/td>\n<td>Shimano Alivio FH-M4050, 32h<\/td>\n<\/tr>\n<tr>\n<td>Reifen (vorne)<\/td>\n<td>Schwalbe Smart Sam Classic Skin 29 x 2.25 (57-622)<\/td>\n<\/tr>\n<tr>\n<td>Reifen (hinten)<\/td>\n<td>Schwalbe Smart Sam Classic Skin 29 x 2.25 (57-622)<\/td>\n<\/tr>\n<tr>\n<td>H\u00f6chstgeschwindigkeit<\/td>\n<td>25<\/td>\n<\/tr>\n<tr>\n<td>Ma\u00dfeinheit<\/td>\n<td>km\/h<\/td>\n<\/tr>\n<tr>\n<td>Akku<\/td>\n<td>Flyer SIB-630 (630 Wh \/ 16.75 Ah \/ 36 V)<\/td>\n<\/tr>\n<tr>\n<td>Pedale<\/td>\n<td>VP VPE-891<\/td>\n<\/tr>\n<tr>\n<td>Schloss<\/td>\n<td>Abus Shield 5650L; battery lock with YourPlus one key system<\/td>\n<\/tr>\n<tr>\n<td>St\u00e4nder<\/td>\n<td>Pletscher Comp 40 Flex<\/td>\n<\/tr>\n<tr>\n<td>Ladeger\u00e4t<\/td>\n<td>Flyer Charger 4A 36V<\/td>\n<\/tr>\n<tr>\n<td>Schl\u00e4uche<\/td>\n<td>Schwalbe AV19B 40\/62-622<\/td>\n<\/tr>\n<tr>\n<td>Steuersatz<\/td>\n<td>VP Ahead VP-J214DC<\/td>\n<\/tr>\n<tr>\n<td>Felge hinten<\/td>\n<td>Flyer Disc<\/td>\n<\/tr>\n<tr>\n<td>Schutzbleche<\/td>\n<td>SunnyWheel 65mm<\/td>\n<\/tr>\n<tr>\n<td>Gep\u00e4cktr\u00e4ger<\/td>\n<td>Flyer Racktime, integrated spring flap<\/td>\n<\/tr>\n<tr>\n<td>Beleuchtung vorn<\/td>\n<td>Busch &amp; M\u00fcller IQ-Myc<\/td>\n<\/tr>\n<tr>\n<td>Beleuchtung hinten<\/td>\n<td>Busch &amp; M\u00fcller 2C<\/td>\n<\/tr>\n<tr>\n<td>E-Bike Motor Hersteller<\/td>\n<td>Panasonic<\/td>\n<\/tr>\n<tr>\n<td>E-Bike Zulassungspflichtig<\/td>\n<td>Nein<\/td>\n<\/tr>\n<tr>\n<td>G\u00e4nge<\/td>\n<td>09 &#8211; G\u00e4nge<\/td>\n<\/tr>\n<tr>\n<td>Geschlecht<\/td>\n<td>Damen<\/td>\n<\/tr>\n<tr>\n<td>Marke<\/td>\n<td>Flyer<\/td>\n<\/tr>\n<tr>\n<td>Radgr\u00f6\u00dfe<\/td>\n<td>29 Zoll<\/td>\n<\/tr>\n<tr>\n<td>Rahmenmaterial<\/td>\n<td>Aluminium<\/td>\n<\/tr>\n<tr>\n<td>Saison<\/td>\n<td>2022<\/td>\n<\/tr>\n<tr>\n<td>Schaltart<\/td>\n<td>Kettenschaltung<\/td>\n<\/tr>\n<\/tbody>\n<\/table><\/div>\n<\/p><\/div>\n","protected":false},"excerpt":{"rendered":"<p>Flyer Upstreet5 3.12 &#8211; 630 Wh &#8211; 2022 &#8211; 29 Zoll &#8211; Damen Sport Die mehrfach preisgekr\u00f6nte (siehe unten) Bestseller-Serie \u00fcberzeugt, ob auf rasantem Stadtweg oder Abstecher auf Landstra\u00dfen: Das leistungsstarke Flyer Upstreet5 l\u00e4sst sich mit seinen vielf\u00e4ltigen Konfigurationsm\u00f6glichkeiten seine eigenen E-Bike-Abenteuer gestalten. Produktinformationen &#8222;Flyer Upstreet5 3.12 &#8211; 630 Wh &#8211; 2022 &#8211; 29 Zoll &#8211; Damen Sport&#8220; Details Zul\u00e4ssiges\u2026<\/p>\n","protected":false},"featured_media":4291,"comment_status":"closed","ping_status":"closed","template":"","meta":[],"product_brand":[],"product_cat":[93,97,102],"product_tag":[],"class_list":{"0":"post-4278","1":"product","2":"type-product","3":"status-publish","4":"has-post-thumbnail","6":"product_cat-e-bike","7":"product_cat-e-bike-trekking","8":"product_cat-e-bikes-2022","10":"first","11":"instock","12":"sale","13":"shipping-taxable","14":"purchasable","15":"product-type-variable"},"_links":{"self":[{"href":"https:\/\/fatbike-de.com\/index.php\/wp-json\/wp\/v2\/product\/4278","targetHints":{"allow":["GET"]}}],"collection":[{"href":"https:\/\/fatbike-de.com\/index.php\/wp-json\/wp\/v2\/product"}],"about":[{"href":"https:\/\/fatbike-de.com\/index.php\/wp-json\/wp\/v2\/types\/product"}],"replies":[{"embeddable":true,"href":"https:\/\/fatbike-de.com\/index.php\/wp-json\/wp\/v2\/comments?post=4278"}],"wp:featuredmedia":[{"embeddable":true,"href":"https:\/\/fatbike-de.com\/index.php\/wp-json\/wp\/v2\/media\/4291"}],"wp:attachment":[{"href":"https:\/\/fatbike-de.com\/index.php\/wp-json\/wp\/v2\/media?parent=4278"}],"wp:term":[{"taxonomy":"product_brand","embeddable":true,"href":"https:\/\/fatbike-de.com\/index.php\/wp-json\/wp\/v2\/product_brand?post=4278"},{"taxonomy":"product_cat","embeddable":true,"href":"https:\/\/fatbike-de.com\/index.php\/wp-json\/wp\/v2\/product_cat?post=4278"},{"taxonomy":"product_tag","embeddable":true,"href":"https:\/\/fatbike-de.com\/index.php\/wp-json\/wp\/v2\/product_tag?post=4278"}],"curies":[{"name":"wp","href":"https:\/\/api.w.org\/{rel}","templated":true}]}}