{"id":4367,"date":"2024-02-27T11:34:23","date_gmt":"2024-02-27T10:34:23","guid":{"rendered":"https:\/\/fatbike-de.com\/?post_type=product&#038;p=4367"},"modified":"2024-02-27T11:37:51","modified_gmt":"2024-02-27T10:37:51","slug":"cube-reaction-hybrid-performance-625-allroad-625-wh-2022","status":"publish","type":"product","link":"https:\/\/fatbike-de.com\/index.php\/product\/cube-reaction-hybrid-performance-625-allroad-625-wh-2022\/","title":{"rendered":"Cube Reaction Hybrid Performance 625 Allroad &#8211; 625 Wh &#8211; 2022"},"content":{"rendered":"<h2>Cube Reaction Hybrid Performance 500 Allroad &#8211; 500 Wh &#8211; 2022 &#8211; 29 Zoll &#8211; Diamant<\/h2>\n<p>Cube Reaction Hybrid Performance Form folgt Funktion. Der schlanke Rahmen des Reaction Hybrid Performance Allroad beherbergt diskret einen Bosch-Akku mit hoher Kapazit\u00e4t im Unterrohr f\u00fcr zus\u00e4tzliche Eleganz und besseren Schutz vor den Elementen. Die innenliegende Kabelf\u00fchrung tr\u00e4gt zum eleganten Design bei und bietet zuverl\u00e4ssige, pr\u00e4zise und wartungsarme Gangwechsel. Mit Schutzblechen, Lichtanlage und Seitenst\u00e4nder bist du f\u00fcr alle Eventualit\u00e4ten ger\u00fcstet. Die Trapezrahmenoption bietet komfortableren Fahrern mit einem niedrigeren Oberrohr eine einfachere Spreizoption ohne Kompromisse bei der Leistung. Und dank Size Split findest du garantiert eine Fassung, die zu dir passt.<\/p>\n<div class=\"product-detail-description-text\">\n<div>\n<h3 class=\"h3 product-detail-description-title\">Produktinformationen &#8222;Cube Reaction Hybrid Performance 625 Allroad &#8211; 625 Wh &#8211; 2022 &#8211; 29 Zoll &#8211; Diamant&#8220;<\/h3>\n<div class=\"product-detail-description-text\">\n<hr \/>\n<h3>Details<\/h3>\n<div>\n<table>\n<tbody>\n<tr>\n<td>Zul\u00e4ssiges Gewicht inkl. Fahrer und Zuladung<\/td>\n<td>140 kg<\/td>\n<\/tr>\n<tr>\n<td>Gewicht in kg<\/td>\n<td>24.8<\/td>\n<\/tr>\n<tr>\n<td>Motor<\/td>\n<td>Bosch Mittelmotor Performance Line Gen3 250 Watt<\/td>\n<\/tr>\n<tr>\n<td>Display<\/td>\n<td>Bosch Purion<\/td>\n<\/tr>\n<tr>\n<td>Drehmoment in Nm<\/td>\n<td>65 Nm<\/td>\n<\/tr>\n<tr>\n<td>Motorposition<\/td>\n<td>Mittelmotor<\/td>\n<\/tr>\n<tr>\n<td>Kette<\/td>\n<td>KMC X9<\/td>\n<\/tr>\n<tr>\n<td>Kassette<\/td>\n<td>Shimano CS-HG201, 9-fach, 11-36 Z\u00e4hne<\/td>\n<\/tr>\n<tr>\n<td>Schaltung<\/td>\n<td>9-Gang Kettenschaltung<\/td>\n<\/tr>\n<tr>\n<td>Schaltwerk<\/td>\n<td>Shimano RD-M3100-SGS, 9-fach<\/td>\n<\/tr>\n<tr>\n<td>Schalthebel<\/td>\n<td>Shimano SL-M3100-R, Rapidfire-Plus, 1&#215;9-fach<\/td>\n<\/tr>\n<tr>\n<td>Kurbelgarnitur<\/td>\n<td>Acid E-Crank, 175mm, 38 Z\u00e4hne<\/td>\n<\/tr>\n<tr>\n<td>Schaltungscode<\/td>\n<td>09-Gang Kette<\/td>\n<\/tr>\n<tr>\n<td>Bremsen vorne<\/td>\n<td>Shimano BR-MT200, hydraulische Scheibenbremse<\/td>\n<\/tr>\n<tr>\n<td>Bremsen hinten<\/td>\n<td>Shimano BR-MT200, hydraulische Scheibenbremse<\/td>\n<\/tr>\n<tr>\n<td>Bremsscheibe<\/td>\n<td>180mm \/ 180mm;180mm \/ 180mm<\/td>\n<\/tr>\n<tr>\n<td>Gabel<\/td>\n<td>SR Suntour NVX30 Coil, 100mm Federweg<\/td>\n<\/tr>\n<tr>\n<td>Rahmen<\/td>\n<td>Aluminium Superlite, Gravity Casting, Agile Ride Geometry, Tapered Steuerrohr, innenverlegte Z\u00fcge, vollintegrierter Akku, Befestigungspunkte f\u00fcr St\u00e4nder\/Schutzblech\/Gep\u00e4cktr\u00e4ger<\/td>\n<\/tr>\n<tr>\n<td>Sattelklemme<\/td>\n<td>Cube Varioclose, 34.9mm<\/td>\n<\/tr>\n<tr>\n<td>Federweg vorne in mm<\/td>\n<td>100 mm<\/td>\n<\/tr>\n<tr>\n<td>Rahmenform<\/td>\n<td>Diamant<\/td>\n<\/tr>\n<tr>\n<td>Griffe<\/td>\n<td>Cube Race Grip 31mm, 1-Clamp<\/td>\n<\/tr>\n<tr>\n<td>Lenker<\/td>\n<td>Cube Rise Trail Bar, 720mm<\/td>\n<\/tr>\n<tr>\n<td>Sattel<\/td>\n<td>Natural Fit Sequence<\/td>\n<\/tr>\n<tr>\n<td>Vorbau<\/td>\n<td>Cube Performance Stem Pro, 31.8mm<\/td>\n<\/tr>\n<tr>\n<td>Sattelst\u00fctze<\/td>\n<td>Cube Performance Post, 30.9mm<\/td>\n<\/tr>\n<tr>\n<td>Nabe vorne<\/td>\n<td>Shimano HB-TX505, Schnellspanner, Centerlock<\/td>\n<\/tr>\n<tr>\n<td>Felgen<\/td>\n<td>Rodi Blackrock 23, 32-Loch, Disc, Tubeless Ready;Rodi Blackrock 23, 32-Loch, Disc, Tubeless Ready<\/td>\n<\/tr>\n<tr>\n<td>Nabe hinten<\/td>\n<td>Shimano FH-TX505, Schnellspanner, Centerlock<\/td>\n<\/tr>\n<tr>\n<td>Reifen (vorne)<\/td>\n<td>Schwalbe Smart Sam, Active, 29&#215;2.35&#8243; (60-622)<\/td>\n<\/tr>\n<tr>\n<td>Reifen (hinten)<\/td>\n<td>Schwalbe Smart Sam, Active, 29&#215;2.35&#8243; (60-622)<\/td>\n<\/tr>\n<tr>\n<td>Akku<\/td>\n<td>Bosch PowerTube, 625 Wh<\/td>\n<\/tr>\n<tr>\n<td>Pedale<\/td>\n<td>Cube PP MTB<\/td>\n<\/tr>\n<tr>\n<td>Ladeger\u00e4t<\/td>\n<td>Bosch 2A<\/td>\n<\/tr>\n<tr>\n<td>Felge hinten<\/td>\n<td>Rodi Blackrock 23, 32-Loch, Disc, Tubeless Ready<\/td>\n<\/tr>\n<tr>\n<td>Klingel<\/td>\n<td>Easy Bell<\/td>\n<\/tr>\n<tr>\n<td>St\u00e4nder<\/td>\n<td>Cubestand Cmpt<\/td>\n<\/tr>\n<tr>\n<td>Schutzbleche<\/td>\n<td>Acid 65 BB-Mount<\/td>\n<\/tr>\n<tr>\n<td>Beleuchtung vorn<\/td>\n<td>Cube Shiny 50 Lux, 12V, DC<\/td>\n<\/tr>\n<tr>\n<td>Beleuchtung hinten<\/td>\n<td>Acid Schutzblech- R\u00fccklicht PRO-E, 12V, DC<\/td>\n<\/tr>\n<tr>\n<td>H\u00f6chstgeschwindigkeit<\/td>\n<td>25<\/td>\n<\/tr>\n<tr>\n<td>Ma\u00dfeinheit<\/td>\n<td>km\/h<\/td>\n<\/tr>\n<tr>\n<td>Beleuchtung<\/td>\n<td>mit Beleuchtung<\/td>\n<\/tr>\n<tr>\n<td>E-Bike Motor Hersteller<\/td>\n<td>Bosch<\/td>\n<\/tr>\n<tr>\n<td>E-Bike Zulassungspflichtig<\/td>\n<td>Nein<\/td>\n<\/tr>\n<tr>\n<td>Federung<\/td>\n<td>Mit Federung<\/td>\n<\/tr>\n<tr>\n<td>G\u00e4nge<\/td>\n<td>09 &#8211; G\u00e4nge<\/td>\n<\/tr>\n<tr>\n<td>Geschlecht<\/td>\n<td>Herren<\/td>\n<\/tr>\n<tr>\n<td>Marke<\/td>\n<td>Cube<\/td>\n<\/tr>\n<tr>\n<td>Radgr\u00f6\u00dfe<\/td>\n<td>29 Zoll<\/td>\n<\/tr>\n<tr>\n<td>Rahmenmaterial<\/td>\n<td>Aluminium<\/td>\n<\/tr>\n<tr>\n<td>Saison<\/td>\n<td>2022<\/td>\n<\/tr>\n<tr>\n<td>Schaltart<\/td>\n<td>Kettenschaltung<\/td>\n<\/tr>\n<tr>\n<td>Kompatibilit\u00e4t Fahrradst\u00e4nder<\/td>\n<td>Herunterladen<\/td>\n<\/tr>\n<\/tbody>\n<\/table><\/div>\n<\/p><\/div>\n<\/p><\/div>\n<\/p><\/div>\n","protected":false},"excerpt":{"rendered":"<p>Cube Reaction Hybrid Performance 500 Allroad &#8211; 500 Wh &#8211; 2022 &#8211; 29 Zoll &#8211; Diamant Cube Reaction Hybrid Performance Form folgt Funktion. Der schlanke Rahmen des Reaction Hybrid Performance Allroad beherbergt diskret einen Bosch-Akku mit hoher Kapazit\u00e4t im Unterrohr f\u00fcr zus\u00e4tzliche Eleganz und besseren Schutz vor den Elementen. Die innenliegende Kabelf\u00fchrung tr\u00e4gt zum eleganten Design bei und bietet zuverl\u00e4ssige,\u2026<\/p>\n","protected":false},"featured_media":4401,"comment_status":"closed","ping_status":"closed","template":"","meta":[],"product_brand":[],"product_cat":[93,97,102],"product_tag":[],"class_list":{"0":"post-4367","1":"product","2":"type-product","3":"status-publish","4":"has-post-thumbnail","6":"product_cat-e-bike","7":"product_cat-e-bike-trekking","8":"product_cat-e-bikes-2022","10":"first","11":"instock","12":"shipping-taxable","13":"purchasable","14":"product-type-variable"},"_links":{"self":[{"href":"https:\/\/fatbike-de.com\/index.php\/wp-json\/wp\/v2\/product\/4367","targetHints":{"allow":["GET"]}}],"collection":[{"href":"https:\/\/fatbike-de.com\/index.php\/wp-json\/wp\/v2\/product"}],"about":[{"href":"https:\/\/fatbike-de.com\/index.php\/wp-json\/wp\/v2\/types\/product"}],"replies":[{"embeddable":true,"href":"https:\/\/fatbike-de.com\/index.php\/wp-json\/wp\/v2\/comments?post=4367"}],"wp:featuredmedia":[{"embeddable":true,"href":"https:\/\/fatbike-de.com\/index.php\/wp-json\/wp\/v2\/media\/4401"}],"wp:attachment":[{"href":"https:\/\/fatbike-de.com\/index.php\/wp-json\/wp\/v2\/media?parent=4367"}],"wp:term":[{"taxonomy":"product_brand","embeddable":true,"href":"https:\/\/fatbike-de.com\/index.php\/wp-json\/wp\/v2\/product_brand?post=4367"},{"taxonomy":"product_cat","embeddable":true,"href":"https:\/\/fatbike-de.com\/index.php\/wp-json\/wp\/v2\/product_cat?post=4367"},{"taxonomy":"product_tag","embeddable":true,"href":"https:\/\/fatbike-de.com\/index.php\/wp-json\/wp\/v2\/product_tag?post=4367"}],"curies":[{"name":"wp","href":"https:\/\/api.w.org\/{rel}","templated":true}]}}