{"id":4775,"date":"2024-02-27T11:55:25","date_gmt":"2024-02-27T10:55:25","guid":{"rendered":"https:\/\/fatbike-de.com\/?post_type=product&#038;p=4775"},"modified":"2024-02-27T11:57:29","modified_gmt":"2024-02-27T10:57:29","slug":"ortler-urbn-lite-1-0-schwarz","status":"publish","type":"product","link":"https:\/\/fatbike-de.com\/index.php\/product\/ortler-urbn-lite-1-0-schwarz\/","title":{"rendered":"Ortler URBN Lite 1.0 schwarz"},"content":{"rendered":"<h2 class=\"product-name cyc-typo_display-3 cyc-margin_bottom-1 cyc-no-texttransform js-productName\">Ortler URBN Lite 1.0 schwarz<\/h2>\n<p>Dein E-Bike kann mehr, als dich bequem von A nach B zu bringen. Du kannst mit deinem Telefon bezahlen, es schlie\u00dft die Haust\u00fcr auf, \u00fcberweist Geld und verschickt Pakete. Wenn du mit dem Ortler URBN Lite 1.0 unterwegs bist, verr\u00e4t es dir zus\u00e4tzlich eine Menge Dinge \u00fcber dein Fahrrad. So reizt du das Potential deines E-Bikes voll aus, auch und gerade dann, wenn du nicht im Sattel sitzt!<\/p>\n<p><b>Das Internet of Things im Fahrrad<\/b><br \/> Die verbaute Kommunikationseinheit mit GPS und LTE hebt das Ortler URBN Lite 1.0 von praktisch allen anderen E-Bikes ab, die momentan auf dem Markt sind. So wei\u00df das Fahrrad nicht nur jederzeit, wo es sich befindet, sondern kann seinen Standort, Fahrstatistiken, zur\u00fcckgelegte Strecke, wie viel Co2 gespart wurde oder die\u00a0Fahrzeit &#8211; auch per Mobilfunk an eine auf deinem Telefon installierte Fahr-Rad-App \u00fcbertragen. Dadurch hast du immer den vollen \u00dcberblick, selbst wenn das Rad vor der T\u00fcr steht.<\/p>\n<p><b>Vernetzung bringt Sicherheit<\/b><br \/> Es liegt auf der Hand, dass eine bessere Vernetzung vor allem die Sicherheit des Rades steigert. Es hat einen eingebauten Bewegungsalarm, wodurch Du jedes Mal eine Meldung bekommst, wenn das E-Bike bewegt wird. Sollte doch einmal der unwahrscheinliche Fall eintreten, dass dieser Schutz umgangen wird, dann bleibt dir immer noch die von au\u00dfen nicht sichtbare GPS-Einheit, mit der du den Standort des Rades in der App verfolgen kannst. So hast du selbst im Fall eines Diebstahls noch eine gute Chance, schnell wieder auf deinem Rad unterwegs zu sein.<\/p>\n<p><b>Gute Basis<\/b><br \/> Auch ohne digitale Innovationen\u00a0ist das Ortler URBN Lite 1.0 ein tolles Rad f\u00fcr die Stadt oder l\u00e4ngere Strecken. Der Aluminiumrahmen sieht mit seinen schlanken Rohren auf Boulevards, im Park oder vor dem Caf\u00e9 fantastisch aus und der Antrieb von Bosch schiebt ordentlich, auch an steilen Anstiegen. Die hochwertigen Komponenten von Shimano aus dem Mountainbike-Bereich sind auch in der Stadt \u00e4u\u00dferst pr\u00e4zise und zuverl\u00e4ssig, w\u00e4hrend der Gep\u00e4cktr\u00e4ger vom Spezialisten Racktime, ohne zu klagen, alle deine Lasten auf sich nimmt. Wenn du diese Basis allerdings mit den smarten Funktionen kombinierst, dann bist du heute schon in der Zukunft des E-Bikes unterwegs!<\/p>\n<p><b>Fahr Rad App<\/b><br \/> Die Fahr Rad App kann kostenlos im Apple App Store und Android Play Store heruntergeladen werden. Um die App und den Tracker miteinander zu verbinden, bekommst du im Anschluss an den Kauf von uns einen Freischaltcode per Mail, um deinen Tracker mit der App zu verbinden.<\/p>\n<p><i>Mit diesem E-Bike erwerben Sie zus\u00e4tzlich das Servicepaket, bestehend aus Diebstahlschutz, Fahrstatistiken und Unfallassistenten f\u00fcr einen Zeitraum von 2 Jahren ab Aktivierung des Services. Es erfolgt keine automatische Verl\u00e4ngerung. Danach k\u00f6nnen Sie das Servicepaket f\u00fcr nur 29 Euro pro Jahr erwerben.<\/i><\/p>\n<p><b>Technische Informationen<\/b><\/p>\n<table cellspacing=\"0\" cellpadding=\"0\">\n<tbody>\n<tr>\n<td valign=\"top\"><b>Rahmenbausatz<\/b><\/td>\n<td valign=\"top\"><\/td>\n<\/tr>\n<tr>\n<td valign=\"top\">Rahmen<\/td>\n<td valign=\"top\">Aluminium, Wellentyp<\/td>\n<\/tr>\n<tr>\n<td valign=\"top\">Gabel<\/td>\n<td valign=\"top\">SR Suntour CR-8V, 50 mm Federweg<\/td>\n<\/tr>\n<tr>\n<td valign=\"top\">Headset<\/td>\n<td valign=\"top\">CN<\/td>\n<\/tr>\n<tr>\n<td valign=\"top\"><b>Motorisierung<\/b><\/td>\n<td valign=\"top\"><\/td>\n<\/tr>\n<tr>\n<td valign=\"top\">Motor<\/td>\n<td valign=\"top\">Bosch ActiveLine:<\/p>\n<p>&#8211; Unterst\u00fctzung bis 25 km\/h &#8211; Leistung: 250 Watt;<\/p>\n<p>&#8211; Verhalten: harmonisch;<\/p>\n<p>&#8211; 4 Unterst\u00fctzungsstufen (Unterst\u00fctzungsstufe \u2013 maximales Drehmoment):<\/p>\n<p>Eco (40 % \u2013 30 Nm) \/ Tour (100 % \u2013 35 Nm) \/ Sport (170 % \u2013 38 Nm) \/ Turbo (250 % \u2013 40 Nm);<\/p>\n<p>&#8211; Erkennung von Gangwechseln und automatische Anpassung dank drei Sensoren, die mehr als 1.000 Mal pro Sekunde Tretkraft, Trittfrequenz und Geschwindigkeit messen;<\/p>\n<p>&#8211; Gehhilfe bis 6 km\/h.<\/td>\n<\/tr>\n<tr>\n<td valign=\"top\">Batterie<\/td>\n<td valign=\"top\">Akku: Bosch Power Pack, Li-Ion 300 Wh, 36\/8,2 Volt\/Ah,<\/p>\n<p>&#8211; Ladezeit 4,5 &#8211; 7,5 h, 1000 Ladezyklen<\/p>\n<p>Ladeger\u00e4t: Bosch 2A Schnellladeger\u00e4t, 230 Volt, 460 Watt<\/p>\n<p>&nbsp;<\/p>\n<p><b>Informationen<\/b>\u00a0:<\/p>\n<p>Die Autonomien werden nur zur Information angegeben.\u00a0Die Hauptfaktoren f\u00fcr den Verlust der Autonomie sind: Gegenwind, Steigungen, Temperatur unter 15 \u00b0C, Reifen mit zu geringem Luftdruck, Benutzergewicht \u00fcber 70 kg, falsche Fahrradeinstellung, falsche Gangschaltung.<\/td>\n<\/tr>\n<tr>\n<td valign=\"top\">Konsole<\/td>\n<td valign=\"top\">Bosch-Purion:<\/p>\n<p>&#8211; Einfache und kompakte Konsole;<\/p>\n<p>-Funktionen: Auswahl und Anzeige der Unterst\u00fctzungsstufe (Aus, Eco, Tour, eMTB\/Sport, Turbo, Gehhilfe), Akkuladung, Momentan-, Durchschnitts- und Maximalgeschwindigkeit, Tages- und Gesamtkilometer, Hintergrundbeleuchtung .<\/td>\n<\/tr>\n<tr>\n<td valign=\"top\"><b>\u00dcbertragung<\/b><\/td>\n<td valign=\"top\"><\/td>\n<\/tr>\n<tr>\n<td valign=\"top\">Integrierter Hub<\/td>\n<td valign=\"top\">Shimano Nexus 7-Gang<\/td>\n<\/tr>\n<tr>\n<td valign=\"top\">Gangschaltung<\/td>\n<td valign=\"top\">Shimano Nexus 7<\/td>\n<\/tr>\n<tr>\n<td valign=\"top\">Pedalboard<\/td>\n<td valign=\"top\">Miranda, 38 Z\u00e4hne Kettenblatt, 170 mm Kurbeln<\/td>\n<\/tr>\n<tr>\n<td valign=\"top\">Tretlager<\/td>\n<td valign=\"top\">integriert<\/td>\n<\/tr>\n<tr>\n<td valign=\"top\">Kassette<\/td>\n<td valign=\"top\">Shimano, 18 Z\u00e4hne<\/td>\n<\/tr>\n<tr>\n<td valign=\"top\">Kette<\/td>\n<td valign=\"top\">KMC Z1W<\/td>\n<\/tr>\n<tr>\n<td valign=\"top\">Bremsen<\/td>\n<td valign=\"top\">Vorne: Shimano BR-T4000 V-Bremse<\/p>\n<p>Hinten: Shimano BR-T4000 V-Bremse + R\u00fccktritt<\/td>\n<\/tr>\n<tr>\n<td valign=\"top\"><b>R\u00e4der und bereifung<\/b><\/td>\n<td valign=\"top\"><\/td>\n<\/tr>\n<tr>\n<td valign=\"top\">R\u00e4der<\/td>\n<td valign=\"top\">Felgen: Sch\u00fcrmann Yak-19, Aluminium<\/p>\n<p>Vorderradnabe: Shimano HBTX500<\/p>\n<p>Shimano Nexus Hinterradnabe mit interner Schaltung, 7 G\u00e4nge<\/p>\n<p>Speichen: Niro 2<\/td>\n<\/tr>\n<tr>\n<td valign=\"top\">Reifen<\/td>\n<td valign=\"top\">Vorne: Schwalbe Road Cruiser 28&#8243;, 42 mm, reflektierend<\/p>\n<p>Hinten: Schwalbe Road Cruiser 28&#8243;, 42 mm, reflektierend<\/td>\n<\/tr>\n<tr>\n<td valign=\"top\"><b>Peripherieger\u00e4te<\/b><\/td>\n<td valign=\"top\"><\/td>\n<\/tr>\n<tr>\n<td valign=\"top\">Aufh\u00e4nger<\/td>\n<td valign=\"top\">Riser-Bar Kalloy HB-RB11, 680 mm, Aluminium<\/td>\n<\/tr>\n<tr>\n<td valign=\"top\">Stengel<\/td>\n<td valign=\"top\">A-Kopf Kalloy ASDC1, Aluminium<\/td>\n<\/tr>\n<tr>\n<td valign=\"top\">Griffe<\/td>\n<td valign=\"top\">CN<\/td>\n<\/tr>\n<tr>\n<td valign=\"top\">Sattelstiel<\/td>\n<td valign=\"top\">Kalloy 30,4 mm, Aluminium<\/td>\n<\/tr>\n<tr>\n<td valign=\"top\">Sattel<\/td>\n<td valign=\"top\">Verkaufe Royal Rio Plus<\/td>\n<\/tr>\n<tr>\n<td valign=\"top\"><b>Beleuchtung<\/b><\/td>\n<td valign=\"top\"><\/td>\n<\/tr>\n<tr>\n<td valign=\"top\">Frontbeleuchtung<\/td>\n<td valign=\"top\">Trelock LS230 20 Lux, Led<\/td>\n<\/tr>\n<tr>\n<td valign=\"top\">Beleuchtung hinten<\/td>\n<td valign=\"top\">Axa Blueline<\/td>\n<\/tr>\n<tr>\n<td valign=\"top\"><b>Beiliegendes Zubeh\u00f6r<\/b><\/td>\n<td valign=\"top\">Standwell Alu-Gep\u00e4cktr\u00e4ger, Kunststoff-Schutzbleche, Hinterbaust\u00e4nder, Kunststoff-Pedale, Klingel, Reflektoren und technische Dokumentation<\/td>\n<\/tr>\n<tr>\n<td valign=\"top\"><b>Maximal zul\u00e4ssiges Gesamtgewicht<\/b><\/td>\n<td valign=\"top\">120kg<\/td>\n<\/tr>\n<\/tbody>\n<\/table>\n","protected":false},"excerpt":{"rendered":"<p>Ortler URBN Lite 1.0 schwarz Dein E-Bike kann mehr, als dich bequem von A nach B zu bringen. Du kannst mit deinem Telefon bezahlen, es schlie\u00dft die Haust\u00fcr auf, \u00fcberweist Geld und verschickt Pakete. Wenn du mit dem Ortler URBN Lite 1.0 unterwegs bist, verr\u00e4t es dir zus\u00e4tzlich eine Menge Dinge \u00fcber dein Fahrrad. So reizt du das Potential deines\u2026<\/p>\n","protected":false},"featured_media":4810,"comment_status":"closed","ping_status":"closed","template":"","meta":[],"product_brand":[],"product_cat":[93,97],"product_tag":[],"class_list":{"0":"post-4775","1":"product","2":"type-product","3":"status-publish","4":"has-post-thumbnail","6":"product_cat-e-bike","7":"product_cat-e-bike-trekking","9":"first","10":"instock","11":"sale","12":"shipping-taxable","13":"purchasable","14":"product-type-variable"},"_links":{"self":[{"href":"https:\/\/fatbike-de.com\/index.php\/wp-json\/wp\/v2\/product\/4775","targetHints":{"allow":["GET"]}}],"collection":[{"href":"https:\/\/fatbike-de.com\/index.php\/wp-json\/wp\/v2\/product"}],"about":[{"href":"https:\/\/fatbike-de.com\/index.php\/wp-json\/wp\/v2\/types\/product"}],"replies":[{"embeddable":true,"href":"https:\/\/fatbike-de.com\/index.php\/wp-json\/wp\/v2\/comments?post=4775"}],"wp:featuredmedia":[{"embeddable":true,"href":"https:\/\/fatbike-de.com\/index.php\/wp-json\/wp\/v2\/media\/4810"}],"wp:attachment":[{"href":"https:\/\/fatbike-de.com\/index.php\/wp-json\/wp\/v2\/media?parent=4775"}],"wp:term":[{"taxonomy":"product_brand","embeddable":true,"href":"https:\/\/fatbike-de.com\/index.php\/wp-json\/wp\/v2\/product_brand?post=4775"},{"taxonomy":"product_cat","embeddable":true,"href":"https:\/\/fatbike-de.com\/index.php\/wp-json\/wp\/v2\/product_cat?post=4775"},{"taxonomy":"product_tag","embeddable":true,"href":"https:\/\/fatbike-de.com\/index.php\/wp-json\/wp\/v2\/product_tag?post=4775"}],"curies":[{"name":"wp","href":"https:\/\/api.w.org\/{rel}","templated":true}]}}