{"id":4892,"date":"2024-02-27T11:58:53","date_gmt":"2024-02-27T10:58:53","guid":{"rendered":"https:\/\/fatbike-de.com\/?post_type=product&#038;p=4892"},"modified":"2024-02-27T12:02:01","modified_gmt":"2024-02-27T11:02:01","slug":"haibike-trekking-4-trapez-beige","status":"publish","type":"product","link":"https:\/\/fatbike-de.com\/index.php\/product\/haibike-trekking-4-trapez-beige\/","title":{"rendered":"HAIBIKE Trekking 4 Trapez beige"},"content":{"rendered":"<h2>HAIBIKE Trekking 4 Trapez beige<\/h2>\n<p>Mit dem neuen HAIBIKE Trekking 4 Trapez Lowstandover bist Du dank der extra komfortablen Geometrie auch f\u00fcr l\u00e4ngere Touren bestens ger\u00fcstet. Der kraftvolle Yamaha PW-TE Motor gibt Dir jederzeit die n\u00f6tige Power f\u00fcr viele Kilometer \u2013 egal ob auf dem Weg zur Arbeit oder auf einer Mehrtagestour mit Gep\u00e4ck. Die StVZO-konforme Ausstattung macht dieses eTrekkingbike zum idealen Begleiter f\u00fcr alle Deine Ausfl\u00fcge.<\/p>\n<h2 class=\"cyc-typo_display-2 pdp__headline\">Ausstattung<\/h2>\n<div class=\"equipment-container js-productSpecifications\">\n<div class=\"pdp_featurelist\">\n<div class=\"pdp_featureitem\">\n<div id=\"productionYear\" class=\"modal\">\n<table class=\"attributes\">\n<tbody>\n<tr>\n<th id=\"attrTitle_1\"><strong>Gewicht<\/strong><\/th>\n<td id=\"attrValue_1\">24.60<\/td>\n<\/tr>\n<tr>\n<th id=\"attrTitle_2\"><strong>Farbe<\/strong><\/th>\n<td id=\"attrValue_2\">desert\/white<\/td>\n<\/tr>\n<tr>\n<th id=\"attrTitle_3\"><strong>Farbzuordnung<\/strong><\/th>\n<td id=\"attrValue_3\">Wei\u00df<\/td>\n<\/tr>\n<tr>\n<th id=\"attrTitle_4\"><strong>Rahmenform<\/strong><\/th>\n<td id=\"attrValue_4\">Trapez<\/td>\n<\/tr>\n<tr>\n<th id=\"attrTitle_5\"><strong>Ganganzahl<\/strong><\/th>\n<td id=\"attrValue_5\">9<\/td>\n<\/tr>\n<tr>\n<th id=\"attrTitle_6\"><strong>Federweg in mm<\/strong><\/th>\n<td id=\"attrValue_6\">63.00<\/td>\n<\/tr>\n<tr>\n<th id=\"attrTitle_7\"><strong>Durchmesser Scheibenbremse hinten<\/strong><\/th>\n<td id=\"attrValue_7\">180.00<\/td>\n<\/tr>\n<tr>\n<th id=\"attrTitle_8\"><strong>Durchmesser Scheibenbremse vorn<\/strong><\/th>\n<td id=\"attrValue_8\">180.00<\/td>\n<\/tr>\n<tr>\n<th id=\"attrTitle_9\"><strong>Akkuposition<\/strong><\/th>\n<td id=\"attrValue_9\">intube<\/td>\n<\/tr>\n<tr>\n<th id=\"attrTitle_10\"><strong>Federung<\/strong><\/th>\n<td id=\"attrValue_10\">stahlgefedert<\/td>\n<\/tr>\n<tr>\n<th id=\"attrTitle_11\"><strong>Schaltart<\/strong><\/th>\n<td id=\"attrValue_11\">Kettenschaltung<\/td>\n<\/tr>\n<tr>\n<th id=\"attrTitle_12\"><strong>Motorposition<\/strong><\/th>\n<td id=\"attrValue_12\">Mittelmotor<\/td>\n<\/tr>\n<tr>\n<th id=\"attrTitle_13\"><strong>Gabelhersteller<\/strong><\/th>\n<td id=\"attrValue_13\">SR Suntour<\/td>\n<\/tr>\n<tr>\n<th id=\"attrTitle_14\"><strong>Bremssystem<\/strong><\/th>\n<td id=\"attrValue_14\">Scheibenbremse, hydraulisch<\/td>\n<\/tr>\n<tr>\n<th id=\"attrTitle_15\"><strong>Rahmenmaterial<\/strong><\/th>\n<td id=\"attrValue_15\">Aluminium<\/td>\n<\/tr>\n<tr>\n<th id=\"attrTitle_16\"><strong>Schaltung<\/strong><\/th>\n<td id=\"attrValue_16\">Shimano Altus M2000, 9-Gang<\/td>\n<\/tr>\n<tr>\n<th id=\"attrTitle_17\"><strong>Reifen<\/strong><\/th>\n<td id=\"attrValue_17\">Continental Contact Urban, 55-584, Reflex<\/td>\n<\/tr>\n<tr>\n<th id=\"attrTitle_18\"><strong>Beleuchtung<\/strong><\/th>\n<td id=\"attrValue_18\">Trelock Bike &#8211; i Veo LS230, 20 lux \/ AXA Blueline<\/td>\n<\/tr>\n<tr>\n<th id=\"attrTitle_19\"><strong>Motorart<\/strong><\/th>\n<td id=\"attrValue_19\">Yamaha PW-TE System, 250W, 60Nm, 25km\/h<\/td>\n<\/tr>\n<tr>\n<th id=\"attrTitle_20\"><strong>Gabel<\/strong><\/th>\n<td id=\"attrValue_20\">SR Suntour NEX E25, Stahlfeder, Federweg: 63mm, Stahlschaft 1 1\/8&#8243; &#8211; 1 1\/2&#8243; tapered, 8 x 100mm<\/td>\n<\/tr>\n<tr>\n<th id=\"attrTitle_21\"><strong>Sattelst\u00fctze<\/strong><\/th>\n<td id=\"attrValue_21\">XLC, Patent, 31.6mm, Aluminium<\/td>\n<\/tr>\n<tr>\n<th id=\"attrTitle_22\"><strong>Lenker<\/strong><\/th>\n<td id=\"attrValue_22\">XLC Topflat 720mm<\/td>\n<\/tr>\n<tr>\n<th id=\"attrTitle_23\"><strong>Schutzbleche<\/strong><\/th>\n<td id=\"attrValue_23\">SKS, Chromoplastik<\/td>\n<\/tr>\n<tr>\n<th id=\"attrTitle_24\"><strong>Schalthebel<\/strong><\/th>\n<td id=\"attrValue_24\">Shimano Alivio M3100, Triggerschalter<\/td>\n<\/tr>\n<tr>\n<th id=\"attrTitle_25\"><strong>Zahnkr\u00e4nze<\/strong><\/th>\n<td id=\"attrValue_25\">Shimano HG200, 11-36 Z\u00e4hne<\/td>\n<\/tr>\n<tr>\n<th id=\"attrTitle_26\"><strong>Dynamo<\/strong><\/th>\n<td id=\"attrValue_26\">\u00fcber Systembatterie<\/td>\n<\/tr>\n<tr>\n<th id=\"attrTitle_27\"><strong>Naben<\/strong><\/th>\n<td id=\"attrValue_27\">Haibike TheHub ++, Haibike TheHub ++<\/td>\n<\/tr>\n<tr>\n<th id=\"attrTitle_28\"><strong>Sattel<\/strong><\/th>\n<td id=\"attrValue_28\">Selle Royal Wave<\/td>\n<\/tr>\n<tr>\n<th id=\"attrTitle_29\"><strong>Vorbau<\/strong><\/th>\n<td id=\"attrValue_29\">XLC Alu, A-Head<\/td>\n<\/tr>\n<tr>\n<th id=\"attrTitle_30\"><strong>St\u00e4nder<\/strong><\/th>\n<td id=\"attrValue_30\">Ursus Mooi, einstellbar<\/td>\n<\/tr>\n<tr>\n<th id=\"attrTitle_31\"><strong>Bremse<\/strong><\/th>\n<td id=\"attrValue_31\">Alhonga HT474, Aluminium, 180mm<\/td>\n<\/tr>\n<tr>\n<th id=\"attrTitle_32\"><strong>Felgen<\/strong><\/th>\n<td id=\"attrValue_32\">Sch\u00fcrmann Yak25, ge\u00f6st, Hohlkammerfelge, Aluminium<\/td>\n<\/tr>\n<tr>\n<th id=\"attrTitle_33\"><strong>Pedale<\/strong><\/th>\n<td id=\"attrValue_33\">VP E461 Aluminium, mit Reflektor<\/td>\n<\/tr>\n<tr>\n<th id=\"attrTitle_34\"><strong>Steuersatz<\/strong><\/th>\n<td id=\"attrValue_34\">Cane Creek Viscoset<\/td>\n<\/tr>\n<tr>\n<th id=\"attrTitle_35\"><strong>Griffe<\/strong><\/th>\n<td id=\"attrValue_35\">XLC Comfort bo3<\/td>\n<\/tr>\n<tr>\n<th id=\"attrTitle_36\"><strong>Gep\u00e4cktr\u00e4ger<\/strong><\/th>\n<td id=\"attrValue_36\">Massload Systemgep\u00e4cktr\u00e4ger, MIK<\/td>\n<\/tr>\n<tr>\n<th id=\"attrTitle_37\"><strong>Bremshebel<\/strong><\/th>\n<td id=\"attrValue_37\">Alhonga HT474, Aluminium<\/td>\n<\/tr>\n<tr>\n<th id=\"attrTitle_38\"><strong>Display<\/strong><\/th>\n<td id=\"attrValue_38\">Yamaha Side Switch<\/td>\n<\/tr>\n<tr>\n<th id=\"attrTitle_39\"><strong>Kette<\/strong><\/th>\n<td id=\"attrValue_39\">KMC e9S<\/td>\n<\/tr>\n<tr>\n<th id=\"attrTitle_40\"><strong>Speichen<\/strong><\/th>\n<td id=\"attrValue_40\">Sapim Leader, Schwarz<\/td>\n<\/tr>\n<tr>\n<th id=\"attrTitle_41\"><strong>Akkuleistung (Wh)<\/strong><\/th>\n<td id=\"attrValue_41\">500<\/td>\n<\/tr>\n<tr>\n<th id=\"attrTitle_42\"><strong>Akku<\/strong><\/th>\n<td id=\"attrValue_42\">Yamaha InTube<\/td>\n<\/tr>\n<tr>\n<th id=\"attrTitle_43\"><strong>Modelljahr<\/strong><\/th>\n<td id=\"attrValue_43\">2022<\/td>\n<\/tr>\n<tr>\n<th id=\"attrTitle_44\"><strong>Kategorie<\/strong><\/th>\n<td id=\"attrValue_44\">Trekking\/Touren \/ E-Bikes \/ Pedelecs<\/td>\n<\/tr>\n<tr>\n<th id=\"attrTitle_45\"><strong>Zustand<\/strong><\/th>\n<td id=\"attrValue_45\">neu<\/td>\n<\/tr>\n<\/tbody>\n<\/table><\/div>\n<\/p><\/div>\n<\/p><\/div>\n<\/p><\/div>\n","protected":false},"excerpt":{"rendered":"<p>HAIBIKE Trekking 4 Trapez beige Mit dem neuen HAIBIKE Trekking 4 Trapez Lowstandover bist Du dank der extra komfortablen Geometrie auch f\u00fcr l\u00e4ngere Touren bestens ger\u00fcstet. Der kraftvolle Yamaha PW-TE Motor gibt Dir jederzeit die n\u00f6tige Power f\u00fcr viele Kilometer \u2013 egal ob auf dem Weg zur Arbeit oder auf einer Mehrtagestour mit Gep\u00e4ck. Die StVZO-konforme Ausstattung macht dieses eTrekkingbike\u2026<\/p>\n","protected":false},"featured_media":4933,"comment_status":"closed","ping_status":"closed","template":"","meta":[],"product_brand":[],"product_cat":[93,97,102],"product_tag":[],"class_list":{"0":"post-4892","1":"product","2":"type-product","3":"status-publish","4":"has-post-thumbnail","6":"product_cat-e-bike","7":"product_cat-e-bike-trekking","8":"product_cat-e-bikes-2022","10":"first","11":"instock","12":"sale","13":"shipping-taxable","14":"purchasable","15":"product-type-variable"},"_links":{"self":[{"href":"https:\/\/fatbike-de.com\/index.php\/wp-json\/wp\/v2\/product\/4892","targetHints":{"allow":["GET"]}}],"collection":[{"href":"https:\/\/fatbike-de.com\/index.php\/wp-json\/wp\/v2\/product"}],"about":[{"href":"https:\/\/fatbike-de.com\/index.php\/wp-json\/wp\/v2\/types\/product"}],"replies":[{"embeddable":true,"href":"https:\/\/fatbike-de.com\/index.php\/wp-json\/wp\/v2\/comments?post=4892"}],"wp:featuredmedia":[{"embeddable":true,"href":"https:\/\/fatbike-de.com\/index.php\/wp-json\/wp\/v2\/media\/4933"}],"wp:attachment":[{"href":"https:\/\/fatbike-de.com\/index.php\/wp-json\/wp\/v2\/media?parent=4892"}],"wp:term":[{"taxonomy":"product_brand","embeddable":true,"href":"https:\/\/fatbike-de.com\/index.php\/wp-json\/wp\/v2\/product_brand?post=4892"},{"taxonomy":"product_cat","embeddable":true,"href":"https:\/\/fatbike-de.com\/index.php\/wp-json\/wp\/v2\/product_cat?post=4892"},{"taxonomy":"product_tag","embeddable":true,"href":"https:\/\/fatbike-de.com\/index.php\/wp-json\/wp\/v2\/product_tag?post=4892"}],"curies":[{"name":"wp","href":"https:\/\/api.w.org\/{rel}","templated":true}]}}