{"id":4904,"date":"2024-02-27T11:59:20","date_gmt":"2024-02-27T10:59:20","guid":{"rendered":"https:\/\/fatbike-de.com\/?post_type=product&#038;p=4904"},"modified":"2024-02-27T15:07:13","modified_gmt":"2024-02-27T14:07:13","slug":"haibike-trekking-5-diamant-blau","status":"publish","type":"product","link":"https:\/\/fatbike-de.com\/index.php\/product\/haibike-trekking-5-diamant-blau\/","title":{"rendered":"HAIBIKE Trekking 5 Diamant blau"},"content":{"rendered":"<h2 class=\"product-name cyc-typo_display-3 cyc-margin_bottom-1 cyc-no-texttransform js-productName\">HAIBIKE Trekking 5 Diamant blau<\/h2>\n<p>Du bist jederzeit bereit f\u00fcr gro\u00dfe und kleine Trekking eBike-Abenteuer? Dann starte durch mit dem neuen HAIBIKE Trekking 5! Der Bosch Performance Line Motor unterst\u00fctzt Dich dabei zuverl\u00e4ssig mit ausreichend Power und ein serienm\u00e4\u00dfiger Gep\u00e4cktr\u00e4ger bietet Dir ausreichend Stauraum f\u00fcr Deine Ausr\u00fcstung. Sollte eine Tagesetappe doch mal l\u00e4nger dauern, bringt Dich eine leistungsstarke Beleuchtung auch bei Dunkelheit sicher ans Ziel.<\/p>\n<h2 class=\"cyc-typo_display-2 pdp__headline\">Ausstattung<\/h2>\n<table class=\"attributes\">\n<tbody>\n<tr>\n<th id=\"attrTitle_1\"><strong>Farbzuordnung<\/strong><\/th>\n<td id=\"attrValue_1\">Blau<\/td>\n<\/tr>\n<tr>\n<th id=\"attrTitle_2\"><strong>Farbe<\/strong><\/th>\n<td id=\"attrValue_2\">blue\/canary<\/td>\n<\/tr>\n<tr>\n<th id=\"attrTitle_3\"><strong>Rahmenform<\/strong><\/th>\n<td id=\"attrValue_3\">Diamant<\/td>\n<\/tr>\n<tr>\n<th id=\"attrTitle_4\"><strong>Durchmesser Scheibenbremse vorn<\/strong><\/th>\n<td id=\"attrValue_4\">180.00<\/td>\n<\/tr>\n<tr>\n<th id=\"attrTitle_5\"><strong>Ganganzahl<\/strong><\/th>\n<td id=\"attrValue_5\">9<\/td>\n<\/tr>\n<tr>\n<th id=\"attrTitle_6\"><strong>Federweg in mm<\/strong><\/th>\n<td id=\"attrValue_6\">65.00<\/td>\n<\/tr>\n<tr>\n<th id=\"attrTitle_7\"><strong>Durchmesser Scheibenbremse hinten<\/strong><\/th>\n<td id=\"attrValue_7\">180.00<\/td>\n<\/tr>\n<tr>\n<th id=\"attrTitle_8\"><strong>Motorposition<\/strong><\/th>\n<td id=\"attrValue_8\">Mittelmotor<\/td>\n<\/tr>\n<tr>\n<th id=\"attrTitle_9\"><strong>Gabelhersteller<\/strong><\/th>\n<td id=\"attrValue_9\">SR Suntour<\/td>\n<\/tr>\n<tr>\n<th id=\"attrTitle_10\"><strong>Akkuposition<\/strong><\/th>\n<td id=\"attrValue_10\">intube<\/td>\n<\/tr>\n<tr>\n<th id=\"attrTitle_11\"><strong>Federung<\/strong><\/th>\n<td id=\"attrValue_11\">stahlgefedert<\/td>\n<\/tr>\n<tr>\n<th id=\"attrTitle_12\"><strong>Schaltart<\/strong><\/th>\n<td id=\"attrValue_12\">Kettenschaltung<\/td>\n<\/tr>\n<tr>\n<th id=\"attrTitle_13\"><strong>Bremssystem<\/strong><\/th>\n<td id=\"attrValue_13\">Scheibenbremse, hydraulisch<\/td>\n<\/tr>\n<tr>\n<th id=\"attrTitle_14\"><strong>Rahmenmaterial<\/strong><\/th>\n<td id=\"attrValue_14\">Aluminium<\/td>\n<\/tr>\n<tr>\n<th id=\"attrTitle_15\"><strong>Schaltung<\/strong><\/th>\n<td id=\"attrValue_15\">Shimano Alivio M3100, 9-Gang<\/td>\n<\/tr>\n<tr>\n<th id=\"attrTitle_16\"><strong>Reifen<\/strong><\/th>\n<td id=\"attrValue_16\">WTB Groov-E, 61-584, Reflex<\/td>\n<\/tr>\n<tr>\n<th id=\"attrTitle_17\"><strong>Beleuchtung<\/strong><\/th>\n<td id=\"attrValue_17\">Trelock Bike &#8211; i Veo LS230, 20 lux \/ AXA Juno Ebike<\/td>\n<\/tr>\n<tr>\n<th id=\"attrTitle_18\"><strong>Motorart<\/strong><\/th>\n<td id=\"attrValue_18\">Bosch Performance Line, 250W, 65Nm, 25km\/h<\/td>\n<\/tr>\n<tr>\n<th id=\"attrTitle_19\"><strong>Gabel<\/strong><\/th>\n<td id=\"attrValue_19\">SR Suntour XCM ATB HLO, Stahlfeder, Federweg: 65mm, Stahlschaft 1 1\/8&#8243; &#8211; 1 1\/2&#8243; tapered, 15 x 110mm Steckachse Boost<\/td>\n<\/tr>\n<tr>\n<th id=\"attrTitle_20\"><strong>Sattelst\u00fctze<\/strong><\/th>\n<td id=\"attrValue_20\">XLC, Patent, 31.6mm, Aluminium<\/td>\n<\/tr>\n<tr>\n<th id=\"attrTitle_21\"><strong>Lenker<\/strong><\/th>\n<td id=\"attrValue_21\">XLC Topflat 720mm<\/td>\n<\/tr>\n<tr>\n<th id=\"attrTitle_22\"><strong>Schutzbleche<\/strong><\/th>\n<td id=\"attrValue_22\">Eurofender Tempo, Chromoplastik<\/td>\n<\/tr>\n<tr>\n<th id=\"attrTitle_23\"><strong>Schalthebel<\/strong><\/th>\n<td id=\"attrValue_23\">Shimano Alivio M3100, Triggerschalter<\/td>\n<\/tr>\n<tr>\n<th id=\"attrTitle_24\"><strong>Zahnkr\u00e4nze<\/strong><\/th>\n<td id=\"attrValue_24\">Shimano HG200, 11-36 Z\u00e4hne<\/td>\n<\/tr>\n<tr>\n<th id=\"attrTitle_25\"><strong>Speichen<\/strong><\/th>\n<td id=\"attrValue_25\">Sapim Leader, Schwarz<\/td>\n<\/tr>\n<tr>\n<th id=\"attrTitle_26\"><strong>Naben<\/strong><\/th>\n<td id=\"attrValue_26\">Haibike TheHub ++, Haibike TheHub ++<\/td>\n<\/tr>\n<tr>\n<th id=\"attrTitle_27\"><strong>Sattel<\/strong><\/th>\n<td id=\"attrValue_27\">Selle Royal Wave<\/td>\n<\/tr>\n<tr>\n<th id=\"attrTitle_28\"><strong>Vorbau<\/strong><\/th>\n<td id=\"attrValue_28\">XLC Alu, A-Head<\/td>\n<\/tr>\n<tr>\n<th id=\"attrTitle_29\"><strong>St\u00e4nder<\/strong><\/th>\n<td id=\"attrValue_29\">Ursus Mooi, einstellbar<\/td>\n<\/tr>\n<tr>\n<th id=\"attrTitle_30\"><strong>Bremse<\/strong><\/th>\n<td id=\"attrValue_30\">Alhonga HT474, Aluminium, 180mm<\/td>\n<\/tr>\n<tr>\n<th id=\"attrTitle_31\"><strong>Dynamo<\/strong><\/th>\n<td id=\"attrValue_31\">\u00fcber Systembatterie<\/td>\n<\/tr>\n<tr>\n<th id=\"attrTitle_32\"><strong>Felgen<\/strong><\/th>\n<td id=\"attrValue_32\">Sch\u00fcrmann Yak25, ge\u00f6st, Hohlkammerfelge, Aluminium<\/td>\n<\/tr>\n<tr>\n<th id=\"attrTitle_33\"><strong>Pedale<\/strong><\/th>\n<td id=\"attrValue_33\">VP E461 Aluminium, mit Reflektor<\/td>\n<\/tr>\n<tr>\n<th id=\"attrTitle_34\"><strong>Steuersatz<\/strong><\/th>\n<td id=\"attrValue_34\">A-Head Tapered<\/td>\n<\/tr>\n<tr>\n<th id=\"attrTitle_35\"><strong>Griffe<\/strong><\/th>\n<td id=\"attrValue_35\">XLC Comfort bo3<\/td>\n<\/tr>\n<tr>\n<th id=\"attrTitle_36\"><strong>Gep\u00e4cktr\u00e4ger<\/strong><\/th>\n<td id=\"attrValue_36\">Massload Systemgep\u00e4cktr\u00e4ger, MIK<\/td>\n<\/tr>\n<tr>\n<th id=\"attrTitle_37\"><strong>Bremshebel<\/strong><\/th>\n<td id=\"attrValue_37\">Alhonga HT474, Aluminium<\/td>\n<\/tr>\n<tr>\n<th id=\"attrTitle_38\"><strong>Display<\/strong><\/th>\n<td id=\"attrValue_38\">Bosch Purion<\/td>\n<\/tr>\n<tr>\n<th id=\"attrTitle_39\"><strong>Kette<\/strong><\/th>\n<td id=\"attrValue_39\">KMC e9S<\/td>\n<\/tr>\n<tr>\n<th id=\"attrTitle_40\"><strong>Akkuleistung (Wh)<\/strong><\/th>\n<td id=\"attrValue_40\">500<\/td>\n<\/tr>\n<tr>\n<th id=\"attrTitle_41\"><strong>Akku<\/strong><\/th>\n<td id=\"attrValue_41\">Bosch PowerTube<\/td>\n<\/tr>\n<tr>\n<th id=\"attrTitle_42\"><strong>Modelljahr<\/strong><\/th>\n<td id=\"attrValue_42\">2022<\/td>\n<\/tr>\n<tr>\n<th id=\"attrTitle_43\"><strong>Kategorie<\/strong><\/th>\n<td id=\"attrValue_43\">Trekking\/Touren \/ E-Bikes \/ Pedelecs<\/td>\n<\/tr>\n<tr>\n<th id=\"attrTitle_44\"><strong>Zustand<\/strong><\/th>\n<td id=\"attrValue_44\">neu<\/td>\n<\/tr>\n<\/tbody>\n<\/table>\n","protected":false},"excerpt":{"rendered":"<p>HAIBIKE Trekking 5 Diamant blau Du bist jederzeit bereit f\u00fcr gro\u00dfe und kleine Trekking eBike-Abenteuer? Dann starte durch mit dem neuen HAIBIKE Trekking 5! Der Bosch Performance Line Motor unterst\u00fctzt Dich dabei zuverl\u00e4ssig mit ausreichend Power und ein serienm\u00e4\u00dfiger Gep\u00e4cktr\u00e4ger bietet Dir ausreichend Stauraum f\u00fcr Deine Ausr\u00fcstung. Sollte eine Tagesetappe doch mal l\u00e4nger dauern, bringt Dich eine leistungsstarke Beleuchtung auch\u2026<\/p>\n","protected":false},"featured_media":4963,"comment_status":"closed","ping_status":"closed","template":"","meta":[],"product_brand":[],"product_cat":[93,97,102],"product_tag":[],"class_list":{"0":"post-4904","1":"product","2":"type-product","3":"status-publish","4":"has-post-thumbnail","6":"product_cat-e-bike","7":"product_cat-e-bike-trekking","8":"product_cat-e-bikes-2022","10":"first","11":"instock","12":"sale","13":"shipping-taxable","14":"purchasable","15":"product-type-variable"},"_links":{"self":[{"href":"https:\/\/fatbike-de.com\/index.php\/wp-json\/wp\/v2\/product\/4904","targetHints":{"allow":["GET"]}}],"collection":[{"href":"https:\/\/fatbike-de.com\/index.php\/wp-json\/wp\/v2\/product"}],"about":[{"href":"https:\/\/fatbike-de.com\/index.php\/wp-json\/wp\/v2\/types\/product"}],"replies":[{"embeddable":true,"href":"https:\/\/fatbike-de.com\/index.php\/wp-json\/wp\/v2\/comments?post=4904"}],"wp:featuredmedia":[{"embeddable":true,"href":"https:\/\/fatbike-de.com\/index.php\/wp-json\/wp\/v2\/media\/4963"}],"wp:attachment":[{"href":"https:\/\/fatbike-de.com\/index.php\/wp-json\/wp\/v2\/media?parent=4904"}],"wp:term":[{"taxonomy":"product_brand","embeddable":true,"href":"https:\/\/fatbike-de.com\/index.php\/wp-json\/wp\/v2\/product_brand?post=4904"},{"taxonomy":"product_cat","embeddable":true,"href":"https:\/\/fatbike-de.com\/index.php\/wp-json\/wp\/v2\/product_cat?post=4904"},{"taxonomy":"product_tag","embeddable":true,"href":"https:\/\/fatbike-de.com\/index.php\/wp-json\/wp\/v2\/product_tag?post=4904"}],"curies":[{"name":"wp","href":"https:\/\/api.w.org\/{rel}","templated":true}]}}