{"id":5157,"date":"2024-02-27T12:14:13","date_gmt":"2024-02-27T11:14:13","guid":{"rendered":"https:\/\/fatbike-de.com\/?post_type=product&#038;p=5157"},"modified":"2024-02-27T12:15:06","modified_gmt":"2024-02-27T11:15:06","slug":"flyer-upstreet3-7-23-stufenlose-gangschaltung","status":"publish","type":"product","link":"https:\/\/fatbike-de.com\/index.php\/product\/flyer-upstreet3-7-23-stufenlose-gangschaltung\/","title":{"rendered":"FLYER Upstreet3 7.23, Stufenlose Gangschaltung"},"content":{"rendered":"<h2>FLYER Upstreet3 7.23, Stufenlose Gangschaltung<\/h2>\n<p>FLYER Upstreet3 7.23 Das robuste Upstreet3 &#8222;for Big People&#8220; macht Lust auf mehr Zweiradzeit und ist f\u00fcr fast alles zu haben. Beim schnellen Pendeln zur Arbeit ist dieses sportlich-elegante E-Bike ebenso in seinem <a href=\"http:\/\/flyer.de\/imache\" target=\"_blank\" rel=\"noopener\">Element<\/a> wie auf dem Umweg \u00fcbers Land am Feierabend. Zugelassen bis 180 Kg.<\/p>\n<p>Bitte beachten Sie, dass eventuell angegebene Reichweiten nur ca. Angaben entsprechen. tats\u00e4chliche Reichweite kann abweichen und je nach gew\u00e4hlter Unterst\u00fctzungsstufe, der Streckentopografie, dem Gewicht des Fahrers, den Wetterverh\u00e4ltnissen und anderer Faktoren niedriger oder h\u00f6her ausfallen.<\/p>\n<p>Die Komponenten sind eine Auslese h\u00f6chster Stabilit\u00e4t und dadurch f\u00fcr ein h\u00f6heres Gesamtgewicht von 180 kg freigegeben. Die gefederte Sattelst\u00fctze, die robuste Luftfedergabel und die potenten Bremsen halten h\u00f6chsten Belastungen stand und der Panasonic GX Ultimate Antrieb liefert die entsprechende Energie. Das Upstreet3 bietet h\u00f6chste Ergonomie f\u00fcr hochgewachsene Fahrer. Der Riese unter den E-Bikes ist in zus\u00e4tzlichen Rahmengr\u00f6ssen\u00a0 erh\u00e4ltlich und der All up Vorbau optimal auf die Gr\u00f6sse des Fahrers einstellbar.<\/p>\n<h2>Ausstattung<\/h2>\n<table class=\"attributes\">\n<tbody>\n<tr>\n<th id=\"attrTitle_1\"><strong>Akkuleistung (Wh)<\/strong><\/th>\n<td id=\"attrValue_1\">750<\/td>\n<\/tr>\n<tr>\n<th id=\"attrTitle_2\"><strong>Akkuposition<\/strong><\/th>\n<td id=\"attrValue_2\">teilintegriert<\/td>\n<\/tr>\n<tr>\n<th id=\"attrTitle_3\"><strong>Anfahr-\/Schiebehilfe<\/strong><\/th>\n<td id=\"attrValue_3\">ja<\/td>\n<\/tr>\n<tr>\n<th id=\"attrTitle_4\"><strong>Beleuchtung<\/strong><\/th>\n<td id=\"attrValue_4\">Busch &amp; M\u00fcller IQ-X<\/td>\n<\/tr>\n<tr>\n<th id=\"attrTitle_5\"><strong>Bremse<\/strong><\/th>\n<td id=\"attrValue_5\">Magura MT5, 203\/180 mm<\/td>\n<\/tr>\n<tr>\n<th id=\"attrTitle_6\"><strong>Bremshebel<\/strong><\/th>\n<td id=\"attrValue_6\">Magura<\/td>\n<\/tr>\n<tr>\n<th id=\"attrTitle_7\"><strong>Display<\/strong><\/th>\n<td id=\"attrValue_7\">D0<\/td>\n<\/tr>\n<tr>\n<th id=\"attrTitle_8\"><strong>Farbe<\/strong><\/th>\n<td id=\"attrValue_8\">curcuma<\/td>\n<\/tr>\n<tr>\n<th id=\"attrTitle_9\"><strong>Gabel<\/strong><\/th>\n<td id=\"attrValue_9\">SR Suntour Mobie45 Air, 60 mm travel, 15 x 100 mm axle<\/td>\n<\/tr>\n<tr>\n<th id=\"attrTitle_10\"><strong>Ganganzahl<\/strong><\/th>\n<td id=\"attrValue_10\">stufenlos<\/td>\n<\/tr>\n<tr>\n<th id=\"attrTitle_12\"><strong>Kategorie<\/strong><\/th>\n<td id=\"attrValue_12\">E-Bikes \/ Pedelecs \/ Trekking\/Touren<\/td>\n<\/tr>\n<tr>\n<th id=\"attrTitle_13\"><strong>Laufradgr\u00f6\u00dfe<\/strong><\/th>\n<td id=\"attrValue_13\">27,5<\/td>\n<\/tr>\n<tr>\n<th id=\"attrTitle_14\"><strong>Modelljahr<\/strong><\/th>\n<td id=\"attrValue_14\">2022<\/td>\n<\/tr>\n<tr>\n<th id=\"attrTitle_15\"><strong>Motorenhersteller<\/strong><\/th>\n<td id=\"attrValue_15\">Panasonic<\/td>\n<\/tr>\n<tr>\n<th id=\"attrTitle_16\"><strong>Motorleistung (Watt)<\/strong><\/th>\n<td id=\"attrValue_16\">250<\/td>\n<\/tr>\n<tr>\n<th id=\"attrTitle_17\"><strong>Motorposition<\/strong><\/th>\n<td id=\"attrValue_17\">Tretlager (mittig)<\/td>\n<\/tr>\n<tr>\n<th id=\"attrTitle_18\"><strong>Motorunterst\u00fctzung<\/strong><\/th>\n<td id=\"attrValue_18\">bis 25 km\/h<\/td>\n<\/tr>\n<tr>\n<th id=\"attrTitle_19\"><strong>Pedalen enthalten<\/strong><\/th>\n<td id=\"attrValue_19\">ja<\/td>\n<\/tr>\n<tr>\n<th id=\"attrTitle_20\"><strong>Rahmengr\u00f6\u00dfe<\/strong><\/th>\n<td id=\"attrValue_20\">L, M, S, XL<\/td>\n<\/tr>\n<tr>\n<th id=\"attrTitle_21\"><strong>Rahmenmaterial<\/strong><\/th>\n<td id=\"attrValue_21\">Aluminium<\/td>\n<\/tr>\n<tr>\n<th id=\"attrTitle_22\"><strong>Sattelst\u00fctze<\/strong><\/th>\n<td id=\"attrValue_22\">by Schulz<\/td>\n<\/tr>\n<tr>\n<th id=\"attrTitle_23\"><strong>Schalthebel<\/strong><\/th>\n<td id=\"attrValue_23\">enviolo<\/td>\n<\/tr>\n<tr>\n<th id=\"attrTitle_24\"><strong>Schaltung<\/strong><\/th>\n<td id=\"attrValue_24\">enviolo<\/td>\n<\/tr>\n<tr>\n<th id=\"attrTitle_25\"><strong>Zustand<\/strong><\/th>\n<td id=\"attrValue_25\">neu<\/td>\n<\/tr>\n<\/tbody>\n<\/table>\n","protected":false},"excerpt":{"rendered":"<p>FLYER Upstreet3 7.23, Stufenlose Gangschaltung FLYER Upstreet3 7.23 Das robuste Upstreet3 &#8222;for Big People&#8220; macht Lust auf mehr Zweiradzeit und ist f\u00fcr fast alles zu haben. Beim schnellen Pendeln zur Arbeit ist dieses sportlich-elegante E-Bike ebenso in seinem Element wie auf dem Umweg \u00fcbers Land am Feierabend. Zugelassen bis 180 Kg. Bitte beachten Sie, dass eventuell angegebene Reichweiten nur ca.\u2026<\/p>\n","protected":false},"featured_media":5189,"comment_status":"closed","ping_status":"closed","template":"","meta":[],"product_brand":[],"product_cat":[93,97,100,102],"product_tag":[],"class_list":{"0":"post-5157","1":"product","2":"type-product","3":"status-publish","4":"has-post-thumbnail","6":"product_cat-e-bike","7":"product_cat-e-bike-trekking","8":"product_cat-e-bike-fahrrad","9":"product_cat-e-bikes-2022","11":"first","12":"instock","13":"sale","14":"shipping-taxable","15":"purchasable","16":"product-type-variable"},"_links":{"self":[{"href":"https:\/\/fatbike-de.com\/index.php\/wp-json\/wp\/v2\/product\/5157","targetHints":{"allow":["GET"]}}],"collection":[{"href":"https:\/\/fatbike-de.com\/index.php\/wp-json\/wp\/v2\/product"}],"about":[{"href":"https:\/\/fatbike-de.com\/index.php\/wp-json\/wp\/v2\/types\/product"}],"replies":[{"embeddable":true,"href":"https:\/\/fatbike-de.com\/index.php\/wp-json\/wp\/v2\/comments?post=5157"}],"wp:featuredmedia":[{"embeddable":true,"href":"https:\/\/fatbike-de.com\/index.php\/wp-json\/wp\/v2\/media\/5189"}],"wp:attachment":[{"href":"https:\/\/fatbike-de.com\/index.php\/wp-json\/wp\/v2\/media?parent=5157"}],"wp:term":[{"taxonomy":"product_brand","embeddable":true,"href":"https:\/\/fatbike-de.com\/index.php\/wp-json\/wp\/v2\/product_brand?post=5157"},{"taxonomy":"product_cat","embeddable":true,"href":"https:\/\/fatbike-de.com\/index.php\/wp-json\/wp\/v2\/product_cat?post=5157"},{"taxonomy":"product_tag","embeddable":true,"href":"https:\/\/fatbike-de.com\/index.php\/wp-json\/wp\/v2\/product_tag?post=5157"}],"curies":[{"name":"wp","href":"https:\/\/api.w.org\/{rel}","templated":true}]}}