{"id":8211,"date":"2024-02-27T14:24:04","date_gmt":"2024-02-27T13:24:04","guid":{"rendered":"https:\/\/fatbike-de.com\/?post_type=product&#038;p=8211"},"modified":"2024-02-27T14:24:38","modified_gmt":"2024-02-27T13:24:38","slug":"thule-velospace-xt-2-black-edition-938-fahrradtrager","status":"publish","type":"product","link":"https:\/\/fatbike-de.com\/index.php\/product\/thule-velospace-xt-2-black-edition-938-fahrradtrager\/","title":{"rendered":"Thule VeloSpace XT 2 BLACK EDITION 938 &#8211; Fahrradtr\u00e4ger"},"content":{"rendered":"<h2 class=\"product--title\"><strong>Thule<\/strong>\u00a0VeloSpace XT 2 BLACK EDITION 938 &#8211; Fahrradtr\u00e4ger<\/h2>\n<p>Der Thule VeloSpace XT 2 in der &#8222;Black Edition&#8220; ist auf den Transport von 2 <a href=\"http:\/\/1-1\">R\u00e4dern<\/a> ausgelegt, mit dem VeloSpace XT Adapters kann die Ladekapazit\u00e4t auf 3 R\u00e4der erh\u00f6ht werden. Aufgrund seiner hohen Nutzlast ist auch der Transport von E-Bikes und schweren Mountainbikes m\u00f6glich.<\/p>\n<hr \/>\n<h3>Features &#8211; VeloSpace XT 2<\/h3>\n<ul>\n<li>Hohe Zuladung erm\u00f6glicht den Transport von E-Bikes und schweren Mountainbikes<\/li>\n<li>Der extragro\u00dfe Abstand zwischen den Radhalterungen (25 cm) erm\u00f6glicht eine einfache Befestigung von massiven Fahrr\u00e4dern<\/li>\n<li>Die Ladekapazit\u00e4t l\u00e4sst sich durch Anbau des Thule VeloSpace XT Bike Adapters auf 3 Fahrr\u00e4der erh\u00f6hen<\/li>\n<li>Radschienen mit \u00dcberl\u00e4nge erm\u00f6glichen den Transport von gro\u00dfen Fahrr\u00e4dern (bis 1300 mm Radstand).<\/li>\n<li>Extra lange Felgenhalteb\u00e4nder mit Ratschenfunktion gestatten die einfache Befestigung von R\u00e4dern (Radbreite bis 4.7 Zoll), wodurch der Transport von Fatbikes erm\u00f6glicht wird<\/li>\n<li>Einfache Befestigung der Fahrr\u00e4der durch abnehmbare Fahrradhaltearme mit Thule AcuTight Drehmomentbegrenzer-Kn\u00f6pfen, die \u201eklicken\u201c, wenn das optimale Drehmoment erreicht ist<\/li>\n<li>Einfache Montage und Einstellung des Fahrradtr\u00e4gers vor dem Schlie\u00dfen des Spannhebels dank der stabilen Verbindung zur Anh\u00e4ngekupplung<\/li>\n<li>Praktischer Abklappmechanismus mit Fu\u00dfpedal erm\u00f6glicht einfachen Zugang zum Kofferraum, selbst mit Fahrr\u00e4dern auf dem Tr\u00e4ger<\/li>\n<li>Schlie\u00dfe deine Fahrr\u00e4der am Fahrradtr\u00e4ger und den Fahrradtr\u00e4ger an der Anh\u00e4ngekupplung ab (Schl\u00f6sser im Lieferumfang enthalten)<\/li>\n<li>In Verbindung mit dem Thule BackSpace XT erhalts du eine Allround-Frachtbox, die 300 Liter zus\u00e4tzlichen, leicht zug\u00e4nglichen Stauraum bietet<\/li>\n<\/ul>\n<h3>Produkteigenschaften<\/h3>\n<ul>\n<li><strong>Max. Anzahl Fahrr\u00e4der:<\/strong>\u00a02\u00a0<em>(Mit Thule 9381 VeloSpace XT Bike Adapter l\u00e4\u00dft sich die Kapazit\u00e4t auf 3 Fahrr\u00e4der erh\u00f6hen &#8211; Nicht im Lieferumfang enthalten!)<\/em><\/li>\n<li><strong>Zuladung:<\/strong>\u00a060 kg<\/li>\n<li><strong>Ma\u00dfe:<\/strong>\u00a0135 x 69 x 79 cm<\/li>\n<li><strong>Ma\u00dfe zusammengeklappt:\u00a0<\/strong>135 x 74 x 25 cm<\/li>\n<li><strong>Eignung f\u00fcr Rahmengr\u00f6\u00dfen:\u00a0<\/strong>22\u201380 mm<\/li>\n<li><strong>Abnehmbare Rahmenhalter:\u00a0<\/strong>Ja<\/li>\n<li><strong>Abstand zwischen Fahrr\u00e4dern:<\/strong>\u00a025 cm<\/li>\n<li><strong>Radmontage an verstellbaren Haltern:<\/strong>\u00a0Pump buckles<\/li>\n<li><strong>Geeignet f\u00fcr Karbonrahmen:<\/strong>\u00a0Ja\u00a0<em>(Mit Thule Carbon Frame Protector<\/em><em>\u00a0Adapter\u00a0&#8211; Nicht im Lieferumfang enthalten!)<\/em><\/li>\n<li><strong>Abklappbar (mit Fahrr\u00e4dern):<\/strong>\u00a0Ja<\/li>\n<li><strong>Geeignet f\u00fcr Fahrzeuge mit Ersatzrad am Heck:<\/strong>\u00a0Nein<\/li>\n<li><strong>R\u00fcckleuchten:<\/strong>\u00a0Ja<\/li>\n<li><strong>Steckeranschluss:<\/strong>\u00a013-pin<em><br \/> <\/em><\/li>\n<li><strong>Kompatibel mit One-Key System:\u00a0<\/strong>Ja<\/li>\n<li><strong>Fahrrad am Tr\u00e4ger abschlie\u00dfbar:<\/strong>\u00a0Ja<\/li>\n<li><strong>Tr\u00e4ger abschlie\u00dfbar am Fahrzeug:<\/strong>\u00a0Ja<\/li>\n<\/ul>\n<h3>Kompatibilit\u00e4t<\/h3>\n<ul>\n<li><strong>Max. Reifenbreite:<\/strong>\u00a03&#8243;(Mit Thule XXL Fatbike Wheel Straps 4.7&#8243;)<\/li>\n<li><strong>Max. Felgendurchmesser:<\/strong>\u00a029&#8243;<\/li>\n<li><strong>Max. Radabstand:<\/strong>\u00a01300mm<\/li>\n<\/ul>\n<h3>Gewicht<\/h3>\n<ul>\n<li>18.7 kg (Herstellerangabe)<\/li>\n<\/ul>\n<hr \/>\n<h3>Lieferumfang<\/h3>\n<ul>\n<li>1 x Thule 938 VeloSpace XT 2 BLACK EDITION Fahrradtr\u00e4ger<\/li>\n<\/ul>\n<p><em>Thule 9381 VeloSpace XT Bike Adapter ist nicht im Lieferumfang enthalten!<\/em><\/p>\n<hr \/>\n<h3>Towbar Bike Rack &#8211; Thule VeloSpace XT 2 + Thule VeloSpace XT Bike Adapter<\/h3>\n","protected":false},"excerpt":{"rendered":"<p>Thule\u00a0VeloSpace XT 2 BLACK EDITION 938 &#8211; Fahrradtr\u00e4ger Der Thule VeloSpace XT 2 in der &#8222;Black Edition&#8220; ist auf den Transport von 2 R\u00e4dern ausgelegt, mit dem VeloSpace XT Adapters kann die Ladekapazit\u00e4t auf 3 R\u00e4der erh\u00f6ht werden. Aufgrund seiner hohen Nutzlast ist auch der Transport von E-Bikes und schweren Mountainbikes m\u00f6glich. Features &#8211; VeloSpace XT 2 Hohe Zuladung erm\u00f6glicht\u2026<\/p>\n","protected":false},"featured_media":8228,"comment_status":"closed","ping_status":"closed","template":"","meta":[],"product_brand":[],"product_cat":[118,113],"product_tag":[],"class_list":{"0":"post-8211","1":"product","2":"type-product","3":"status-publish","4":"has-post-thumbnail","6":"product_cat-transport","7":"product_cat-zubehor","9":"first","10":"instock","11":"sale","12":"shipping-taxable","13":"purchasable","14":"product-type-simple"},"_links":{"self":[{"href":"https:\/\/fatbike-de.com\/index.php\/wp-json\/wp\/v2\/product\/8211","targetHints":{"allow":["GET"]}}],"collection":[{"href":"https:\/\/fatbike-de.com\/index.php\/wp-json\/wp\/v2\/product"}],"about":[{"href":"https:\/\/fatbike-de.com\/index.php\/wp-json\/wp\/v2\/types\/product"}],"replies":[{"embeddable":true,"href":"https:\/\/fatbike-de.com\/index.php\/wp-json\/wp\/v2\/comments?post=8211"}],"wp:featuredmedia":[{"embeddable":true,"href":"https:\/\/fatbike-de.com\/index.php\/wp-json\/wp\/v2\/media\/8228"}],"wp:attachment":[{"href":"https:\/\/fatbike-de.com\/index.php\/wp-json\/wp\/v2\/media?parent=8211"}],"wp:term":[{"taxonomy":"product_brand","embeddable":true,"href":"https:\/\/fatbike-de.com\/index.php\/wp-json\/wp\/v2\/product_brand?post=8211"},{"taxonomy":"product_cat","embeddable":true,"href":"https:\/\/fatbike-de.com\/index.php\/wp-json\/wp\/v2\/product_cat?post=8211"},{"taxonomy":"product_tag","embeddable":true,"href":"https:\/\/fatbike-de.com\/index.php\/wp-json\/wp\/v2\/product_tag?post=8211"}],"curies":[{"name":"wp","href":"https:\/\/api.w.org\/{rel}","templated":true}]}}