{"id":9185,"date":"2024-02-27T14:35:39","date_gmt":"2024-02-27T13:35:39","guid":{"rendered":"https:\/\/fatbike-de.com\/?post_type=product&#038;p=9185"},"modified":"2024-02-27T14:36:36","modified_gmt":"2024-02-27T13:36:36","slug":"mavic-crossmax-xls-29-boost-shimano-laufradsatz","status":"publish","type":"product","link":"https:\/\/fatbike-de.com\/index.php\/product\/mavic-crossmax-xls-29-boost-shimano-laufradsatz\/","title":{"rendered":"Mavic Crossmax XLS 29&#8243; Boost Shimano Laufradsatz"},"content":{"rendered":"<div class=\"product--headername\">\n<h2 class=\"product--title\"><strong>Mavic<\/strong> Crossmax XLS 29&#8243; Boost Shimano Laufradsatz<\/h2>\n<\/p><\/div>\n<p>Felgenband Mavic Crossmax XLS\u00a0 <a href=\"http:\/\/1-1\">war<\/a> gestern! Die hochwertigen Alu-Laufr\u00e4der f\u00fcr den harten Enduro-Einsatz sind mit der Fore-Technologie ausgestattet und verf\u00fcgen \u00fcber eine vollst\u00e4ndig geschlossene \u201eFelgenbr\u00fccke\u201c, die Tubeless-Fahren ohne Felgenband erm\u00f6glicht. Leichter und dennoch robuster als jemals zuvor, \u00fcberzeugen Mavics Crossmax XL S zudem mit ausgereifter Lagertechnik in Form der Infinity-Naben.<\/p>\n<hr \/>\n<h3>Features &#8211; Mavic Crossmax XL S 29&#8243;<\/h3>\n<ul>\n<li>Hochwertiges Alu-Laufrad mit top Werten innerhalb der Klasse der Enduro\/Trail-Klasse<\/li>\n<li>Robuste Felge mit ISM-Bearbeitung minimiert das Gewicht ohne Beeintr\u00e4chtigung der Festigkeit<\/li>\n<li>Mehr Vertrauen und Kontrolle auf rauen Untergr\u00fcnden<\/li>\n<li>30mm breite Felge ist f\u00fcr einen niedrigeren Reifendruck optimiert und bietet eine laufruhige Fahrt mit mehr Traktion und Kontrolle<\/li>\n<li>Dreieckige Felgenform absorbiert harte St\u00f6\u00dfe, so dass du Knallgas geben kannst<\/li>\n<li>Black-Shield-Behandlung sch\u00fctzt Felgen vor St\u00f6\u00dfen und Kratzern<\/li>\n<li>Fahre tubeless mit dem benutzerfreundlichsten schlauchlosen System<\/li>\n<li>Kein Schlauch bedeutet weniger Reibung, bessere Effizienz und Griffigkeit<\/li>\n<li>Fore-Technologie: intakte Felgenbr\u00fccke erh\u00f6ht die Steifigkeit und Haltbarkeit der Felge, macht zudem Felgenband \u00fcberfl\u00fcssig<\/li>\n<li>Felge ohne Felgenband erleichtert das Reifenwechseln<\/li>\n<li>QRM-Technologie f\u00fcr automatische Lagervorspannung<\/li>\n<li>SUP-Schwei\u00dftechnik<\/li>\n<\/ul>\n<h3>Produkteigenschaften<\/h3>\n<ul>\n<li><strong>Einsatzbereich:\u00a0<\/strong>Enduro<\/li>\n<li><strong>Modell:\u00a0<\/strong>Crossmax XL S<\/li>\n<li><strong>Laufradgr\u00f6\u00dfe:\u00a0<\/strong>29&#8243;<\/li>\n<li><strong>ETRTO:<\/strong>\u00a0622&#215;30<\/li>\n<li><strong>Felgentyp:<\/strong>\u00a0Clincher (Falt-\/Drahtreifen)<\/li>\n<li><strong>Tubeless Ready:\u00a0<\/strong>\u2714<\/li>\n<li><strong>Nabe:<\/strong>\u00a0Infinity Hub<\/li>\n<li><strong>Freilaufsystem:\u00a0<\/strong>Instant Drive 360<\/li>\n<li><strong>Lager:<\/strong>\u00a0Selbstdichtende Industrielager (QRM Auto)<\/li>\n<li><strong>Felgenbreite innen:<\/strong>\u00a030mm<\/li>\n<li><strong>Einbaubreite:<\/strong>\n<ul>\n<li><b>Vorne:\u00a0<\/b>15 x 110mm Boost Steckachse<\/li>\n<li><b>Hinten:\u00a0<\/b>12 x 148mm Boost Steckachse<\/li>\n<\/ul>\n<\/li>\n<li><strong>Speichentyp:<\/strong>\u00a0straight pull, flat, double butted<\/li>\n<li><strong>Speichen:<\/strong>24 crossed 2, kontaktlos<\/li>\n<li><strong>Bremsentyp:<\/strong>\u00a0Scheibenbremse<\/li>\n<li><b>Bremssystem:<\/b>\u00a0Disc 6-Loch<\/li>\n<li><strong>Empf. Bereifung:\u00a0<\/strong>60 bis 76mm (2.35&#8243; bis 3.0&#8243;)<\/li>\n<li><strong>Ventilloch:\u00a0<\/strong>Presta \/ SV \u00d8 6,5mm<\/li>\n<li><strong>ASTM Kategorie:<\/strong>\u00a04 &#8211; Enduro und Trail<\/li>\n<li><strong>Max. Systemgewicht:\u00a0<\/strong>120kg (Fahrer + Bike + Ausr\u00fcstung)<\/li>\n<\/ul>\n<h3>Freilauf (Variante w\u00e4hlen)<\/h3>\n<ul>\n<li>Shimano (HG9-11)<\/li>\n<li>SRAM XD<\/li>\n<\/ul>\n<h3>Material<\/h3>\n<ul>\n<li><strong>Felge:<\/strong>\u00a0Maxtal Aluminum \/ S6000 Aluminum<\/li>\n<li><strong>Nabenk\u00f6rper:<\/strong>\u00a0Aluminium<\/li>\n<li><strong>Freilauf:<\/strong>\u00a0Stahl<\/li>\n<li><strong>Speichen:<\/strong>\u00a0Stahl<\/li>\n<li><strong>Speichennippel:\u00a0<\/strong>Fore integrated Aluminium<\/li>\n<\/ul>\n<h3>Farbe<\/h3>\n<ul>\n<li>schwarz<\/li>\n<\/ul>\n<h3>Gewicht (Herstellerangabe)<\/h3>\n<ul>\n<li><b>Vorne:<\/b>\u00a0830g<\/li>\n<li><b>Hinten:<\/b>\u00a0960g<\/li>\n<li><b>Set:<\/b>\u00a01790g<\/li>\n<\/ul>\n<hr \/>\n<h3>Lieferumfang<\/h3>\n<ul>\n<li>1 Mavic Crossmax XL S 29&#8243; Boost Laufradsatz<\/li>\n<li>2 UST-Ventile und Zubeh\u00f6r<\/li>\n<li>4 Ersatzspeichen<\/li>\n<li>1 Multifunktionsschl\u00fcssel<\/li>\n<li>2 Fore-Speichenschl\u00fcssel<\/li>\n<\/ul>\n<hr \/>\n<h3>Technologien<\/h3>\n<p><strong>Fore Technology<\/strong><br \/> Die Fore-Technologie von Mavic ist die neueste Errungenschaft der franz\u00f6sischen Traditionsschmiede. Sie ist das Ergebnis jahrelanger Forschung und kombiniert geringes Gewicht und verbesserte schlauchlose Montage mit erh\u00f6hter Steifigkeit und Reparaturfreundlichkeit. Die Fore Technology ist 10% leichter und stabiler als herk\u00f6mmliche Laufrad-Designs. Die Speichen der Fore Technology passen direkt in einen eingegossenen Metalleinsatz, so dass die obere Felgenbr\u00fccke nicht mehr gebohrt werden muss. Dies macht Felgenband \u00fcberfl\u00fcssig, erm\u00f6glicht eine einfache Reparatur und spart zus\u00e4tzlich Gewicht pro Felge.<\/p>\n<p><strong>Infinity-Nabe<\/strong><br \/> Mavics Infinity-Nabe steht f\u00fcr optimale Leistungs\u00fcbertragung, Haltbarkeit und Kompatibilit\u00e4t. Die Instant-Drive-360-Freilauftechnologie gew\u00e4hrleistet schnelles Greifen bei Belastung mit hoher Steifigkeit und Haltbarkeit und bietet eine automatische Lagervorspannungseinstellung (QRM Auto), die ohne Spezialwerkzeug einfach zu warten ist. Die auf Kompatibilit\u00e4t und Benutzerfreundlichkeit ausgelegte Infinity Nabe kann auf alle wichtigen Freilaufoptionen und Achsabmessungen umger\u00fcstet werden.<\/p>\n<p><strong>UST Tubeless Technologie<\/strong><br \/> Traktion, Kontrolle und Leichtgewicht. Das UST-Konzept verbessert Traktion, Kontrolle und Komfort \u2013 und vermindert zugleich Tr\u00e4gheit und Pannenrisiko. Mavics Tubeless-Bauweise reduziert den Rollwiderstand, macht das Laufrad leichter und zaubert mehr Fahrkomfort auf die Stra\u00dfe.<\/p>\n<p><strong>QRM (Qualit\u00e9 de Roulements Mavic)<\/strong><br \/> Qualit\u00e9 de Roulements Mavic. Mavic verwendet ausschlie\u00dflich hochwertige, abgedichtete Patronenlager. Bei QRM-R\u00e4dern sind sie doppelt abgedichtet (2RS oder LLU) und verf\u00fcgen \u00fcber ein enges C3-Innenspiel.<\/p>\n","protected":false},"excerpt":{"rendered":"<p>Mavic Crossmax XLS 29&#8243; Boost Shimano Laufradsatz Felgenband Mavic Crossmax XLS\u00a0 war gestern! Die hochwertigen Alu-Laufr\u00e4der f\u00fcr den harten Enduro-Einsatz sind mit der Fore-Technologie ausgestattet und verf\u00fcgen \u00fcber eine vollst\u00e4ndig geschlossene \u201eFelgenbr\u00fccke\u201c, die Tubeless-Fahren ohne Felgenband erm\u00f6glicht. Leichter und dennoch robuster als jemals zuvor, \u00fcberzeugen Mavics Crossmax XL S zudem mit ausgereifter Lagertechnik in Form der Infinity-Naben. Features &#8211; Mavic\u2026<\/p>\n","protected":false},"featured_media":9224,"comment_status":"closed","ping_status":"closed","template":"","meta":[],"product_brand":[],"product_cat":[126,123],"product_tag":[],"class_list":{"0":"post-9185","1":"product","2":"type-product","3":"status-publish","4":"has-post-thumbnail","6":"product_cat-rennrad-teile","7":"product_cat-teile","9":"first","10":"instock","11":"sale","12":"shipping-taxable","13":"purchasable","14":"product-type-simple"},"_links":{"self":[{"href":"https:\/\/fatbike-de.com\/index.php\/wp-json\/wp\/v2\/product\/9185","targetHints":{"allow":["GET"]}}],"collection":[{"href":"https:\/\/fatbike-de.com\/index.php\/wp-json\/wp\/v2\/product"}],"about":[{"href":"https:\/\/fatbike-de.com\/index.php\/wp-json\/wp\/v2\/types\/product"}],"replies":[{"embeddable":true,"href":"https:\/\/fatbike-de.com\/index.php\/wp-json\/wp\/v2\/comments?post=9185"}],"wp:featuredmedia":[{"embeddable":true,"href":"https:\/\/fatbike-de.com\/index.php\/wp-json\/wp\/v2\/media\/9224"}],"wp:attachment":[{"href":"https:\/\/fatbike-de.com\/index.php\/wp-json\/wp\/v2\/media?parent=9185"}],"wp:term":[{"taxonomy":"product_brand","embeddable":true,"href":"https:\/\/fatbike-de.com\/index.php\/wp-json\/wp\/v2\/product_brand?post=9185"},{"taxonomy":"product_cat","embeddable":true,"href":"https:\/\/fatbike-de.com\/index.php\/wp-json\/wp\/v2\/product_cat?post=9185"},{"taxonomy":"product_tag","embeddable":true,"href":"https:\/\/fatbike-de.com\/index.php\/wp-json\/wp\/v2\/product_tag?post=9185"}],"curies":[{"name":"wp","href":"https:\/\/api.w.org\/{rel}","templated":true}]}}