{"id":9683,"date":"2024-02-27T14:43:23","date_gmt":"2024-02-27T13:43:23","guid":{"rendered":"https:\/\/fatbike-de.com\/?post_type=product&#038;p=9683"},"modified":"2024-02-27T14:44:06","modified_gmt":"2024-02-27T13:44:06","slug":"radon-skeen-trail-10-0","status":"publish","type":"product","link":"https:\/\/fatbike-de.com\/index.php\/product\/radon-skeen-trail-10-0\/","title":{"rendered":"Radon Skeen Trail 10.0"},"content":{"rendered":"<h2 class=\"content--title\"><strong>Radon<\/strong>\u00a0Skeen Trail 10.0<\/h2>\n<p class=\"product--description\">Bei dem sehr beliebten Radon SKEEN TRAIL 10.0 Modell setzen wir auf ein erstklassiges Rock Shox Fahrwerk: An der Front werkelt die leichte und sensibel ansprechende Rock Shox Pike Ultimate mit Charger 3 RC2 D\u00e4mpfung mit neuen ButterCups. Im Zusammenspiel mit den neuen, extrem reibungsarmen SKF Dichtungen sowie gro\u00dfer Debon Air Luftkammer spricht die Gabel butterweich an und steht auch bei knackigen Passagen hoch im Federweg.<\/p>\n<hr \/>\n<h3>Die Highlights des Skeen Trail 10.0<\/h3>\n<p>Am Heck sorgt ein Deluxe Select+ RL D\u00e4mpfer jederzeit f\u00fcr satte Performance auf dem Trail &#8211; und kann mit nur einem Handgriff im Nu bei langen Gegenanstiegen angepasst werden, um das Fahrwerk zu straffen. Der Newmen Evolution SL Laufradsatz \u00fcberzeugt auf ganzer Linie und bietet &#8211; egal ob tubeless oder mit Schlauch &#8211; mit seinem Ratchet Freilaufsystem und 36 Einrastpunkten stets volle Kontrolle im technischen Gel\u00e4nde. Die 30mm Maulweite bringen die verbauten Schwalbe Nobby Nic Reifen in der Addix-Soft Mischung vorne und der Addix-Speedgrip Mischung hinten und der Super Ground Karkasse voll zur Geltung.<\/p>\n<p class=\"product--description\">Die hochgelobte SRAM GX Eagle Gruppe kommt diese Saison mit der breitbandigen 10-52er XG-1275 Kassette f\u00fcr eine perfekte \u00dcbersetzung in jeder Trail-Situation. Um bei der Abfahrt gezielt die n\u00e4chste Corner anzubremsen, kann man sich voll und ganz auf die kr\u00e4ftige MT TRAIL Custom Stopper verlassen und mit der RADON Dropper St\u00fctze hat man die n\u00f6tige Bewegungsfreiheit auf technisch anspruchsvollen Passagen.<\/p>\n<hr \/>\n<h3>Die Skeen Trail Familie<\/h3>\n<p>Unsere SKEEN TRAIL Modelle sind Trailbikes, die dank einer modernen Rahmengeometrie mit flachem Lenk- und steilem Sitzwinkel ein nahezu perfektes Gleichgewicht aus Uphill- und Downhill-Quali\u00e4ten bieten und f\u00fcr gro\u00dfen Spa\u00df optimiert sind. Sie rollen auf 29 Zoll Laufr\u00e4dern, an der Front stehen 130\/140 Millimeter Federweg und am Heck 120mm bereit. Das Rad geht flink um jede Kurve und es l\u00e4sst sich fern von Antriebseinfl\u00fcssen z\u00fcgig bergauf treten. In Highspeed-Passagen liegt es satt auf der Strecke und durch die hohe Laufruhe gibt es viel Selbstvertrauen in der Abfahrt. Die Boost Achsma\u00dfe an Vorder- und Hinterrad erlauben den Einsatz modernster Komponenten.<\/p>\n<hr \/>\n<p class=\"product--description\"><strong>Die abgebildeten Pedale sind nicht im Lieferumfang enthalten!<\/strong><\/p>\n<hr \/>\n<p class=\"product--description\"><strong>Abbildung abweichend! Das Fahrrad wird mit RockShox MY&#8217;23 Federelementen ausgeliefert!<\/strong><\/p>\n<p>&nbsp;<\/p>\n<hr \/>\n<p class=\"product--description\"><img fetchpriority=\"high\" decoding=\"async\" title=\" BikeSize Skeen Trail \" src=\"https:\/\/cd.bike-discount.de\/media\/image\/65\/e9\/b5\/bikesize_skeen_trail_white.jpg\" alt=\"\" width=\"640\" height=\"412\" data-mid=\"618199\" data-src=\"media\/image\/bikesize_skeen_trail_white.jpg\" \/><\/p>\n<p>Mit Hilfe unserer Grafik wollen wir Dir eine Empfehlung bei der Suche nach Deiner richtigen Rahmengr\u00f6\u00dfe geben. Neben Schrittl\u00e4nge sowie K\u00f6rpergr\u00f6\u00dfe spielt nat\u00fcrlich auch Dein pers\u00f6nlicher Fahrstil, Einsatzbereich sowie Vorliebe eine gro\u00dfe Rolle. Wenn Du mit Deinen Angaben im Grenzbereich liegen solltest, kannst Du zwischen zwei Rahmenh\u00f6hen w\u00e4hlen: die kleinere Rahmengr\u00f6\u00dfe ist agiler\/wendiger\/verspielter, die n\u00e4chstgr\u00f6\u00dfere Rahmenh\u00f6he laufruhiger\/spurtreuer und hat im Uphill die Nase vorn.<\/p>\n<h2>Ausstattung<\/h2>\n<div class=\"product--properties panel has--border\">\n<table class=\"product--properties-table\">\n<tbody>\n<tr class=\"product--properties-row row1\">\n<td class=\"product--properties-label is--bold\">Rahmen:<\/td>\n<td class=\"product--properties-value\">SKEEN TRAIL 29, Maximale Reifenbreite: 2.4&#8243;, Schaltauge: #10240<\/td>\n<\/tr>\n<tr class=\"product--properties-row row2\">\n<td class=\"product--properties-label is--bold\">Rahmenmaterial:<\/td>\n<td class=\"product--properties-value\">Carbonfrontrahmen, Aluminium Hinterbau<\/td>\n<\/tr>\n<tr class=\"product--properties-row row3\">\n<td class=\"product--properties-label is--bold\">Laufradgr\u00f6\u00dfe:<\/td>\n<td class=\"product--properties-value\">29&#8243;<\/td>\n<\/tr>\n<tr class=\"product--properties-row row4\">\n<td class=\"product--properties-label is--bold\">Farbe:<\/td>\n<td class=\"product--properties-value\">brilliantash \/ deepblack<\/td>\n<\/tr>\n<tr class=\"product--properties-row row5\">\n<td class=\"product--properties-label is--bold\">Gabel:<\/td>\n<td class=\"product--properties-value\">RockShox Pike Ultimate, Charger 3 RC2, Boost, Nachlauf: 42mm<\/td>\n<\/tr>\n<tr class=\"product--properties-row row6\">\n<td class=\"product--properties-label is--bold\">D\u00e4mpfer:<\/td>\n<td class=\"product--properties-value\">RockShox Deluxe Select+, Debon Air, Einbauma\u00df: 185 x 47.5mm, Buchsenma\u00df: oben: Trunnion, unten: 8 x 22,2mm<\/td>\n<\/tr>\n<tr class=\"product--properties-row row7\">\n<td class=\"product--properties-label is--bold\">Federweg:<\/td>\n<td class=\"product--properties-value\">130mm \/ 120mm<\/td>\n<\/tr>\n<tr class=\"product--properties-row row8\">\n<td class=\"product--properties-label is--bold\">Bremsen:<\/td>\n<td class=\"product--properties-value\">Magura MT Trail Custom<\/td>\n<\/tr>\n<tr class=\"product--properties-row row9\">\n<td class=\"product--properties-label is--bold\">Bremsscheiben:<\/td>\n<td class=\"product--properties-value\">Magura MDR-C, 180\/180mm, 6-bolt<\/td>\n<\/tr>\n<tr class=\"product--properties-row row10\">\n<td class=\"product--properties-label is--bold\">Steuersatz:<\/td>\n<td class=\"product--properties-value\">Acros AzX, ZS44\/ZS56<\/td>\n<\/tr>\n<tr class=\"product--properties-row row11\">\n<td class=\"product--properties-label is--bold\">Vorbau:<\/td>\n<td class=\"product--properties-value\">Race Face Turbine R, \u00d835mm (16&#8243;: 50mm,18&#8243;: 60mm, 20&#8243;: 60mm, 22&#8243;: 70mm)<\/td>\n<\/tr>\n<tr class=\"product--properties-row row12\">\n<td class=\"product--properties-label is--bold\">Lenker:<\/td>\n<td class=\"product--properties-value\">Race Face Turbine R, 35 x 780mm, 20mm rise<\/td>\n<\/tr>\n<tr class=\"product--properties-row row13\">\n<td class=\"product--properties-label is--bold\">Griffe:<\/td>\n<td class=\"product--properties-value\">SDG Thrice<\/td>\n<\/tr>\n<tr class=\"product--properties-row row14\">\n<td class=\"product--properties-label is--bold\">Sattel:<\/td>\n<td class=\"product--properties-value\">SDG Bel Air V3<\/td>\n<\/tr>\n<tr class=\"product--properties-row row15\">\n<td class=\"product--properties-label is--bold\">Sattelst\u00fctze:<\/td>\n<td class=\"product--properties-value\">Radon Competition Dropper, 31.6mm (16&#8243;: 125mm Hub, 18&#8243;: 150mm Hub, 20&#8243;: 150mm Hub, 22&#8243;: 150mm Hub)<\/td>\n<\/tr>\n<\/tbody>\n<\/table>\n<table class=\"product--properties-table\">\n<tbody>\n<tr class=\"product--properties-row row16\">\n<td class=\"product--properties-label is--bold\">Kurbel:<\/td>\n<td class=\"product--properties-value\">SRAM GX Eagle, DUB, 32T, Boost, 175mm<\/td>\n<\/tr>\n<tr class=\"product--properties-row row17\">\n<td class=\"product--properties-label is--bold\">Tretlager\/Innenlager:<\/td>\n<td class=\"product--properties-value\">SRAM DUB, Pressfit, 92mm<\/td>\n<\/tr>\n<tr class=\"product--properties-row row18\">\n<td class=\"product--properties-label is--bold\">Schaltwerk:<\/td>\n<td class=\"product--properties-value\">SRAM GX Eagle, 12-speed<\/td>\n<\/tr>\n<tr class=\"product--properties-row row19\">\n<td class=\"product--properties-label is--bold\">Schalthebel:<\/td>\n<td class=\"product--properties-value\">SRAM GX Eagle, Shiftmix<\/td>\n<\/tr>\n<tr class=\"product--properties-row row20\">\n<td class=\"product--properties-label is--bold\">Kettenf\u00fchrung:<\/td>\n<td class=\"product--properties-value\">MRP1X, ISCG05<\/td>\n<\/tr>\n<tr class=\"product--properties-row row21\">\n<td class=\"product--properties-label is--bold\">Kassette:<\/td>\n<td class=\"product--properties-value\">SRAM GX Eagle XG-1275, 10-52<\/td>\n<\/tr>\n<tr class=\"product--properties-row row22\">\n<td class=\"product--properties-label is--bold\">Kette:<\/td>\n<td class=\"product--properties-value\">SRAM GX Eagle<\/td>\n<\/tr>\n<tr class=\"product--properties-row row23\">\n<td class=\"product--properties-label is--bold\">Reifen vorne:<\/td>\n<td class=\"product--properties-value\">Schwalbe Nobby Nic, Addix-Soft, Super Ground, TLE, 29&#8243; x 2.4&#8243;<\/td>\n<\/tr>\n<tr class=\"product--properties-row row24\">\n<td class=\"product--properties-label is--bold\">Reifen hinten:<\/td>\n<td class=\"product--properties-value\">Schwalbe Nobby Nic, Addix-Speedgrip, Super Ground, TLE, 29&#8243; x 2.4&#8243;<\/td>\n<\/tr>\n<tr class=\"product--properties-row row25\">\n<td class=\"product--properties-label is--bold\">Laufradsatz:<\/td>\n<td class=\"product--properties-value\">Newmen Evolution SL A.30, 30mm, 110\/148mm<\/td>\n<\/tr>\n<tr class=\"product--properties-row row26\">\n<td class=\"product--properties-label is--bold\">Pedale:<\/td>\n<td class=\"product--properties-value\">nicht im Lieferumfang enthalten<\/td>\n<\/tr>\n<tr class=\"product--properties-row row27\">\n<td class=\"product--properties-label is--bold\">Zul\u00e4ssiges Gesamtgewicht:<\/td>\n<td class=\"product--properties-value\">115 kg (K\u00f6rpergewicht + Fahrrad + Ausr\u00fcstung)<\/td>\n<\/tr>\n<tr class=\"product--properties-row row28\">\n<td class=\"product--properties-label is--bold\">Gewicht Komplettrad:<\/td>\n<td class=\"product--properties-value\">ab 13,25 kg<\/td>\n<\/tr>\n<\/tbody>\n<\/table><\/div>\n<hr \/>\n","protected":false},"excerpt":{"rendered":"<div class=\"tab-menu--product js--tab-menu\">\n<div class=\"tab--container-list\">\n<div class=\"tab--container description has--content is--active\">\n<div class=\"tab--content box-description\">\n<div class=\"content--description\">\n<div class=\"ean-box\"><label>Modelljahr: <span style=\"font-size: 16px\">2022<\/span><\/label><\/div>\n<\/p><\/div>\n<\/p><\/div>\n<\/p><\/div>\n<\/p><\/div>\n<\/p><\/div>\n<p><a class=\"rating-link-info--box\" name=\"product--publish-comment\"><\/a><\/p>\n<div id=\"detail--product-reviews\" class=\"content--product-reviews 123\"><\/div>\n","protected":false},"featured_media":9721,"comment_status":"closed","ping_status":"closed","template":"","meta":[],"product_brand":[],"product_cat":[95,106,96],"product_tag":[],"class_list":{"0":"post-9683","1":"product","2":"type-product","3":"status-publish","4":"has-post-thumbnail","6":"product_cat-fahrrad","7":"product_cat-fullsuspension","8":"product_cat-mountainbike","10":"first","11":"instock","12":"sale","13":"shipping-taxable","14":"purchasable","15":"product-type-variable"},"_links":{"self":[{"href":"https:\/\/fatbike-de.com\/index.php\/wp-json\/wp\/v2\/product\/9683","targetHints":{"allow":["GET"]}}],"collection":[{"href":"https:\/\/fatbike-de.com\/index.php\/wp-json\/wp\/v2\/product"}],"about":[{"href":"https:\/\/fatbike-de.com\/index.php\/wp-json\/wp\/v2\/types\/product"}],"replies":[{"embeddable":true,"href":"https:\/\/fatbike-de.com\/index.php\/wp-json\/wp\/v2\/comments?post=9683"}],"wp:featuredmedia":[{"embeddable":true,"href":"https:\/\/fatbike-de.com\/index.php\/wp-json\/wp\/v2\/media\/9721"}],"wp:attachment":[{"href":"https:\/\/fatbike-de.com\/index.php\/wp-json\/wp\/v2\/media?parent=9683"}],"wp:term":[{"taxonomy":"product_brand","embeddable":true,"href":"https:\/\/fatbike-de.com\/index.php\/wp-json\/wp\/v2\/product_brand?post=9683"},{"taxonomy":"product_cat","embeddable":true,"href":"https:\/\/fatbike-de.com\/index.php\/wp-json\/wp\/v2\/product_cat?post=9683"},{"taxonomy":"product_tag","embeddable":true,"href":"https:\/\/fatbike-de.com\/index.php\/wp-json\/wp\/v2\/product_tag?post=9683"}],"curies":[{"name":"wp","href":"https:\/\/api.w.org\/{rel}","templated":true}]}}