{"id":9712,"date":"2024-02-27T14:43:45","date_gmt":"2024-02-27T13:43:45","guid":{"rendered":"https:\/\/fatbike-de.com\/?post_type=product&#038;p=9712"},"modified":"2024-02-27T14:44:15","modified_gmt":"2024-02-27T13:44:15","slug":"maxxis-highroller-ii-275300-tr-exo-3c-maxxterra-120-faltreifen","status":"publish","type":"product","link":"https:\/\/fatbike-de.com\/index.php\/product\/maxxis-highroller-ii-275300-tr-exo-3c-maxxterra-120-faltreifen\/","title":{"rendered":"Maxxis HighRoller II+ 27,5&#215;3,00&#8243; TR EXO 3C MaxxTerra 120 Faltreifen"},"content":{"rendered":"<h2 class=\"product--title\"><strong>Maxxis<\/strong>\u00a0HighRoller II+ 27,5&#215;3,00&#8243; TR EXO 3C MaxxTerra 120 Faltreifen<\/h2>\n<p>Der Maxxis HighRoller II+ ist einer der bekanntesten und meistgefahrenen MTB <a href=\"http:\/\/1-1\">Reifen<\/a> auf dem Markt. Das gro\u00dfe Volumen der neuen Plus Plattform erg\u00e4nzt das offene Profil, zusammen gleiten sie \u00fcber losen Untergrund und bei\u00dfen sich immer, wenn es notwendig ist, durch den Staub, weichen Boden und Schlamm.<\/p>\n<hr \/>\n<h3>Produkteigenschaften &#8211; HighRoller II+<\/h3>\n<ul>\n<li><strong>Einsatzbereich:<\/strong>\u00a0All Mountain, Enduro<\/li>\n<li><strong>Gr\u00f6\u00dfe:<\/strong>\u00a027,5&#215;3.00<\/li>\n<li><strong>ETRTO:<\/strong>\u00a076-584<\/li>\n<li><strong>Typ:<\/strong>\u00a0Faltreifen<\/li>\n<li><strong>Version:<\/strong>\u00a0EXO TR<\/li>\n<li><strong>Mischung:<\/strong>\u00a03C MaxxTerra<\/li>\n<li><strong>Karkasse:<\/strong>\u00a0120<\/li>\n<\/ul>\n<h3>Gewicht<\/h3>\n<ul>\n<li>990g (Herstellerangabe)<\/li>\n<\/ul>\n<hr \/>\n<h3>Lieferumfang<strong><br \/> <\/strong><\/h3>\n<ul>\n<li>1 Maxxis HighRoller II+ 27,5&#215;3,00&#8243; TR EXO 3C MaxxTerra 120 Faltreifen<\/li>\n<\/ul>\n<hr \/>\n<h3>Technologien<\/h3>\n<p><strong>3C Maxx Terra<\/strong><br \/> Die richtige 3C Mischung f\u00fcr unsere Enduro und Freeride Reifen. Leichtg\u00e4ngigkeit bergauf, sowie beste Haftung bergab zeichnen diese Mischung genauso aus wie eine lange Lebensdauer.<\/p>\n<p><strong>EXO PROTECTION<\/strong><br \/> Dieses extrem schnitt- und abriebfeste Material sch\u00fctzt die Seitenwand verschiedener MTB Reifen. Es ist sehr dicht gewebt, leicht und sehr flexibel. Dadurch bleibt die Performance der Reifen unver\u00e4ndert \u00fcberzeugend gut.<\/p>\n<p><strong>Tubeless Ready (TR)<\/strong><br \/> Schlauchlose Reifen haben viele Vorteile: Man kann mit weniger Luftdruck fahren. Dadurch erh\u00e4lt man bessere Traktion und der Rollwiderstand sinkt. Und wo kein Schlauch ist, sinkt auch das Pannenrisiko. MAXXIS TR Reifen sind besser auf die Montage mit Dichtmilch vorbereitet als andere \u201eTubeless Ready\u201c Reifen. Der Wulst unserer TR Reifen ist wie bei einem echten UST Schlauchlosreifen komplett mit einer Gummischicht \u00fcberzogen. Dadurch ist die Schlauchlosmontage bei allen Felgen mit Normma\u00dfen bereits beim ersten Aufpumpen und mit wenig Fl\u00fcssigkeit erfolgreich.<\/p>\n<p>&nbsp;<\/p>\n","protected":false},"excerpt":{"rendered":"<p>Maxxis\u00a0HighRoller II+ 27,5&#215;3,00&#8243; TR EXO 3C MaxxTerra 120 Faltreifen Der Maxxis HighRoller II+ ist einer der bekanntesten und meistgefahrenen MTB Reifen auf dem Markt. Das gro\u00dfe Volumen der neuen Plus Plattform erg\u00e4nzt das offene Profil, zusammen gleiten sie \u00fcber losen Untergrund und bei\u00dfen sich immer, wenn es notwendig ist, durch den Staub, weichen Boden und Schlamm. Produkteigenschaften &#8211; HighRoller II+\u2026<\/p>\n","protected":false},"featured_media":9752,"comment_status":"closed","ping_status":"closed","template":"","meta":[],"product_brand":[],"product_cat":[128,123],"product_tag":[],"class_list":{"0":"post-9712","1":"product","2":"type-product","3":"status-publish","4":"has-post-thumbnail","6":"product_cat-mtb-teile","7":"product_cat-teile","9":"first","10":"instock","11":"sale","12":"shipping-taxable","13":"purchasable","14":"product-type-simple"},"_links":{"self":[{"href":"https:\/\/fatbike-de.com\/index.php\/wp-json\/wp\/v2\/product\/9712","targetHints":{"allow":["GET"]}}],"collection":[{"href":"https:\/\/fatbike-de.com\/index.php\/wp-json\/wp\/v2\/product"}],"about":[{"href":"https:\/\/fatbike-de.com\/index.php\/wp-json\/wp\/v2\/types\/product"}],"replies":[{"embeddable":true,"href":"https:\/\/fatbike-de.com\/index.php\/wp-json\/wp\/v2\/comments?post=9712"}],"wp:featuredmedia":[{"embeddable":true,"href":"https:\/\/fatbike-de.com\/index.php\/wp-json\/wp\/v2\/media\/9752"}],"wp:attachment":[{"href":"https:\/\/fatbike-de.com\/index.php\/wp-json\/wp\/v2\/media?parent=9712"}],"wp:term":[{"taxonomy":"product_brand","embeddable":true,"href":"https:\/\/fatbike-de.com\/index.php\/wp-json\/wp\/v2\/product_brand?post=9712"},{"taxonomy":"product_cat","embeddable":true,"href":"https:\/\/fatbike-de.com\/index.php\/wp-json\/wp\/v2\/product_cat?post=9712"},{"taxonomy":"product_tag","embeddable":true,"href":"https:\/\/fatbike-de.com\/index.php\/wp-json\/wp\/v2\/product_tag?post=9712"}],"curies":[{"name":"wp","href":"https:\/\/api.w.org\/{rel}","templated":true}]}}