{"id":9742,"date":"2024-02-27T14:44:08","date_gmt":"2024-02-27T13:44:08","guid":{"rendered":"https:\/\/fatbike-de.com\/?post_type=product&#038;p=9742"},"modified":"2024-02-27T14:45:12","modified_gmt":"2024-02-27T13:45:12","slug":"rockshox-reverb-axs-a1-125-vario-sattelstutze","status":"publish","type":"product","link":"https:\/\/fatbike-de.com\/index.php\/product\/rockshox-reverb-axs-a1-125-vario-sattelstutze\/","title":{"rendered":"RockShox Reverb AXS A1 125 Vario-Sattelst\u00fctze"},"content":{"rendered":"<h2 class=\"product--title\"><strong>RockShox<\/strong>\u00a0Reverb AXS A1 125 Vario-Sattelst\u00fctze<\/h2>\n<p>Die RockShox Reverb AXS A1 Dropper Post Sattelst\u00fctze wurde f\u00fcr ein kabelloses und v\u00f6llig neues Erlebnis gestaltet. Mit der neuen Vent Valve Technologie und reibungsreduzierten Bauteilen, bringt Reverb AXS\u2122 per Knopfdruck die n\u00e4chste Stufe von Bedienqualit\u00e4t, Leistung und Zuverl\u00e4ssigkeit, ohne st\u00f6rende Verkabelung.<\/p>\n<hr \/>\n<table border=\"0\" width=\"100%\" cellspacing=\"1\" cellpadding=\"1\">\n<tbody>\n<tr>\n<td><a title=\"MTB 0519 - Sehr gut\" href=\"https:\/\/www.mountainbike-magazin.de\/\" target=\"_blank\" rel=\"noopener\"><img decoding=\"async\" title=\"MTB 0519 - Sehr gut\" src=\"https:\/\/cd.bike-discount.de\/media\/image\/b7\/52\/ef\/mb_05_2019_sehrgut.png\" alt=\"\" width=\"143\" height=\"45\" data-mid=\"446184\" data-src=\"media\/image\/mb_05_2019_sehrgut.png\" \/><\/a><br \/> MoutainBike 05\/2019<br \/> Test: &#8222;Wachabl\u00f6sung: Vario-Sattelst\u00fctzen&#8220;<br \/> <strong>Testergebnis: Sehr gut (81 Pkt.)<\/strong><\/td>\n<\/tr>\n<\/tbody>\n<\/table>\n<hr \/>\n<h2>Keine Leitungen, keine Zugverlegung, keine verschwendete Energie: die Reverb AXS Dropper Post von Rock Shox<\/h2>\n<p>Optimiert, motorgesteuert und mit integrierter Elektronik der n\u00e4chsten Generation \u2013 die neue, kabellose Reverb AXS\u2122 Dropper- Sattelst\u00fctze wurde f\u00fcr ein ganz neues Fahrerlebnis entwickelt und weist den Weg in die elektronische Zukunft des MTB-Sports. Mit ihrer neuen Vent Valve-Technologie und noch geringerer innerer Reibung hebt die Reverb AXS\u2122 das Performance-Niveau, die Qualit\u00e4t und auch die Zuverl\u00e4ssigkeit auf die n\u00e4chsth\u00f6here Stufe&#8230; per Knopfdruck. Und das ganz ohne die mit Kabeln oder Leitungen verbundenen Themen bei Einbau, Montage und Service. Die SRAM AXS\u2122 Technologie erm\u00f6glicht eine neue Ebene der Interaktion, Personalisierung und Konnektivit\u00e4t zwischen allen AXS\u2122-f\u00e4higen Komponenten.<\/p>\n<hr \/>\n<h3>Features &#8211; Reverb AXS A1 125mm elektonische Vario-Sattelst\u00fctze<\/h3>\n<ul>\n<li>Vent Valve-Technologie f\u00fcr super einfachen Service ohne Demontage der Dropper Post Sattelst\u00fctze<\/li>\n<li>Reibungsreduzierter IFP (Internal Floating Piston) erm\u00f6glicht eine schnellere Bet\u00e4tigung der St\u00fctze und weniger Kraftaufwand<\/li>\n<li>AXS\u2122 erm\u00f6glicht eine individuelle Anpassung an die Bed\u00fcrfnisse des Fahrers \u00fcber die AXS\u2122 Mobile App<\/li>\n<li>Batterie ist kompatibel mit allen anderen SRAM AXS\u2122- f\u00e4higen Komponenten<\/li>\n<li>Das System ist vollst\u00e4ndig wasser- und staubdicht nach IP69K<\/li>\n<li>Inklusive Remote Hebel und Akku<\/li>\n<\/ul>\n<h3>Produkteigenschaften<\/h3>\n<ul>\n<li><strong>Einsatzbreich:<\/strong>\u00a0MTB<\/li>\n<li><strong>Einstellbereich:<\/strong>\u00a0125mm<\/li>\n<li><strong>L\u00e4nge:<\/strong>\u00a0390mm<\/li>\n<li><strong>Verbindungstyp:\u00a0<\/strong>Kabellos<\/li>\n<li><strong>Remoteklemmung:<\/strong>\u00a0links<\/li>\n<\/ul>\n<h3>Durchmesser (Variante w\u00e4hlen)<\/h3>\n<ul>\n<li>390mm x 30,9mm<\/li>\n<li>390mm x 31,6mm<\/li>\n<li>390mm x 34,9mm<\/li>\n<\/ul>\n<h3>Material<\/h3>\n<ul>\n<li>Aluminium<\/li>\n<\/ul>\n<h3>Farbe<\/h3>\n<ul>\n<li>schwarz<\/li>\n<\/ul>\n<hr \/>\n<h3>Lieferumfang<\/h3>\n<ul>\n<li>1 x Reverb AXS A1 125mm Vario-Sattelst\u00fctze<\/li>\n<li>1 x AXS Remote Hebel<\/li>\n<li>1 x Seperate Klemme<\/li>\n<li>1 x Akku<\/li>\n<li>1 x Ladeger\u00e4t<\/li>\n<li>1 x Vent Valve Tool<\/li>\n<\/ul>\n<hr \/>\n<h3>SRAM X01 Eagle AXS Testbericht<\/h3>\n<p><a href=\"https:\/\/www.bike-discount.de\/index.php?vw_type=5&amp;vw_name=detail&amp;vw_id=245\" target=\"_blank\" rel=\"noopener\"><img decoding=\"async\" title=\"Bungi testet\" src=\"https:\/\/cd.bike-discount.de\/media\/image\/8d\/aa\/83\/bungi-testet.png\" alt=\"Bungi testet\" width=\"90\" height=\"50\" data-mid=\"311880\" data-src=\"media\/image\/bungi-testet.png\" \/><\/a><\/p>\n<p>SRAM l\u00e4sst es 2019 richtig knallen. Der Komponentenspezialist stellt eine bahnbrechende Neuheit nach der anderen vor und schl\u00e4gt damit ein atemberaubendes Tempo an. Die j\u00fcngsten Streiche: X01 &amp; XX1 Eagle AXS. SRAMs ber\u00fchmte Eagle verbindet sich mit AXS und bekommt damit einen ganz neuen Zugang! Die 1-fachheit mit den 12 Ritzeln hinten verzichtet nach dem Umwerfer jetzt auch auf den Schaltzug. SRAM hat aber nicht einfach nur seine Top-MTB-Schaltgruppen \u00fcberarbeitet und zu elektronischen Varianten gemacht: Nein, es hat sich viel mehr getan.<\/p>\n<hr \/>\n<h3>SRAM AXS\u2122<\/h3>\n","protected":false},"excerpt":{"rendered":"<p>RockShox\u00a0Reverb AXS A1 125 Vario-Sattelst\u00fctze Die RockShox Reverb AXS A1 Dropper Post Sattelst\u00fctze wurde f\u00fcr ein kabelloses und v\u00f6llig neues Erlebnis gestaltet. Mit der neuen Vent Valve Technologie und reibungsreduzierten Bauteilen, bringt Reverb AXS\u2122 per Knopfdruck die n\u00e4chste Stufe von Bedienqualit\u00e4t, Leistung und Zuverl\u00e4ssigkeit, ohne st\u00f6rende Verkabelung. MoutainBike 05\/2019 Test: &#8222;Wachabl\u00f6sung: Vario-Sattelst\u00fctzen&#8220; Testergebnis: Sehr gut (81 Pkt.) Keine Leitungen, keine\u2026<\/p>\n","protected":false},"featured_media":9806,"comment_status":"closed","ping_status":"closed","template":"","meta":[],"product_brand":[],"product_cat":[128,123],"product_tag":[],"class_list":{"0":"post-9742","1":"product","2":"type-product","3":"status-publish","4":"has-post-thumbnail","6":"product_cat-mtb-teile","7":"product_cat-teile","9":"first","10":"instock","11":"sale","12":"shipping-taxable","13":"purchasable","14":"product-type-simple"},"_links":{"self":[{"href":"https:\/\/fatbike-de.com\/index.php\/wp-json\/wp\/v2\/product\/9742","targetHints":{"allow":["GET"]}}],"collection":[{"href":"https:\/\/fatbike-de.com\/index.php\/wp-json\/wp\/v2\/product"}],"about":[{"href":"https:\/\/fatbike-de.com\/index.php\/wp-json\/wp\/v2\/types\/product"}],"replies":[{"embeddable":true,"href":"https:\/\/fatbike-de.com\/index.php\/wp-json\/wp\/v2\/comments?post=9742"}],"wp:featuredmedia":[{"embeddable":true,"href":"https:\/\/fatbike-de.com\/index.php\/wp-json\/wp\/v2\/media\/9806"}],"wp:attachment":[{"href":"https:\/\/fatbike-de.com\/index.php\/wp-json\/wp\/v2\/media?parent=9742"}],"wp:term":[{"taxonomy":"product_brand","embeddable":true,"href":"https:\/\/fatbike-de.com\/index.php\/wp-json\/wp\/v2\/product_brand?post=9742"},{"taxonomy":"product_cat","embeddable":true,"href":"https:\/\/fatbike-de.com\/index.php\/wp-json\/wp\/v2\/product_cat?post=9742"},{"taxonomy":"product_tag","embeddable":true,"href":"https:\/\/fatbike-de.com\/index.php\/wp-json\/wp\/v2\/product_tag?post=9742"}],"curies":[{"name":"wp","href":"https:\/\/api.w.org\/{rel}","templated":true}]}}