{"id":9815,"date":"2024-02-27T14:45:17","date_gmt":"2024-02-27T13:45:17","guid":{"rendered":"https:\/\/fatbike-de.com\/?post_type=product&#038;p=9815"},"modified":"2024-02-27T14:45:34","modified_gmt":"2024-02-27T13:45:34","slug":"sram-xx1-eagle-axs-upgrade-kit","status":"publish","type":"product","link":"https:\/\/fatbike-de.com\/index.php\/product\/sram-xx1-eagle-axs-upgrade-kit\/","title":{"rendered":"SRAM XX1 Eagle AXS Upgrade Kit"},"content":{"rendered":"<h2 class=\"product--title\"><strong>SRAM<\/strong>\u00a0XX1 Eagle AXS Upgrade Kit<\/h2>\n<p>Die SRAM XX1 Eagle\u00a0 Highline 7 Dropper Post Sattelst\u00fctze von Crankbrothers ist aufgrund ihrerer geringen Bauh\u00f6he und internen Kabelverlegung mit einem Schnellverbindungsmechanismus einfach an jedem Fahrrad zu installieren <a href=\"http:\/\/1.1\">und<\/a> bietet eine stufenlose Verstellung, ein geschmeidiges Einfahren, sowie ein schnelles Ausfahren in ihre Ausgangsposition.<\/p>\n<hr \/>\n<h3>Features &#8211; CrankBrothers Highline 7 Dropper Post<\/h3>\n<ul>\n<li>Hydraulische Dropper Post Sattelst\u00fctze mit mechanischer Stealth-Kabelf\u00fchrung<\/li>\n<li>Geschlossene Hydraulik IFP-Kartusche mit zwei Kammern und internen Schwimmkolben<\/li>\n<li>Geringe Einbaul\u00e4nge, somit f\u00fcr viele Rahmen geeignet<\/li>\n<li>Igus LL Gleitlager und F\u00fchrungsbl\u00f6cke, Premium Trellerborg Dichtung<\/li>\n<li>Quick-Connect Mechanismus f\u00fcr vereinfachte Kabelzugmontage<\/li>\n<li>Jagwire Elite Kabel mit Kabelh\u00fclle<\/li>\n<li>Zwei-Schrauben Sattelklemmung<\/li>\n<li><strong>Remote Hebel nicht im Lieferumfang enthalten!<\/strong><\/li>\n<\/ul>\n<h3>Produkteigenschaften<\/h3>\n<ul>\n<li><strong>Einsatzbereich:<\/strong>\u00a0All Mountain, Enduro, Cross Country<strong><br \/> <\/strong><\/li>\n<li><strong>Offset:<\/strong>\u00a00mm<\/li>\n<li><strong>Minimale Aufbauh\u00f6he<\/strong>: 47mm<\/li>\n<li><strong>Zugverlegung<\/strong>: intern<\/li>\n<li><strong>Klemmung:<\/strong>\u00a02-fach-Schraubenklemmung<\/li>\n<li><strong>Kompatible Sattelstreben:\u00a0<\/strong>7 x 7mm (Standard)<\/li>\n<\/ul>\n<h3>Material<\/h3>\n<ul>\n<li><strong>St\u00fctze:<\/strong>\u00a07075-T6 Aluminum<\/li>\n<li><strong>Klemme:<\/strong>\u00a07075-T6 Aluminum<\/li>\n<li><strong>Feder:<\/strong>\u00a07075-T6 Aluminum<\/li>\n<\/ul>\n<h3>Gr\u00f6\u00dfe (Variante w\u00e4hlen)<\/h3>\n<ul>\n<li>30,9 x 367mm \/ 100mm<\/li>\n<li>30,9 x 417mm \/ 125mm<\/li>\n<li>30,9 x 467mm \/ 150mm<\/li>\n<li>30,9 x 507mm \/ 170mm<\/li>\n<li>31,6 x 367mm \/ 100mm<\/li>\n<li>31,6 x 417mm \/ 125mm<\/li>\n<li>31,6 x 467mm \/ 150mm<\/li>\n<li>31,6 x 507mm \/ 170mm<\/li>\n<\/ul>\n<h3>Farbe<\/h3>\n<ul>\n<li>schwarz<\/li>\n<\/ul>\n<h3>Gewicht (Herstellerangabe)<\/h3>\n<ul>\n<li>475g (30,9 \/ 100mm)<\/li>\n<li>490g (31,6 \/ 100mm)<\/li>\n<li>515g (30,9 \/ 125mm)<\/li>\n<li>532g (31,6 \/ 125mm)<\/li>\n<li>551g (30,9 \/ 150mm)<\/li>\n<li>572g (31,6 \/ 150mm)<\/li>\n<li>583g (30,9 \/ 170mm)<\/li>\n<li>604g (31,6 \/ 170mm)<\/li>\n<\/ul>\n<hr \/>\n<h3>Lieferumfang<\/h3>\n<ul>\n<li>1 CrankBrothers Highline 7 Vario-Sattelst\u00fctze<\/li>\n<li>1 Jagwire Elite Kabel mit Kabelh\u00fclle<\/li>\n<\/ul>\n<p><em><strong>Remote Hebel nicht im Lieferumfang enthalten!<\/strong><br \/> <\/em><\/p>\n","protected":false},"excerpt":{"rendered":"<p>SRAM\u00a0XX1 Eagle AXS Upgrade Kit Die SRAM XX1 Eagle\u00a0 Highline 7 Dropper Post Sattelst\u00fctze von Crankbrothers ist aufgrund ihrerer geringen Bauh\u00f6he und internen Kabelverlegung mit einem Schnellverbindungsmechanismus einfach an jedem Fahrrad zu installieren und bietet eine stufenlose Verstellung, ein geschmeidiges Einfahren, sowie ein schnelles Ausfahren in ihre Ausgangsposition. Features &#8211; CrankBrothers Highline 7 Dropper Post Hydraulische Dropper Post Sattelst\u00fctze mit\u2026<\/p>\n","protected":false},"featured_media":9828,"comment_status":"closed","ping_status":"closed","template":"","meta":[],"product_brand":[],"product_cat":[128,123],"product_tag":[],"class_list":{"0":"post-9815","1":"product","2":"type-product","3":"status-publish","4":"has-post-thumbnail","6":"product_cat-mtb-teile","7":"product_cat-teile","9":"first","10":"instock","11":"sale","12":"shipping-taxable","13":"purchasable","14":"product-type-simple"},"_links":{"self":[{"href":"https:\/\/fatbike-de.com\/index.php\/wp-json\/wp\/v2\/product\/9815","targetHints":{"allow":["GET"]}}],"collection":[{"href":"https:\/\/fatbike-de.com\/index.php\/wp-json\/wp\/v2\/product"}],"about":[{"href":"https:\/\/fatbike-de.com\/index.php\/wp-json\/wp\/v2\/types\/product"}],"replies":[{"embeddable":true,"href":"https:\/\/fatbike-de.com\/index.php\/wp-json\/wp\/v2\/comments?post=9815"}],"wp:featuredmedia":[{"embeddable":true,"href":"https:\/\/fatbike-de.com\/index.php\/wp-json\/wp\/v2\/media\/9828"}],"wp:attachment":[{"href":"https:\/\/fatbike-de.com\/index.php\/wp-json\/wp\/v2\/media?parent=9815"}],"wp:term":[{"taxonomy":"product_brand","embeddable":true,"href":"https:\/\/fatbike-de.com\/index.php\/wp-json\/wp\/v2\/product_brand?post=9815"},{"taxonomy":"product_cat","embeddable":true,"href":"https:\/\/fatbike-de.com\/index.php\/wp-json\/wp\/v2\/product_cat?post=9815"},{"taxonomy":"product_tag","embeddable":true,"href":"https:\/\/fatbike-de.com\/index.php\/wp-json\/wp\/v2\/product_tag?post=9815"}],"curies":[{"name":"wp","href":"https:\/\/api.w.org\/{rel}","templated":true}]}}